NOAA-Style Climate Reports

Select a Year or Month report
2018: Jan Feb Mar Apr May Jun Jul Aug Sep Oct Nov Dec
2017: Jan Feb Mar Apr May Jun Jul Aug Sep Oct Nov Dec
2016: Jan Feb Mar Apr May Jun Jul Aug Sep Oct Nov Dec
2015: Jan Feb Mar Apr May Jun Jul Aug Sep Oct Nov Dec
2014: Jan Feb Mar Apr May Jun Jul Aug Sep Oct Nov Dec
2013: Jan Feb Mar Apr May Jun Jul Aug Sep Oct Nov Dec
2012: Jan Feb Mar Apr May Jun Jul Aug Sep Oct Nov Dec
2011: Jan Feb Mar Apr May Jun Jul Aug Sep Oct Nov Dec
2010: Jan Feb Mar Apr May Jun Jul Aug Sep Oct Nov Dec
2009: Jan Feb Mar Apr May Jun Jul Aug Sep Oct Nov Dec
2008: Jan Feb Mar Apr May Jun Jul Aug Sep Oct Nov Dec
2007: Jan Feb Mar Apr May Jun Jul Aug Sep Oct Nov Dec
2006: Jan Feb Mar Apr May Jun Jul Aug Sep Oct Nov Dec
2005: Jan Feb Mar Apr May Jun Jul Aug Sep Oct Nov Dec
2004: Jan Feb Mar Apr May Jun Jul Aug Sep Oct Nov Dec

Report for 2004 March

Daily NOAA report



                            MONTHLY CLIMATOLOGICAL SUMMARY for MAR. 2004

NAME: De Pere Weather   CITY: De Pere STATE: Wisconsin
ELEV: 512 LAT: 044:26:02 LONG: 0088:03:01

                            TEMPERATURE ( °F), RAIN (in.), WIND SPEED (mph)

                                               HEAT     COOL           AVG
      MEAN                                     DEG      DEG            WIND                       DOM
DAY   TEMP    HIGH   TIME     LOW    TIME      DAYS     DAYS    RAIN   SPEED    HIGH    TIME      DIR
--------------------------------------------------------------------------------------------------------
21    35.6   045.4   11:29    26.6   07:31     29.3     00.0   00.00   03.0     19.6    11:29      S 
22    44.7   051.7   14:14    35.2   00:00     20.2     00.0   00.00   02.9     13.8    11:14      NE
23    46.1   062.1   18:28    30.0   05:15     18.8     00.0   00.00   01.9     14.9    16:13      W 
24    41.6   048.6   15:28    33.8   06:13     23.4     00.0   00.00   02.8     11.5    13:29     ENE
25    43.2   047.0   19:29    39.3   01:28     21.8     00.0   00.00   03.2     17.3    17:29      NW
26    44.6   054.1   10:30    34.9   00:00     20.3     00.0   00.00   06.7     33.4    14:29      W 
27    41.3   051.9   15:29    28.7   06:14     23.6     00.0   00.00   05.4     18.4    02:15     WNW
28    62.4   079.6   16:29    44.3   06:29     02.6     00.0   00.00   07.2     31.1    15:13      S 
29    63.3   075.1   11:01    42.6   00:00     01.6     00.0   00.00   07.3     26.4    06:14      SW
31    41.8   042.6   00:03    41.3   21:29     23.2     00.0   00.00   00.2     08.1    00:18     NNE
--------------------------------------------------------------------------------------------------------
46.5 (45.7)   79.6  day 28     26.6  day 19   184.8    000.0   00.00   04.1     33.4   day 28     WSW
Min  .008in) 0 (> .08in) 0 (> 0.8in)