NOAA-Style Climate Reports

Select a Year or Month report
2020: Jan Feb Mar Apr May Jun Jul Aug Sep Oct Nov Dec
2019: Jan Feb Mar Apr May Jun Jul Aug Sep Oct Nov Dec
2018: Jan Feb Mar Apr May Jun Jul Aug Sep Oct Nov Dec
2017: Jan Feb Mar Apr May Jun Jul Aug Sep Oct Nov Dec
2016: Jan Feb Mar Apr May Jun Jul Aug Sep Oct Nov Dec
2015: Jan Feb Mar Apr May Jun Jul Aug Sep Oct Nov Dec
2014: Jan Feb Mar Apr May Jun Jul Aug Sep Oct Nov Dec
2013: Jan Feb Mar Apr May Jun Jul Aug Sep Oct Nov Dec
2012: Jan Feb Mar Apr May Jun Jul Aug Sep Oct Nov Dec
2011: Jan Feb Mar Apr May Jun Jul Aug Sep Oct Nov Dec
2010: Jan Feb Mar Apr May Jun Jul Aug Sep Oct Nov Dec
2009: Jan Feb Mar Apr May Jun Jul Aug Sep Oct Nov Dec
2008: Jan Feb Mar Apr May Jun Jul Aug Sep Oct Nov Dec
2007: Jan Feb Mar Apr May Jun Jul Aug Sep Oct Nov Dec
2006: Jan Feb Mar Apr May Jun Jul Aug Sep Oct Nov Dec
2005: Jan Feb Mar Apr May Jun Jul Aug Sep Oct Nov Dec
2004: Jan Feb Mar Apr May Jun Jul Aug Sep Oct Nov Dec

Report for 2004 December


Daily NOAA report







                            MONTHLY CLIMATOLOGICAL SUMMARY for DEC. 2004



NAME: De Pere Weather   CITY: De Pere STATE: Wisconsin

ELEV: 512 LAT: 044:26:02 LONG: 0088:03:01



                            TEMPERATURE ( °F), RAIN (in.), WIND SPEED (mph)



                                               HEAT     COOL           AVG

      MEAN                                     DEG      DEG            WIND                       DOM

DAY   TEMP    HIGH   TIME     LOW    TIME      DAYS     DAYS    RAIN   SPEED    HIGH    TIME      DIR

--------------------------------------------------------------------------------------------------------

01    29.2   038.5   14:26    22.7   06:30     35.7     00.0   00.00   04.3     18.4    18:28      W 

02    28.1   035.6   16:28    21.8   00:00     36.9     00.0   00.00   04.1     23.0    19:29     WSW

03    23.6   033.7   00:00    13.3   07:59     41.3     00.0   00.00   03.6     21.9    22:18      SW

04    39.0   046.4   15:13    32.4   00:00     26.0     00.0   00.00   05.9     19.6    05:13     WSW

05    30.8   035.5   23:28    26.3   04:29     34.1     00.0   00.00   02.2     11.5    09:28      NE

06    34.7   037.5   00:00    32.1   03:14     30.2     00.0   00.00   01.2     06.9    12:29      E 

07    38.1   039.3   12:14    37.2   21:14     26.8     00.0   00.00   03.1     13.8    14:13      NW

08    36.2   038.9   15:14    34.0   07:14     28.8     00.0   00.00   02.2     13.8    09:15     WSW

09    40.1   044.1   12:21    34.6   01:28     24.8     00.0   00.00   01.6     06.9    14:06      E 

10    38.1   040.8   07:08    33.1   00:00     26.8     00.0   00.00   04.2     13.8    22:09     NNE

11    31.5   034.3   03:10    29.3   23:29     33.5     00.0   00.00   04.3     19.6    04:14      NW

12    32.1   040.1   11:29    26.0   22:13     32.9     00.0   00.00   10.0     34.5    21:20      W 

13    24.7   028.5   12:29    17.5   00:00     40.2     00.0   00.00   09.2     26.4    03:29      NW

14    19.1   025.1   14:00    14.1   07:29     45.8     00.0   00.00   03.3     14.9    11:15      W 

15    29.0   037.2   15:00    20.6   06:19     35.9     00.0   00.00   08.4     28.8    11:14      SW

16    30.2   037.0   12:13    20.6   00:00     34.8     00.0   00.00   06.5     23.0    14:14     WNW

17    22.0   029.3   00:00    12.4   07:29     42.9     00.0   00.00   03.3     26.4    23:29      SW

18    26.1   033.7   11:15    05.2   00:00     38.9     00.0   00.00   06.9     26.4    17:00      NW

19    05.1   011.7   15:06    00.1   07:29     59.9     00.0   00.00   04.7     23.0    03:29      NW

20    14.9   021.4   00:00    06.3   00:08     50.0     00.0   00.00   03.3     14.9    14:14      S 

21    20.1   028.5   10:14    10.2   00:00     44.9     00.0   00.00   05.0     19.6    11:14     WSW

22    04.0   010.2   00:14   -01.0   08:04     60.9     00.0   00.00   03.1     17.3    01:17      W 

23    04.6   014.1   14:02   -04.3   00:00     60.4     00.0   00.00   03.3     14.9    18:17     WNW

24   -05.8   000.7   15:13   -14.0   08:34     70.8     00.0   00.00   02.1     11.5    12:28      SW

25    09.5   015.4   14:13    00.1   00:15     55.5     00.0   00.00   00.3     05.8    20:13      NE

26    11.3   021.6   15:00   -01.2   04:14     53.6     00.0   00.00   01.9     12.7    12:14     NNW

27    13.5   025.8   20:13   -01.6   05:13     51.4     00.0   00.00   00.6     04.6    14:28      SW

28    26.0   031.5   14:29    20.2   00:00     38.9     00.0   00.00   02.4     12.7    05:28      SW

29    26.7   029.8   00:00    19.7   00:28     38.2     00.0   00.00   00.5     06.9    15:14     WSW

30    36.8   050.5   22:30    25.7   04:14     28.2     00.0   00.00   03.9     18.4    22:29     SSE

31    37.4   050.1   00:29    23.2   23:07     27.5     00.0   00.00   08.6     29.9    15:14     WSW

--------------------------------------------------------------------------------------------------------

24.4 (23.9)   50.5  day 30    -14.0  day 24   1256.3    000.0   00.00   04.0     34.5   day 18      W 

Max