NOAA-Style Climate Reports

Select a Year or Month report
2018: Jan Feb Mar Apr May Jun Jul Aug Sep Oct Nov Dec
2017: Jan Feb Mar Apr May Jun Jul Aug Sep Oct Nov Dec
2016: Jan Feb Mar Apr May Jun Jul Aug Sep Oct Nov Dec
2015: Jan Feb Mar Apr May Jun Jul Aug Sep Oct Nov Dec
2014: Jan Feb Mar Apr May Jun Jul Aug Sep Oct Nov Dec
2013: Jan Feb Mar Apr May Jun Jul Aug Sep Oct Nov Dec
2012: Jan Feb Mar Apr May Jun Jul Aug Sep Oct Nov Dec
2011: Jan Feb Mar Apr May Jun Jul Aug Sep Oct Nov Dec
2010: Jan Feb Mar Apr May Jun Jul Aug Sep Oct Nov Dec
2009: Jan Feb Mar Apr May Jun Jul Aug Sep Oct Nov Dec
2008: Jan Feb Mar Apr May Jun Jul Aug Sep Oct Nov Dec
2007: Jan Feb Mar Apr May Jun Jul Aug Sep Oct Nov Dec
2006: Jan Feb Mar Apr May Jun Jul Aug Sep Oct Nov Dec
2005: Jan Feb Mar Apr May Jun Jul Aug Sep Oct Nov Dec
2004: Jan Feb Mar Apr May Jun Jul Aug Sep Oct Nov Dec

Report for 2005

Daily NOAA report



                            YEARLY CLIMATOLOGICAL SUMMARY for Dec 2005

NAME: De Pere Weather   CITY: De Pere STATE: Wisconsin
ELEV: 512 LAT: 044:26:02 LONG: 0088:03:01

                            TEMPERATURE ( °F), RAIN (in.), WIND SPEED (mph)

                                                 HEAT     COOL           AVG
      MEAN                                       DEG      DEG            WIND                        DOM
MTH   TEMP    HIGH   TIME      LOW     TIME      DAYS     DAYS   RAIN    SPEED    HIGH    TIME       DIR
--------------------------------------------------------------------------------------------------------
01    18.4   039.2   14:14   -05.6   08:13    1410.1    0000.0   00.00    03.0     26.4    15:01     WNW
02    27.6   052.3   13:14    04.3   13:43    0972.9    0000.0   00.00    03.0     26.4    22:05     WNW
03    29.8   064.0   15:14    01.3   06:14    1065.7    0000.0   00.00    03.2     27.6    15:13     WNW
04    47.9   081.8   14:29    28.1   05:28    0491.0    0002.6   00.00    02.7     27.6    14:14     WNW
05    54.6   081.1   14:16    34.6   04:30    0316.0    0003.4   00.00    02.1     24.1    17:10     WNW
06    72.2   093.6   16:14    48.5   05:29    0009.1    0199.6   00.00    01.4     27.6    21:28     WNW
07    73.4   095.9   16:22    50.5   05:41    0000.6    0256.2   00.00    01.1     19.6    15:29     WNW
08    71.9   093.6   14:14    51.0   03:30    0009.6    0228.3   00.00    01.3     19.6    05:28     WNW
09    65.8   089.3   16:01    39.6   06:59    0065.2    0087.5   00.00    01.4     26.4    13:20      W 
10    51.4   085.3   16:15    28.5   07:13    0415.1    0026.4   00.00    01.6     29.9    09:22      W 
11    37.5   062.4   14:15    08.6   08:52    0716.1    0000.0   00.00    04.0     41.4    07:32      W 
12    21.1   039.2   14:30   -02.2   07:20    1271.9    0000.0   00.00    02.7     24.1    14:15      W 
--------------------------------------------------------------------------------------------------------
      47.8    95.9            -5.6            6743.3     803.9   00.00     2.3     41.4               W 

Max >=  90.0: 37
Max