NOAA-Style Climate Reports

Select a Year or Month report
2018: Jan Feb Mar Apr May Jun Jul Aug Sep Oct Nov Dec
2017: Jan Feb Mar Apr May Jun Jul Aug Sep Oct Nov Dec
2016: Jan Feb Mar Apr May Jun Jul Aug Sep Oct Nov Dec
2015: Jan Feb Mar Apr May Jun Jul Aug Sep Oct Nov Dec
2014: Jan Feb Mar Apr May Jun Jul Aug Sep Oct Nov Dec
2013: Jan Feb Mar Apr May Jun Jul Aug Sep Oct Nov Dec
2012: Jan Feb Mar Apr May Jun Jul Aug Sep Oct Nov Dec
2011: Jan Feb Mar Apr May Jun Jul Aug Sep Oct Nov Dec
2010: Jan Feb Mar Apr May Jun Jul Aug Sep Oct Nov Dec
2009: Jan Feb Mar Apr May Jun Jul Aug Sep Oct Nov Dec
2008: Jan Feb Mar Apr May Jun Jul Aug Sep Oct Nov Dec
2007: Jan Feb Mar Apr May Jun Jul Aug Sep Oct Nov Dec
2006: Jan Feb Mar Apr May Jun Jul Aug Sep Oct Nov Dec
2005: Jan Feb Mar Apr May Jun Jul Aug Sep Oct Nov Dec
2004: Jan Feb Mar Apr May Jun Jul Aug Sep Oct Nov Dec

Report for 2005 April

Daily NOAA report



                            MONTHLY CLIMATOLOGICAL SUMMARY for APR. 2005

NAME: De Pere Weather   CITY: De Pere STATE: Wisconsin
ELEV: 512 LAT: 044:26:02 LONG: 0088:03:01

                            TEMPERATURE ( °F), RAIN (in.), WIND SPEED (mph)

                                               HEAT     COOL           AVG
      MEAN                                     DEG      DEG            WIND                       DOM
DAY   TEMP    HIGH   TIME     LOW    TIME      DAYS     DAYS    RAIN   SPEED    HIGH    TIME      DIR
--------------------------------------------------------------------------------------------------------
01    42.6   055.0   15:14    33.4   03:14     22.3     00.0   00.00   02.5     21.9    15:17      W 
02    42.5   053.8   16:13    32.8   06:06     22.5     00.0   00.00   02.2     11.5    13:28     NNE
03    44.3   063.2   17:29    28.1   05:28     20.7     00.0   00.00   01.2     11.5    16:14      NW
04    46.1   057.5   14:27    31.6   06:44     18.8     00.0   00.00   02.9     12.7    16:12     ESE
05    59.9   075.4   14:59    44.5   22:26     05.1     00.0   00.00   03.3     19.6    01:29      S 
06    45.1   054.2   13:23    39.3   22:12     19.8     00.0   00.00   03.3     13.8    23:28     NNE
07    50.6   063.1   16:28    41.6   01:29     14.3     00.0   00.00   03.1     18.4    02:13     NNE
08    48.3   061.6   14:29    34.1   06:59     16.6     00.0   00.00   01.6     11.5    14:28     ESE
09    52.0   064.2   13:29    39.6   01:13     12.9     00.0   00.00   02.7     17.3    15:29      SE
10    52.3   069.3   16:08    39.3   05:29     12.7     00.0   00.00   02.2     16.1    16:08     ESE
11    50.5   063.4   15:29    43.2   21:14     14.5     00.0   00.07   03.1     16.1    13:14     ENE
12    45.1   055.4   14:28    37.3   00:00     19.8     00.0   00.00   04.2     17.3    10:13     ENE
13    45.4   058.6   18:03    30.9   06:14     19.6     00.0   00.00   03.0     12.7    14:29      NE
14    48.6   062.9   15:28    33.7   06:14     16.4     00.0   00.00   02.0     11.5    17:14      NE
15    49.0   063.1   14:26    31.3   06:29     15.9     00.0   00.00   01.7     11.5    16:29      SE
16    55.7   070.8   14:15    41.1   06:14     09.2     00.0   00.00   02.6     21.9    16:15      W 
17    54.4   068.3   16:13    44.1   05:30     10.6     00.0   00.00   01.1     11.5    14:22     NNE
18    63.5   081.2   14:29    46.0   05:07     01.4     00.0   00.02   02.5     18.4    17:28      SW
19    67.5   081.8   14:29    57.6   23:29     00.0     02.6   00.71   03.5     23.0    15:14      SW
20    49.5   057.8   00:13    37.9   00:00     15.5     00.0   00.07   03.0     14.9    12:26      NE
21    44.9   056.6   14:29    32.1   05:29     20.0     00.0   00.00   01.4     09.2    16:58     ESE
22    43.4   055.3   14:14    33.4   00:00     21.5     00.0   00.00   03.9     27.6    23:21      NE
23    37.3   044.1   14:14    32.8   02:25     27.6     00.0   00.00   07.9     27.6    09:26      N 
24    42.1   054.5   16:28    33.4   06:14     22.9     00.0   00.00   07.5     26.4    14:29     NNW
25    47.3   063.5   14:28    34.3   06:16     17.7     00.0   00.30   01.8     17.3    15:14     WNW
26    40.9   047.0   14:13    36.8   09:15     24.0     00.0   00.12   01.0     08.1    22:16     NNW
27    39.9   046.4   13:29    34.1   00:00     25.0     00.0   00.01   03.5     18.4    12:13     WNW
28    40.5   047.9   16:13    29.0   06:14     24.4     00.0   00.00   01.4     11.5    15:28     WNW
29    44.3   051.7   10:29    33.5   05:29     20.7     00.0   00.00   01.3     11.5    19:13     WSW
30    43.4   051.3   15:14    33.7   07:15     21.6     00.0   00.00   01.8     17.3    14:14      W 
--------------------------------------------------------------------------------------------------------
47.9 (48.3)   81.8  day 19     28.1  day 03   513.9    002.6   00.00   02.8     27.6   day 24     NNE
Min  .008in) 3 (> .08in) 0 (> 0.8in)