NOAA-Style Climate Reports

Select a Year or Month report
2018: Jan Feb Mar Apr May Jun Jul Aug Sep Oct Nov Dec
2017: Jan Feb Mar Apr May Jun Jul Aug Sep Oct Nov Dec
2016: Jan Feb Mar Apr May Jun Jul Aug Sep Oct Nov Dec
2015: Jan Feb Mar Apr May Jun Jul Aug Sep Oct Nov Dec
2014: Jan Feb Mar Apr May Jun Jul Aug Sep Oct Nov Dec
2013: Jan Feb Mar Apr May Jun Jul Aug Sep Oct Nov Dec
2012: Jan Feb Mar Apr May Jun Jul Aug Sep Oct Nov Dec
2011: Jan Feb Mar Apr May Jun Jul Aug Sep Oct Nov Dec
2010: Jan Feb Mar Apr May Jun Jul Aug Sep Oct Nov Dec
2009: Jan Feb Mar Apr May Jun Jul Aug Sep Oct Nov Dec
2008: Jan Feb Mar Apr May Jun Jul Aug Sep Oct Nov Dec
2007: Jan Feb Mar Apr May Jun Jul Aug Sep Oct Nov Dec
2006: Jan Feb Mar Apr May Jun Jul Aug Sep Oct Nov Dec
2005: Jan Feb Mar Apr May Jun Jul Aug Sep Oct Nov Dec
2004: Jan Feb Mar Apr May Jun Jul Aug Sep Oct Nov Dec

Report for 2005 November

Daily NOAA report



                            MONTHLY CLIMATOLOGICAL SUMMARY for NOV. 2005

NAME: De Pere Weather   CITY: De Pere STATE: Wisconsin
ELEV: 512 LAT: 044:26:02 LONG: 0088:03:01

                            TEMPERATURE ( °F), RAIN (in.), WIND SPEED (mph)

                                               HEAT     COOL           AVG
      MEAN                                     DEG      DEG            WIND                       DOM
DAY   TEMP    HIGH   TIME     LOW    TIME      DAYS     DAYS    RAIN   SPEED    HIGH    TIME      DIR
--------------------------------------------------------------------------------------------------------
01    43.8   051.1   13:47    36.5   07:12     21.1     00.0   00.00   01.1     12.7    13:47     WNW
02    48.6   059.0   14:24    33.2   07:14     16.4     00.0   00.00   03.0     23.0    21:29     SSW
03    51.6   058.1   12:26    46.8   20:02     13.4     00.0   00.00   01.8     17.3    00:20      W 
04    46.0   051.6   14:16    39.3   06:04     19.0     00.0   00.00   01.3     12.7    09:29     WNW
05    47.0   052.3   17:23    40.1   03:29     17.9     00.0   00.00   01.9     13.8    04:00     ESE
06    41.5   049.8   14:14    35.5   08:29     23.4     00.0   00.51   06.1     23.0    05:14     NNW
07    45.2   056.3   15:13    38.9   00:14     19.8     00.0   00.00   01.5     17.3    11:14     WSW
08    46.7   058.6   13:13    33.5   07:16     18.3     00.0   00.00   01.1     17.3    00:00     ESE
09    46.3   055.9   04:41    39.8   00:00     18.6     00.0   00.00   09.8     39.1    13:17     WNW
10    36.9   044.3   15:14    29.1   06:59     28.1     00.0   00.00   02.8     13.8    12:26      W 
11    46.3   058.7   12:36    35.6   05:27     18.6     00.0   00.00   02.2     19.6    14:03      SW
12    54.0   062.4   14:15    46.1   00:28     10.9     00.0   00.07   03.7     14.9    23:31     SSW
13    45.2   058.6   02:14    32.4   00:00     19.7     00.0   00.00   09.7     41.4    06:13     WSW
14    35.1   041.5   20:28    28.2   10:13     29.9     00.0   00.01   00.8     08.1    22:14      SE
15    39.6   042.1   14:13    33.1   00:00     25.3     00.0   00.68   04.1     19.6    22:27      NE
16    27.9   035.5   05:30    16.4   01:00     37.1     00.0   00.05   08.2     29.9    06:14     WNW
17    16.7   020.5   12:29    11.4   07:21     48.2     00.0   00.00   03.6     18.4    02:15      W 
18    26.9   035.3   00:00    18.8   00:29     38.0     00.0   00.01   03.0     17.3    05:33     WSW
19    40.1   044.5   14:14    35.3   00:13     24.8     00.0   00.01   04.7     21.9    05:13     WSW
20    37.3   039.6   12:13    35.2   00:00     27.6     00.0   00.00   03.9     19.6    17:12      W 
21    37.9   044.1   15:00    32.5   23:13     27.0     00.0   00.00   04.6     18.4    06:14     WNW
22    26.7   033.4   00:13    22.2   21:14     38.3     00.0   00.00   02.9     14.9    01:09     NNW
23    31.8   037.8   18:29    23.6   00:00     33.2     00.0   00.06   04.5     34.5    23:28      NW
24    14.2   023.6   00:14    08.6   08:52     50.8     00.0   00.00   08.5     35.6    02:16      NW
25    18.4   024.2   13:30    13.3   05:14     46.6     00.0   00.00   02.6     14.9    01:30      W 
26    25.5   033.2   00:00    18.0   03:14     39.4     00.0   00.00   00.6     05.8    21:26      E 
27    42.3   046.1   00:00    33.2   00:13     22.7     00.0   00.34   02.6     13.8    21:17      SE
28    49.1   055.3   15:14    42.1   00:00     15.9     00.0   00.18   06.6     26.4    10:09     SSE
29    32.9   042.1   00:12    26.7   00:00     32.0     00.0   00.00   06.2     29.9    10:14      SW
30    24.8   028.2   14:10    21.1   08:32     40.2     00.0   00.00   03.3     13.8    07:32     WNW
--------------------------------------------------------------------------------------------------------
37.5 (37.5)   62.4  day 12     08.6  day 24   822.1    000.0   00.00   03.9     41.4   day 24      W 
Max