NOAA-Style Climate Reports

Select a Year or Month report
2018: Jan Feb Mar Apr May Jun Jul Aug Sep Oct Nov Dec
2017: Jan Feb Mar Apr May Jun Jul Aug Sep Oct Nov Dec
2016: Jan Feb Mar Apr May Jun Jul Aug Sep Oct Nov Dec
2015: Jan Feb Mar Apr May Jun Jul Aug Sep Oct Nov Dec
2014: Jan Feb Mar Apr May Jun Jul Aug Sep Oct Nov Dec
2013: Jan Feb Mar Apr May Jun Jul Aug Sep Oct Nov Dec
2012: Jan Feb Mar Apr May Jun Jul Aug Sep Oct Nov Dec
2011: Jan Feb Mar Apr May Jun Jul Aug Sep Oct Nov Dec
2010: Jan Feb Mar Apr May Jun Jul Aug Sep Oct Nov Dec
2009: Jan Feb Mar Apr May Jun Jul Aug Sep Oct Nov Dec
2008: Jan Feb Mar Apr May Jun Jul Aug Sep Oct Nov Dec
2007: Jan Feb Mar Apr May Jun Jul Aug Sep Oct Nov Dec
2006: Jan Feb Mar Apr May Jun Jul Aug Sep Oct Nov Dec
2005: Jan Feb Mar Apr May Jun Jul Aug Sep Oct Nov Dec
2004: Jan Feb Mar Apr May Jun Jul Aug Sep Oct Nov Dec

Report for 2006

Daily NOAA report



                            YEARLY CLIMATOLOGICAL SUMMARY for Dec 2006

NAME: De Pere Weather   CITY: De Pere STATE: Wisconsin
ELEV: 512 LAT: 044:26:02 LONG: 0088:03:01

                            TEMPERATURE ( °F), RAIN (in.), WIND SPEED (mph)

                                                 HEAT     COOL           AVG
      MEAN                                       DEG      DEG            WIND                        DOM
MTH   TEMP    HIGH   TIME      LOW     TIME      DAYS     DAYS   RAIN    SPEED    HIGH    TIME       DIR
--------------------------------------------------------------------------------------------------------
01    30.8   051.3   15:15    14.3   08:31    0986.4    0000.0   00.00    03.1     33.4    14:04      W 
02    20.6   038.0   09:13   -15.1   07:31    0713.8    0000.0   00.00    04.2     29.9    12:03     WNW
03    33.9   064.0   12:22    11.4   06:28    0949.6    0000.0   00.00    02.8     36.8    12:23     WNW
04    49.9   079.8   15:18    26.0   05:32    0417.7    0000.0   00.00    02.8     34.5    20:29      NW
05    58.3   091.0   16:04    33.4   06:16    0257.0    0045.0   00.00    01.8     34.5    04:08     WNW
06    67.0   091.8   14:05    42.1   05:20    0047.7    0092.8   00.00    01.0     24.1    11:14     WNW
07    74.9   099.9   17:18    53.1   06:05    0003.6    0292.5   00.00    01.3     26.4    17:14     WNW
08    69.8   094.0   17:01    50.1   06:17    0004.0    0164.4   00.00    00.8     29.9    15:29     WNW
09    58.5   084.3   14:14    37.6   05:20    0197.1    0017.4   00.00    01.2     28.8    15:14     WNW
10    45.2   075.4   15:29    23.9   07:17    0589.8    0002.2   00.00    02.2     33.4    10:29     WNW
11    39.7   065.5   15:22    18.9   23:23    0712.3    0000.0   00.00    02.3     26.4    08:22     WNW
12    30.5   049.6   14:19    03.7   07:12    1082.9    0000.0   00.00    03.4     26.4    21:29      W 
--------------------------------------------------------------------------------------------------------
      48.9    99.9            -15.1            5961.8     614.2   00.00     2.2     36.8               W 

Max >=  90.0: 24
Max