NOAA-Style Climate Reports

Select a Year or Month report
2018: Jan Feb Mar Apr May Jun Jul Aug Sep Oct Nov Dec
2017: Jan Feb Mar Apr May Jun Jul Aug Sep Oct Nov Dec
2016: Jan Feb Mar Apr May Jun Jul Aug Sep Oct Nov Dec
2015: Jan Feb Mar Apr May Jun Jul Aug Sep Oct Nov Dec
2014: Jan Feb Mar Apr May Jun Jul Aug Sep Oct Nov Dec
2013: Jan Feb Mar Apr May Jun Jul Aug Sep Oct Nov Dec
2012: Jan Feb Mar Apr May Jun Jul Aug Sep Oct Nov Dec
2011: Jan Feb Mar Apr May Jun Jul Aug Sep Oct Nov Dec
2010: Jan Feb Mar Apr May Jun Jul Aug Sep Oct Nov Dec
2009: Jan Feb Mar Apr May Jun Jul Aug Sep Oct Nov Dec
2008: Jan Feb Mar Apr May Jun Jul Aug Sep Oct Nov Dec
2007: Jan Feb Mar Apr May Jun Jul Aug Sep Oct Nov Dec
2006: Jan Feb Mar Apr May Jun Jul Aug Sep Oct Nov Dec
2005: Jan Feb Mar Apr May Jun Jul Aug Sep Oct Nov Dec
2004: Jan Feb Mar Apr May Jun Jul Aug Sep Oct Nov Dec

Report for 2006 May

Daily NOAA report



                            MONTHLY CLIMATOLOGICAL SUMMARY for MAY. 2006

NAME: De Pere Weather   CITY: De Pere STATE: Wisconsin
ELEV: 512 LAT: 044:26:02 LONG: 0088:03:01

                            TEMPERATURE ( °F), RAIN (in.), WIND SPEED (mph)

                                               HEAT     COOL           AVG
      MEAN                                     DEG      DEG            WIND                       DOM
DAY   TEMP    HIGH   TIME     LOW    TIME      DAYS     DAYS    RAIN   SPEED    HIGH    TIME      DIR
--------------------------------------------------------------------------------------------------------
01    53.5   056.7   17:27    51.0   03:12     11.4     00.0   00.06   03.6     19.6    12:21      SE
02    59.8   070.4   16:20    51.3   00:00     05.1     00.0   00.01   00.8     11.5    12:21     WSW
03    63.4   075.6   16:02    49.8   04:19     01.5     00.0   00.00   03.2     26.4    12:27     WSW
04    57.1   066.9   14:29    45.7   06:09     07.8     00.0   00.00   03.2     21.9    16:14     WNW
05    49.0   052.8   15:05    41.1   23:19     15.9     00.0   00.02   01.7     16.1    12:28      NW
06    48.0   062.3   16:19    33.4   06:16     16.9     00.0   00.01   02.1     18.4    16:14      S 
07    61.1   073.0   15:11    47.7   00:14     03.8     00.0   00.00   03.2     19.6    16:06      SW
08    62.1   072.0   14:00    49.6   04:17     02.9     00.0   00.00   02.1     26.4    13:00     SSW
09    58.7   062.0   14:02    56.2   00:00     06.3     00.0   00.14   00.7     11.5    09:27      S 
10    60.8   068.6   16:08    53.5   00:00     04.2     00.0   00.00   01.2     14.9    23:23     WSW
11    43.0   053.5   00:08    38.3   21:04     21.9     00.0   01.95   07.1     34.5    12:14     NNW
12    41.8   044.9   17:17    38.0   05:24     23.1     00.0   01.13   01.6     23.0    01:21     NNE
13    44.7   050.1   15:05    39.6   05:21     20.2     00.0   00.25   00.7     11.5    18:21     ENE
14    50.0   053.5   18:13    47.3   00:06     15.0     00.0   00.36   01.8     18.4    16:23     NNE
15    52.8   058.4   18:01    49.1   23:13     12.1     00.0   00.09   01.6     13.8    14:21      N 
16    61.0   075.6   15:26    50.1   00:13     04.0     00.0   00.05   01.1     16.1    16:16      NW
17    53.7   064.3   12:14    46.1   00:00     11.2     00.0   00.39   00.6     18.4    12:28      NW
18    51.6   059.3   18:19    45.7   00:10     13.4     00.0   00.00   03.4     27.6    15:05     NNW
19    52.8   066.3   16:29    41.9   06:03     12.1     00.0   00.00   01.2     17.3    12:22     NNW
20    54.9   073.5   14:10    38.8   04:21     10.1     00.0   00.04   02.6     26.4    15:14     WNW
21    48.6   061.3   16:04    39.6   05:27     16.3     00.0   00.00   02.1     19.6    13:14     NNW
22    51.8   066.0   16:15    35.6   05:25     13.1     00.0   00.00   01.0     12.7    16:20      SW
23    59.5   075.4   16:19    40.1   05:25     05.5     00.0   00.00   01.1     12.7    16:29      SW
24    63.6   076.0   14:12    52.9   02:19     01.4     00.0   00.28   01.3     26.4    21:08      S 
25    64.0   073.7   16:11    57.2   00:00     00.9     00.0   00.00   00.3     05.8    19:14      NW
26    68.5   081.4   17:24    56.7   04:00     00.0     03.5   00.00   00.7     08.1    08:29      NE
27    67.9   080.7   14:29    53.6   05:24     00.0     03.0   00.02   01.4     14.9    15:14      SE
28    77.1   091.0   16:04    64.7   04:09     00.0     12.2   00.40   01.8     26.4    02:08      S 
29    81.5   090.3   17:01    72.5   05:21     00.0     16.6   00.00   01.4     17.3    12:28      SW
30    74.7   081.2   17:19    64.5   02:07     00.0     09.7   00.00   00.7     12.7    10:07      SW
31    69.1   078.8   16:14    59.5   06:13     00.0     04.2   00.67   01.0     12.7    04:08     NNE
--------------------------------------------------------------------------------------------------------
58.3 (58.5)   91.0  day 28     33.4  day 06   256.1    049.1   00.00   01.8     34.5   day 11      W 
Max >=  86: 2
Min  .008in) 10 (> .08in) 2 (> 0.8in)