NOAA-Style Climate Reports

Select a Year or Month report
2018: Jan Feb Mar Apr May Jun Jul Aug Sep Oct Nov Dec
2017: Jan Feb Mar Apr May Jun Jul Aug Sep Oct Nov Dec
2016: Jan Feb Mar Apr May Jun Jul Aug Sep Oct Nov Dec
2015: Jan Feb Mar Apr May Jun Jul Aug Sep Oct Nov Dec
2014: Jan Feb Mar Apr May Jun Jul Aug Sep Oct Nov Dec
2013: Jan Feb Mar Apr May Jun Jul Aug Sep Oct Nov Dec
2012: Jan Feb Mar Apr May Jun Jul Aug Sep Oct Nov Dec
2011: Jan Feb Mar Apr May Jun Jul Aug Sep Oct Nov Dec
2010: Jan Feb Mar Apr May Jun Jul Aug Sep Oct Nov Dec
2009: Jan Feb Mar Apr May Jun Jul Aug Sep Oct Nov Dec
2008: Jan Feb Mar Apr May Jun Jul Aug Sep Oct Nov Dec
2007: Jan Feb Mar Apr May Jun Jul Aug Sep Oct Nov Dec
2006: Jan Feb Mar Apr May Jun Jul Aug Sep Oct Nov Dec
2005: Jan Feb Mar Apr May Jun Jul Aug Sep Oct Nov Dec
2004: Jan Feb Mar Apr May Jun Jul Aug Sep Oct Nov Dec

Report for 2006 November

Daily NOAA report



                            MONTHLY CLIMATOLOGICAL SUMMARY for NOV. 2006

NAME: De Pere Weather   CITY: De Pere STATE: Wisconsin
ELEV: 512 LAT: 044:26:02 LONG: 0088:03:01

                            TEMPERATURE ( °F), RAIN (in.), WIND SPEED (mph)

                                               HEAT     COOL           AVG
      MEAN                                     DEG      DEG            WIND                       DOM
DAY   TEMP    HIGH   TIME     LOW    TIME      DAYS     DAYS    RAIN   SPEED    HIGH    TIME      DIR
--------------------------------------------------------------------------------------------------------
01    30.6   037.8   14:20    23.9   07:02     34.4     00.0   00.00   04.8     26.4    11:21      W 
02    30.4   035.2   13:23    25.8   00:00     34.5     00.0   00.00   04.9     25.3    13:08     WNW
03    28.5   036.2   14:13    21.8   05:04     36.4     00.0   00.00   02.0     17.3    10:14      W 
04    39.3   043.5   19:07    30.6   00:01     25.7     00.0   00.00   00.7     11.5    23:00      S 
05    44.6   057.8   14:23    34.1   07:05     20.3     00.0   00.00   01.6     11.5    15:14      SW
06    45.6   052.9   13:00    37.9   06:14     19.3     00.0   00.00   01.4     12.7    11:06      SW
07    47.5   056.2   14:28    40.5   01:14     17.4     00.0   00.00   00.9     08.1    12:29     WSW
08    57.0   065.5   15:22    47.4   00:03     07.9     00.0   00.02   04.3     21.9    14:07      SW
09    50.3   057.8   00:02    37.0   00:00     14.7     00.0   00.00   03.0     19.6    09:22      NW
10    34.8   037.3   12:28    32.2   16:28     30.2     00.0   00.03   02.9     18.4    13:28      N 
11    33.5   036.0   12:04    31.0   05:09     31.5     00.0   67.75   02.5     16.1    12:07     NNW
12    36.0   040.3   11:27    28.8   04:07     29.0     00.0   00.07   02.0     13.8    15:21      SE
13    37.3   038.6   00:05    36.3   06:21     27.6     00.0   00.01   01.8     13.8    08:21     WSW
14    38.7   041.5   13:01    36.2   07:06     26.2     00.0   00.00   00.8     08.1    10:21     NNE
15    39.9   044.3   12:28    36.8   07:04     25.0     00.0   00.00   01.9     17.3    13:07     NNE
16    37.7   040.1   13:15    35.8   02:19     27.2     00.0   00.00   04.7     19.6    10:29      N 
17    37.2   040.8   14:14    35.0   07:14     27.8     00.0   00.00   00.8     11.5    00:28      NW
18    37.3   039.9   11:14    34.7   03:28     27.6     00.0   00.00   02.0     16.1    21:14     NNW
19    35.3   041.5   14:29    28.4   23:05     29.7     00.0   00.00   02.6     17.3    08:29      NW
20    32.5   040.1   15:03    23.9   07:14     32.4     00.0   00.00   00.9     11.5    00:00     WNW
21    42.0   050.8   14:11    33.8   00:18     23.0     00.0   00.00   04.5     24.1    13:22      SW
22    42.6   053.9   14:23    34.3   07:04     22.4     00.0   00.01   01.6     13.8    21:14     SSW
23    42.1   054.1   14:29    35.6   07:09     22.8     00.0   00.00   01.0     08.1    01:20      SW
24    44.5   055.4   14:22    33.8   05:02     20.5     00.0   00.00   01.5     13.8    12:28      S 
25    41.5   049.8   12:17    35.8   05:28     23.5     00.0   00.00   00.2     05.8    10:28      N 
26    43.5   047.7   12:13    38.3   00:04     21.4     00.0   00.03   00.6     08.1    13:29      NE
27    41.4   043.9   00:04    39.6   20:18     23.6     00.0   00.24   02.4     16.1    12:20      NE
28    50.7   057.8   22:27    40.2   00:04     14.2     00.0   00.40   02.6     18.4    23:05      S 
29    45.2   058.4   01:11    33.4   00:00     19.7     00.0   00.12   04.4     26.4    01:21      W 
30    22.9   033.4   00:02    19.1   23:07     42.1     00.0   00.00   04.8     18.4    08:22     NNW
--------------------------------------------------------------------------------------------------------
39.7 (39.8)   65.5  day 08     18.9  day 30   757.9    000.0   00.00   02.3     26.5   day 01     WNW
Min  .08in) 1 (> 0.8in)