NOAA-Style Climate Reports

Select a Year or Month report
2018: Jan Feb Mar Apr May Jun Jul Aug Sep Oct Nov Dec
2017: Jan Feb Mar Apr May Jun Jul Aug Sep Oct Nov Dec
2016: Jan Feb Mar Apr May Jun Jul Aug Sep Oct Nov Dec
2015: Jan Feb Mar Apr May Jun Jul Aug Sep Oct Nov Dec
2014: Jan Feb Mar Apr May Jun Jul Aug Sep Oct Nov Dec
2013: Jan Feb Mar Apr May Jun Jul Aug Sep Oct Nov Dec
2012: Jan Feb Mar Apr May Jun Jul Aug Sep Oct Nov Dec
2011: Jan Feb Mar Apr May Jun Jul Aug Sep Oct Nov Dec
2010: Jan Feb Mar Apr May Jun Jul Aug Sep Oct Nov Dec
2009: Jan Feb Mar Apr May Jun Jul Aug Sep Oct Nov Dec
2008: Jan Feb Mar Apr May Jun Jul Aug Sep Oct Nov Dec
2007: Jan Feb Mar Apr May Jun Jul Aug Sep Oct Nov Dec
2006: Jan Feb Mar Apr May Jun Jul Aug Sep Oct Nov Dec
2005: Jan Feb Mar Apr May Jun Jul Aug Sep Oct Nov Dec
2004: Jan Feb Mar Apr May Jun Jul Aug Sep Oct Nov Dec

Report for 2007 March

Daily NOAA report



                            MONTHLY CLIMATOLOGICAL SUMMARY for MAR. 2007

NAME: De Pere Weather   CITY: De Pere STATE: Wisconsin
ELEV: 512 LAT: 044:26:02 LONG: 0088:03:01

                            TEMPERATURE ( °F), RAIN (in.), WIND SPEED (mph)

                                               HEAT     COOL           AVG
      MEAN                                     DEG      DEG            WIND                       DOM
DAY   TEMP    HIGH   TIME     LOW    TIME      DAYS     DAYS    RAIN   SPEED    HIGH    TIME      DIR
--------------------------------------------------------------------------------------------------------
01    30.0   031.2   15:11    27.2   09:01     34.9     00.0   09.83   03.2     25.3    14:15      E 
02    28.5   030.9   16:04    24.1   00:00     36.5     00.0   09.84   00.2     11.5    16:04      NW
03    22.0   026.2   14:09    17.1   00:00     42.9     00.0   00.00   03.6     20.7    18:14      NW
04    20.8   029.3   17:02    08.5   06:07     44.2     00.0   00.00   05.2     21.9    17:07      W 
05    17.2   027.7   00:04    02.7   00:00     47.7     00.0   00.00   05.3     19.6    14:14     NNW
06    08.6   016.8   14:20   -01.6   05:25     56.4     00.0   00.00   00.3     05.8    21:27      NE
07    13.2   022.3   14:02    01.4   06:20     51.8     00.0   98.97   01.5     11.5    12:24     WNW
08    19.8   029.0   14:11    07.8   06:12     45.1     00.0   98.98   02.1     16.1    14:14      SW
09    36.6   045.7   14:09    26.2   00:02     28.4     00.0   00.04   03.3     18.4    08:14      SW
10    37.0   046.4   14:24    28.8   06:06     28.0     00.0   00.00   03.4     19.6    13:21      W 
11    36.4   046.7   14:18    26.8   05:24     28.5     00.0   00.00   03.2     14.9    15:29      SW
12    44.4   054.7   15:09    36.3   03:10     20.6     00.0   00.12   04.2     19.6    04:20      SW
13    49.6   059.4   16:01    40.6   03:21     15.4     00.0   00.00   04.8     25.3    17:01     WSW
14    42.3   050.9   11:05    35.3   07:19     22.6     00.0   00.00   01.9     18.4    16:00     NNW
15    23.4   036.9   00:05    17.8   07:19     41.5     00.0   00.00   03.7     17.3    12:24      NE
16    24.7   031.8   16:17    19.6   06:19     40.3     00.0   00.00   02.4     13.8    13:17     NNE
17    26.4   037.8   17:14    15.4   07:00     38.6     00.0   00.00   01.0     13.8    13:14     NNW
18    29.5   041.5   16:26    17.8   07:09     35.4     00.0   00.00   01.9     17.3    23:00      S 
19    38.7   049.4   14:10    26.6   00:00     26.2     00.0   00.06   05.6     27.6    00:22     WNW
20    25.8   033.9   17:14    16.5   07:02     39.2     00.0   00.00   03.5     13.8    12:07      E 
21    39.8   057.3   00:00    29.7   00:01     25.2     00.0   00.25   03.3     21.9    21:24     SSE
22    47.9   057.3   01:04    36.9   23:03     17.1     00.0   00.21   05.5     26.4    14:22     WNW
23    45.5   057.7   16:00    31.5   06:29     19.5     00.0   00.00   02.2     13.8    14:15     SSE
24    50.4   060.3   16:27    43.5   07:03     14.6     00.0   00.00   01.5     11.5    15:22     WSW
25    57.5   068.6   17:14    48.6   04:14     07.4     00.0   00.07   03.0     26.4    00:00     SSE
26    67.3   078.6   17:14    57.1   07:11     00.0     02.4   00.01   03.9     27.6    00:24      W 
27    50.7   062.4   00:04    38.2   00:00     14.3     00.0   00.00   04.5     21.9    17:16      NE
28    40.8   043.1   13:09    38.2   00:09     24.2     00.0   00.01   02.9     19.6    12:09     ENE
29    46.9   055.6   16:05    38.8   06:24     18.0     00.0   00.00   02.8     19.6    13:15     ESE
30    40.0   046.0   01:03    37.2   20:04     24.9     00.0   00.06   02.8     13.8    15:03     NNE
--------------------------------------------------------------------------------------------------------
35.4 (35.5)   78.6  day 26    -01.6  day 06   889.1    002.4   00.00   03.1     27.6   day 19      W 
Max