NOAA-Style Climate Reports

Select a Year or Month report
2018: Jan Feb Mar Apr May Jun Jul Aug Sep Oct Nov Dec
2017: Jan Feb Mar Apr May Jun Jul Aug Sep Oct Nov Dec
2016: Jan Feb Mar Apr May Jun Jul Aug Sep Oct Nov Dec
2015: Jan Feb Mar Apr May Jun Jul Aug Sep Oct Nov Dec
2014: Jan Feb Mar Apr May Jun Jul Aug Sep Oct Nov Dec
2013: Jan Feb Mar Apr May Jun Jul Aug Sep Oct Nov Dec
2012: Jan Feb Mar Apr May Jun Jul Aug Sep Oct Nov Dec
2011: Jan Feb Mar Apr May Jun Jul Aug Sep Oct Nov Dec
2010: Jan Feb Mar Apr May Jun Jul Aug Sep Oct Nov Dec
2009: Jan Feb Mar Apr May Jun Jul Aug Sep Oct Nov Dec
2008: Jan Feb Mar Apr May Jun Jul Aug Sep Oct Nov Dec
2007: Jan Feb Mar Apr May Jun Jul Aug Sep Oct Nov Dec
2006: Jan Feb Mar Apr May Jun Jul Aug Sep Oct Nov Dec
2005: Jan Feb Mar Apr May Jun Jul Aug Sep Oct Nov Dec
2004: Jan Feb Mar Apr May Jun Jul Aug Sep Oct Nov Dec

Report for 2007 December

Daily NOAA report



                            MONTHLY CLIMATOLOGICAL SUMMARY for DEC. 2007

NAME: De Pere Weather   CITY: De Pere STATE: Wisconsin
ELEV: 512 LAT: 044:26:02 LONG: 0088:03:01

                            TEMPERATURE ( °F), RAIN (in.), WIND SPEED (mph)

                                               HEAT     COOL           AVG
      MEAN                                     DEG      DEG            WIND                       DOM
DAY   TEMP    HIGH   TIME     LOW    TIME      DAYS     DAYS    RAIN   SPEED    HIGH    TIME      DIR
--------------------------------------------------------------------------------------------------------
01    18.5   031.5   00:00    05.9   01:19     46.4     00.0   00.00   02.2     19.6    23:05      SE
02    32.7   034.5   13:26    27.7   00:00     32.2     00.0   00.31   03.9     25.3    20:14     WNW
03    24.0   029.1   01:27    20.0   19:26     41.0     00.0   00.00   05.0     25.3    03:06     WNW
04    20.2   024.7   13:20    15.4   06:23     44.7     00.0   00.00   01.2     10.3    23:29     NNE
05    14.8   019.3   01:07    04.8   22:26     50.1     00.0   00.00   03.6     19.6    10:08     NNW
06    11.2   021.4   00:00   -00.9   07:21     53.8     00.0   00.00   03.0     16.1    23:00      SW
07    20.7   025.6   09:14    08.3   00:00     44.2     00.0   00.00   03.7     19.6    11:29      W 
08    09.2   015.4   23:29    01.0   07:15     55.7     00.0   00.00   00.8     10.3    09:00      W 
09    16.8   019.3   12:20    13.9   04:29     48.1     00.0   00.00   01.2     09.2    19:29     WNW
10    18.2   025.4   00:00    10.4   07:22     46.7     00.0   00.00   01.4     12.7    23:16      W 
11    26.0   027.5   15:11    21.2   00:00     39.0     00.0   00.00   03.4     19.6    22:24      W 
12    15.5   021.4   14:15    07.8   07:04     49.5     00.0   00.00   00.8     11.5    14:21     WSW
13    24.4   029.9   19:23    16.7   00:04     40.5     00.0   00.00   04.8     21.9    21:28     WSW
14    13.5   018.4   14:19    07.3   23:20     51.5     00.0   00.00   01.7     17.3    09:20     NNW
15    19.5   025.4   14:10    07.4   00:04     45.4     00.0   00.00   00.8     10.3    00:00     NNE
16    19.6   024.3   13:25    14.6   08:11     45.4     00.0   00.00   03.9     19.6    14:29      NW
17    17.5   020.8   14:10    16.0   08:17     47.4     00.0   00.00   04.7     17.3    12:14     WSW
18    25.3   036.2   13:00    14.4   07:17     39.7     00.0   00.03   02.2     17.3    01:05     WSW
19    24.8   031.5   14:12    16.2   00:00     40.1     00.0   00.00   01.6     17.3    01:06     WNW
20    27.7   036.2   13:25    15.2   01:18     37.2     00.0   00.29   01.4     13.8    14:20     SSE
21    35.0   035.9   00:00    34.2   18:29     29.9     00.0   00.02   00.7     10.3    06:14     SSE
22    38.1   041.6   23:10    34.8   02:25     26.8     00.0   00.07   01.2     13.8    22:20     SSE
23    23.2   044.4   05:21    12.1   12:21     41.7     00.0   00.27   09.4     34.5    15:16     WSW
24    20.1   022.8   15:29    12.3   00:00     44.9     00.0   00.00   04.1     26.4    00:21      W 
25    24.2   034.3   14:22    11.4   03:17     40.7     00.0   00.00   02.2     16.1    12:15      SW
26    29.9   039.9   15:03    20.0   06:13     35.0     00.0   00.02   00.1     05.8    13:21      W 
27    27.5   031.8   00:10    17.4   23:21     37.5     00.0   00.02   01.4     16.1    13:08      NW
28    24.1   028.7   14:11    17.8   00:24     40.8     00.0   00.00   01.2     10.3    21:14      N 
29    19.3   023.8   14:22    12.1   07:10     45.6     00.0   00.00   01.5     11.5    13:07      W 
30    20.7   023.4   05:14    16.8   08:10     44.2     00.0   00.00   00.6     08.1    04:30     WSW
31    21.6   024.4   14:04    17.4   04:12     43.3     00.0   00.00   00.7     11.5    11:00     WNW
--------------------------------------------------------------------------------------------------------
22.1 (21.3)   44.4  day 23    -00.9  day 06   1329.1    000.0   00.00   02.4     34.5   day 23      W 
Max