NOAA-Style Climate Reports

Select a Year or Month report
2018: Jan Feb Mar Apr May Jun Jul Aug Sep Oct Nov Dec
2017: Jan Feb Mar Apr May Jun Jul Aug Sep Oct Nov Dec
2016: Jan Feb Mar Apr May Jun Jul Aug Sep Oct Nov Dec
2015: Jan Feb Mar Apr May Jun Jul Aug Sep Oct Nov Dec
2014: Jan Feb Mar Apr May Jun Jul Aug Sep Oct Nov Dec
2013: Jan Feb Mar Apr May Jun Jul Aug Sep Oct Nov Dec
2012: Jan Feb Mar Apr May Jun Jul Aug Sep Oct Nov Dec
2011: Jan Feb Mar Apr May Jun Jul Aug Sep Oct Nov Dec
2010: Jan Feb Mar Apr May Jun Jul Aug Sep Oct Nov Dec
2009: Jan Feb Mar Apr May Jun Jul Aug Sep Oct Nov Dec
2008: Jan Feb Mar Apr May Jun Jul Aug Sep Oct Nov Dec
2007: Jan Feb Mar Apr May Jun Jul Aug Sep Oct Nov Dec
2006: Jan Feb Mar Apr May Jun Jul Aug Sep Oct Nov Dec
2005: Jan Feb Mar Apr May Jun Jul Aug Sep Oct Nov Dec
2004: Jan Feb Mar Apr May Jun Jul Aug Sep Oct Nov Dec

Report for 2008 January

Daily NOAA report



                            MONTHLY CLIMATOLOGICAL SUMMARY for JAN. 2008

NAME: De Pere Weather   CITY: De Pere STATE: Wisconsin
ELEV: 512 LAT: 044:26:02 LONG: 0088:03:01

                            TEMPERATURE ( °F), RAIN (in.), WIND SPEED (mph)

                                               HEAT     COOL           AVG
      MEAN                                     DEG      DEG            WIND                       DOM
DAY   TEMP    HIGH   TIME     LOW    TIME      DAYS     DAYS    RAIN   SPEED    HIGH    TIME      DIR
--------------------------------------------------------------------------------------------------------
01    16.2   021.2   00:10    05.3   22:09     48.7     00.0   00.00   04.6     19.6    12:16      NW
02    13.7   019.6   14:14    02.7   00:00     51.3     00.0   00.00   02.6     16.1    08:12      NW
03    10.0   019.3   16:09   -01.2   07:01     54.9     00.0   00.00   06.4     29.9    16:08      SW
04    23.4   029.4   14:24    16.3   01:25     41.5     00.0   00.00   03.5     19.6    11:07      SW
05    34.9   037.9   00:00    27.2   02:01     30.1     00.0   00.18   02.4     13.8    12:30     SSW
06    40.2   045.0   16:06    36.2   04:24     24.7     00.0   00.00   01.2     11.5    17:31     SSW
07    35.9   038.8   00:04    34.0   08:09     29.1     00.0   00.45   00.4     10.3    11:22      NW
08    34.4   035.3   00:00    32.1   17:04     30.5     00.0   00.56   02.0     13.8    23:30      NW
09    29.8   035.3   00:03    26.2   23:09     35.2     00.0   00.00   02.9     19.6    08:13     WNW
10    32.7   038.5   12:24    26.0   01:17     32.3     00.0   00.00   01.9     16.1    21:29     ENE
11    30.7   034.0   12:02    26.3   00:00     34.3     00.0   00.14   02.0     12.7    14:06     WNW
12    27.6   030.0   12:22    25.1   02:04     37.3     00.0   02.37   00.6     09.2    01:09      W 
13    30.4   031.8   14:19    26.8   00:00     34.5     00.0   98.92   01.7     13.8    20:15      NW
14    24.1   027.5   14:10    19.2   19:27     40.8     00.0   98.98   03.2     13.8    15:29     WNW
15    21.8   027.1   13:29    17.6   00:00     43.1     00.0   98.90   01.7     11.5    03:12      W 
16    26.4   033.7   12:28    15.9   03:08     38.5     00.0   00.04   02.0     14.9    13:05     SSW
17    25.7   032.5   12:02    06.7   00:00     39.2     00.0   00.07   03.0     26.4    21:14     WSW
18    05.8   012.6   15:05   -00.9   00:00     59.2     00.0   00.00   05.0     19.6    09:14      W 
19   -06.9   -000.9   00:04   -12.2   08:04     71.8     00.0   00.00   05.1     19.6    14:14     WNW
20   -06.3   000.3   15:17   -13.2   07:19     71.3     00.0   00.00   03.6     19.6    14:21      W 
21    02.2   007.3   15:04   -04.5   03:02     62.8     00.0   00.00   01.3     11.5    11:27     WSW
22    06.6   010.9   14:21    02.4   19:17     58.3     00.0   00.00   03.3     19.6    14:06      W 
23    02.0   009.0   14:28   -04.9   07:20     62.9     00.0   00.00   01.2     11.5    16:08      W 
24   -01.2   005.5   15:26   -07.3   04:19     66.1     00.0   00.00   03.1     16.1    21:23      W 
25    05.1   014.9   00:00   -05.1   06:24     59.8     00.0   00.00   04.1     17.3    13:22      SW
26    19.1   026.6   13:30    13.9   00:00     45.9     00.0   00.04   00.5     09.2    02:06     WSW
27    19.0   023.1   13:02    13.0   01:00     45.9     00.0   00.00   01.3     11.5    11:14     WSW
28    36.0   043.6   13:30    21.5   00:21     28.9     00.0   00.35   02.6     20.7    23:30      S 
29    28.8   039.1   00:09   -00.1   00:00     36.2     00.0   00.06   06.0     31.1    21:23      W 
30   -05.5   000.5   15:20   -13.2   07:27     70.4     00.0   00.00   07.7     33.4    00:15     WNW
31    03.2   011.9   23:11   -05.8   06:01     61.7     00.0   00.00   00.9     06.9    22:29     NNW
--------------------------------------------------------------------------------------------------------
18.3 (17.2)   45.0  day 06    -13.2  day 30   1447.1    000.0   00.00   02.8     33.4   day 29      W 
Max