NOAA-Style Climate Reports

Select a Year or Month report
2018: Jan Feb Mar Apr May Jun Jul Aug Sep Oct Nov Dec
2017: Jan Feb Mar Apr May Jun Jul Aug Sep Oct Nov Dec
2016: Jan Feb Mar Apr May Jun Jul Aug Sep Oct Nov Dec
2015: Jan Feb Mar Apr May Jun Jul Aug Sep Oct Nov Dec
2014: Jan Feb Mar Apr May Jun Jul Aug Sep Oct Nov Dec
2013: Jan Feb Mar Apr May Jun Jul Aug Sep Oct Nov Dec
2012: Jan Feb Mar Apr May Jun Jul Aug Sep Oct Nov Dec
2011: Jan Feb Mar Apr May Jun Jul Aug Sep Oct Nov Dec
2010: Jan Feb Mar Apr May Jun Jul Aug Sep Oct Nov Dec
2009: Jan Feb Mar Apr May Jun Jul Aug Sep Oct Nov Dec
2008: Jan Feb Mar Apr May Jun Jul Aug Sep Oct Nov Dec
2007: Jan Feb Mar Apr May Jun Jul Aug Sep Oct Nov Dec
2006: Jan Feb Mar Apr May Jun Jul Aug Sep Oct Nov Dec
2005: Jan Feb Mar Apr May Jun Jul Aug Sep Oct Nov Dec
2004: Jan Feb Mar Apr May Jun Jul Aug Sep Oct Nov Dec

Report for 2008 March

Daily NOAA report



                            MONTHLY CLIMATOLOGICAL SUMMARY for MAR. 2008

NAME: De Pere Weather   CITY: De Pere STATE: Wisconsin
ELEV: 512 LAT: 044:26:02 LONG: 0088:03:01

                            TEMPERATURE ( °F), RAIN (in.), WIND SPEED (mph)

                                               HEAT     COOL           AVG
      MEAN                                     DEG      DEG            WIND                       DOM
DAY   TEMP    HIGH   TIME     LOW    TIME      DAYS     DAYS    RAIN   SPEED    HIGH    TIME      DIR
--------------------------------------------------------------------------------------------------------
01    18.1   025.1   14:26    07.1   06:20     46.8     00.0   00.00   01.2     11.5    09:06      W 
02    35.1   044.8   23:20    22.0   00:03     29.9     00.0   00.54   03.9     19.6    23:20     SSE
03    28.0   043.3   00:04    15.1   00:00     37.0     00.0   00.05   03.8     17.3    13:25     WNW
04    16.3   022.0   13:28    09.7   04:04     48.6     00.0   00.00   02.7     16.1    11:05     NNE
05    22.7   029.4   15:18    15.5   06:09     42.2     00.0   00.06   02.3     12.7    18:14     WSW
06    17.9   025.7   02:04    08.0   00:00     47.0     00.0   00.00   04.6     19.6    15:21     WNW
07    08.5   015.9   13:32    02.4   22:28     56.4     00.0   00.00   01.6     14.9    10:34      N 
08    10.3   019.2   15:19    00.7   06:09     54.6     00.0   00.00   01.8     12.7    13:06     NNE
09    15.1   025.6   14:34    04.8   03:59     49.9     00.0   00.00   00.4     06.9    15:27      E 
10    19.6   031.1   16:07    04.8   07:10     45.4     00.0   00.00   02.3     17.3    14:29     WSW
11    29.3   041.8   17:22    18.4   07:18     35.6     00.0   00.00   05.1     21.9    13:14     WSW
12    30.4   030.9   23:58    28.4   20:29     34.5     00.0   00.00   02.0     10.3    19:00      SE
13    37.5   047.6   17:20    30.8   00:04     27.5     00.0   00.04   02.6     18.4    11:07     WSW
14    37.6   043.6   10:17    33.6   00:00     27.4     00.0   00.00   03.4     19.6    12:05      W 
15    29.5   033.9   16:08    21.9   00:00     35.5     00.0   00.00   01.4     10.3    14:23     NNE
16    22.4   029.0   17:02    15.1   07:15     42.6     00.0   00.00   01.7     12.7    16:06      NE
17    26.8   034.3   12:22    16.0   02:33     38.1     00.0   00.00   01.4     16.1    14:24     ESE
18    34.5   039.3   14:08    30.3   01:04     30.4     00.0   00.07   01.4     12.7    16:24     WNW
19    38.2   045.5   16:05    33.1   00:00     26.7     00.0   00.00   03.0     18.4    17:20      NW
20    31.0   039.1   15:25    23.7   07:14     34.0     00.0   00.00   02.2     13.8    09:22      NW
21    26.9   029.7   14:08    24.4   06:09     38.0     00.0   00.00   03.0     18.4    11:14     ENE
22    27.2   035.3   16:27    20.1   06:29     37.8     00.0   00.00   02.5     17.3    13:00      NE
23    26.3   035.8   11:16    19.2   23:06     38.6     00.0   00.00   01.5     17.3    14:01      NE
24    27.7   035.9   15:04    15.7   06:27     37.2     00.0   00.00   03.6     24.1    16:21      SW
25    37.6   046.9   12:13    30.3   01:00     27.3     00.0   00.02   07.0     28.8    16:07     WSW
26    36.3   046.6   16:14    26.6   03:20     28.7     00.0   00.00   03.2     20.7    17:14      W 
27    30.0   036.0   00:05    26.5   23:28     34.9     00.0   00.00   02.0     13.8    15:14      NE
28    29.7   038.3   17:09    20.6   06:22     35.3     00.0   00.00   02.4     12.7    16:05     NNW
29    32.1   041.5   14:12    21.7   06:04     32.8     00.0   00.00   02.1     13.8    13:06     SSE
30    37.5   044.4   15:21    31.5   00:01     27.5     00.0   00.00   02.3     17.3    06:05     SSE
31    35.0   037.0   00:29    32.1   21:24     30.0     00.0   00.70   03.3     24.1    22:06      NE
--------------------------------------------------------------------------------------------------------
27.6 (27.5)   47.6  day 13     00.7  day 08   1158.2    000.0   00.00   02.6     28.8   day 25     WNW
Max