NOAA-Style Climate Reports

Select a Year or Month report
2018: Jan Feb Mar Apr May Jun Jul Aug Sep Oct Nov Dec
2017: Jan Feb Mar Apr May Jun Jul Aug Sep Oct Nov Dec
2016: Jan Feb Mar Apr May Jun Jul Aug Sep Oct Nov Dec
2015: Jan Feb Mar Apr May Jun Jul Aug Sep Oct Nov Dec
2014: Jan Feb Mar Apr May Jun Jul Aug Sep Oct Nov Dec
2013: Jan Feb Mar Apr May Jun Jul Aug Sep Oct Nov Dec
2012: Jan Feb Mar Apr May Jun Jul Aug Sep Oct Nov Dec
2011: Jan Feb Mar Apr May Jun Jul Aug Sep Oct Nov Dec
2010: Jan Feb Mar Apr May Jun Jul Aug Sep Oct Nov Dec
2009: Jan Feb Mar Apr May Jun Jul Aug Sep Oct Nov Dec
2008: Jan Feb Mar Apr May Jun Jul Aug Sep Oct Nov Dec
2007: Jan Feb Mar Apr May Jun Jul Aug Sep Oct Nov Dec
2006: Jan Feb Mar Apr May Jun Jul Aug Sep Oct Nov Dec
2005: Jan Feb Mar Apr May Jun Jul Aug Sep Oct Nov Dec
2004: Jan Feb Mar Apr May Jun Jul Aug Sep Oct Nov Dec

Report for 2008 November

Daily NOAA report



                            MONTHLY CLIMATOLOGICAL SUMMARY for NOV. 2008

NAME: De Pere Weather   CITY: De Pere STATE: Wisconsin
ELEV: 512 LAT: 044:26:02 LONG: 0088:03:01

                            TEMPERATURE ( °F), RAIN (in.), WIND SPEED (mph)

                                               HEAT     COOL           AVG
      MEAN                                     DEG      DEG            WIND                       DOM
DAY   TEMP    HIGH   TIME     LOW    TIME      DAYS     DAYS    RAIN   SPEED    HIGH    TIME      DIR
--------------------------------------------------------------------------------------------------------
01    41.9   051.3   14:28    34.3   07:23     23.1     00.0   00.00   00.6     11.5    15:19     NNE
02    45.5   052.9   14:23    34.1   01:36     19.5     00.0   00.00   01.8     16.1    09:13      SE
03    51.3   062.6   21:18    40.8   06:30     13.7     00.0   00.00   01.2     13.8    23:07      SW
04    63.6   073.9   14:03    57.2   07:05     01.3     00.0   00.00   03.5     20.7    15:08      SW
05    60.5   069.4   13:24    54.1   03:19     04.4     00.0   00.00   02.9     19.6    12:14      S 
06    56.6   061.6   00:03    50.4   00:00     08.3     00.0   00.02   04.4     24.1    13:08      SE
07    43.4   050.4   00:03    33.5   23:02     21.6     00.0   00.10   02.4     19.6    17:18     SSW
08    36.1   040.5   14:12    32.9   08:07     28.9     00.0   00.08   02.1     18.4    17:01     WNW
09    30.6   035.0   00:05    27.0   23:20     34.3     00.0   00.00   05.0     21.9    09:29     WNW
10    29.9   033.1   13:04    25.7   04:05     35.0     00.0   00.00   03.1     17.3    02:05     WNW
11    33.4   040.5   15:03    24.5   02:29     31.5     00.0   00.04   00.9     08.1    22:22     SSE
12    42.5   044.5   23:20    38.5   00:04     22.4     00.0   00.10   01.6     11.5    05:14     SSE
13    44.8   047.1   13:29    43.2   07:19     20.1     00.0   00.21   02.6     19.6    12:20      SW
14    42.6   046.2   00:04    39.6   00:00     22.3     00.0   00.00   03.6     19.6    14:05      NW
15    36.7   040.1   12:17    32.8   00:00     28.2     00.0   00.00   04.2     20.7    17:22     NNW
16    31.5   033.5   14:29    29.0   07:05     33.5     00.0   00.00   04.1     19.6    11:29      NW
17    27.8   032.5   13:10    21.9   00:00     37.1     00.0   00.00   05.1     21.9    12:20      NW
18    24.4   031.3   13:03    15.1   07:00     40.6     00.0   00.00   01.1     11.5    01:05      W 
19    32.3   035.6   15:06    28.2   00:05     32.7     00.0   00.00   04.9     24.1    20:27     WNW
20    25.5   030.7   00:19    17.5   00:00     39.4     00.0   00.00   07.0     26.4    15:19     NNW
21    19.2   025.6   14:19    12.3   00:00     45.8     00.0   00.00   03.1     18.4    10:05     WNW
22    21.5   032.2   14:09    10.5   04:03     43.5     00.0   00.00   00.7     12.7    11:14      SW
23    32.3   040.5   13:28    23.6   06:14     32.7     00.0   00.00   02.3     19.6    14:19      SW
24    31.9   034.4   14:28    29.5   07:24     33.0     00.0   00.07   01.8     19.6    23:20      NW
25    30.5   037.0   13:25    23.3   00:00     34.4     00.0   07.32   03.2     18.4    09:14      NW
26    26.0   036.0   14:28    18.0   00:00     39.0     00.0   00.00   00.5     06.9    13:29      W 
27    27.8   037.0   15:09    15.9   03:25     37.1     00.0   00.00   02.9     24.1    21:19      W 
28    32.9   039.5   14:08    20.8   00:00     32.1     00.0   00.00   03.3     18.4    00:20     WNW
29    27.8   039.3   13:28    15.4   05:24     37.1     00.0   00.00   01.1     13.8    12:13     WSW
30    30.7   037.9   14:15    23.9   03:09     34.3     00.0   00.01   02.3     17.3    23:07     NNE
--------------------------------------------------------------------------------------------------------
36.1 (35.8)   73.9  day 04     10.5  day 22   866.7    000.0   00.00   02.8     26.5   day 17     WNW
Max  0.8in)