NOAA-Style Climate Reports

Select a Year or Month report
2018: Jan Feb Mar Apr May Jun Jul Aug Sep Oct Nov Dec
2017: Jan Feb Mar Apr May Jun Jul Aug Sep Oct Nov Dec
2016: Jan Feb Mar Apr May Jun Jul Aug Sep Oct Nov Dec
2015: Jan Feb Mar Apr May Jun Jul Aug Sep Oct Nov Dec
2014: Jan Feb Mar Apr May Jun Jul Aug Sep Oct Nov Dec
2013: Jan Feb Mar Apr May Jun Jul Aug Sep Oct Nov Dec
2012: Jan Feb Mar Apr May Jun Jul Aug Sep Oct Nov Dec
2011: Jan Feb Mar Apr May Jun Jul Aug Sep Oct Nov Dec
2010: Jan Feb Mar Apr May Jun Jul Aug Sep Oct Nov Dec
2009: Jan Feb Mar Apr May Jun Jul Aug Sep Oct Nov Dec
2008: Jan Feb Mar Apr May Jun Jul Aug Sep Oct Nov Dec
2007: Jan Feb Mar Apr May Jun Jul Aug Sep Oct Nov Dec
2006: Jan Feb Mar Apr May Jun Jul Aug Sep Oct Nov Dec
2005: Jan Feb Mar Apr May Jun Jul Aug Sep Oct Nov Dec
2004: Jan Feb Mar Apr May Jun Jul Aug Sep Oct Nov Dec

Report for 2008 December

Daily NOAA report



                            MONTHLY CLIMATOLOGICAL SUMMARY for DEC. 2008

NAME: De Pere Weather   CITY: De Pere STATE: Wisconsin
ELEV: 512 LAT: 044:26:02 LONG: 0088:03:01

                            TEMPERATURE ( °F), RAIN (in.), WIND SPEED (mph)

                                               HEAT     COOL           AVG
      MEAN                                     DEG      DEG            WIND                       DOM
DAY   TEMP    HIGH   TIME     LOW    TIME      DAYS     DAYS    RAIN   SPEED    HIGH    TIME      DIR
--------------------------------------------------------------------------------------------------------
01    24.7   027.2   00:05    18.8   23:10     40.3     00.0   00.00   04.1     19.6    04:20     NNW
02    23.1   030.6   21:11    12.9   07:14     41.9     00.0   00.00   04.5     21.9    19:29      SW
03    26.5   031.6   03:14    15.1   00:00     38.5     00.0   00.00   01.2     12.7    20:27      NW
04    12.6   018.9   14:15    06.0   07:15     52.3     00.0   00.00   02.5     16.1    13:20     WNW
05    10.5   019.7   00:00    01.1   07:14     54.4     00.0   00.00   04.3     24.1    23:14      SW
06    20.0   025.8   12:26    07.6   00:00     45.0     00.0   00.00   06.0     27.6    15:21     WNW
07    07.8   013.8   00:00   -01.8   07:24     57.1     00.0   00.00   01.0     10.3    00:05     WSW
08    19.3   024.2   11:05    13.8   00:15     45.7     00.0   00.00   00.8     12.7    23:29     NNE
09    22.4   027.9   13:04    13.6   00:00     42.5     00.0   00.00   04.9     21.9    15:12      N 
10    13.4   022.1   23:14    03.0   06:25     51.5     00.0   00.00   02.5     19.6    23:20     WSW
11    20.3   026.3   12:23    10.7   23:14     44.6     00.0   00.00   05.1     21.9    00:14      W 
12    09.1   016.5   00:00    00.1   07:28     55.8     00.0   00.00   02.5     13.8    22:20     WSW
13    31.7   037.9   18:22    16.9   00:04     33.3     00.0   00.21   03.5     21.9    14:12      SW
14    37.7   042.5   17:02    26.6   00:00     27.2     00.0   00.14   03.3     28.8    23:29      SW
15    05.2   025.7   00:04   -01.2   00:00     59.8     00.0   00.00   08.2     32.2    04:14     WNW
16    01.0   007.9   23:25   -05.9   07:19     63.9     00.0   00.00   01.3     10.3    04:05      W 
17    08.0   014.0   13:19    02.6   22:09     56.9     00.0   00.00   01.8     13.8    13:29      W 
18    07.6   016.5   14:20   -02.0   07:24     57.3     00.0   00.00   00.5     06.9    13:05      SW
19    19.9   025.0   10:23    13.6   00:20     45.0     00.0   00.00   03.4     19.6    12:28     NNE
20    18.3   023.6   12:24    11.2   05:25     46.6     00.0   00.00   00.8     11.5    11:29     ENE
21    04.0   020.3   00:14   -04.1   10:14     60.9     00.0   00.00   06.2     26.4    06:14      W 
22    00.1   004.3   14:11   -04.1   22:17     64.8     00.0   00.00   03.9     19.6    02:29      W 
23    16.4   026.4   23:24   -02.4   00:05     48.6     00.0   00.00   02.7     19.6    10:14     SSW
24    23.7   029.0   12:29    09.3   00:00     41.2     00.0   00.01   02.2     19.6    18:29      W 
25    09.3   025.4   23:20   -01.2   07:27     55.7     00.0   00.00   01.7     11.5    11:12      SW
26    33.4   042.1   23:16    24.5   00:10     31.5     00.0   00.21   02.6     19.6    05:29     SSE
27    42.4   046.2   09:02    32.9   23:20     22.6     00.0   00.27   02.4     17.3    06:28     WSW
28    24.8   033.1   00:04    21.4   19:17     40.1     00.0   00.03   05.5     27.6    05:20      W 
29    27.5   035.9   12:17    17.3   23:31     37.4     00.0   00.04   05.9     38.0    14:06      W 
30    17.1   018.6   13:05    12.1   00:00     47.8     00.0   00.00   03.1     21.9    22:14      N 
31    06.9   012.4   13:24    02.2   20:06     58.0     00.0   00.00   02.9     13.8    07:06      W 
--------------------------------------------------------------------------------------------------------
17.6 (16.8)   46.2  day 27    -05.9  day 16   1468.5    000.0   00.00   03.3     38.0   day 14      W 
Max