NOAA-Style Climate Reports

Select a Year or Month report
2018: Jan Feb Mar Apr May Jun Jul Aug Sep Oct Nov Dec
2017: Jan Feb Mar Apr May Jun Jul Aug Sep Oct Nov Dec
2016: Jan Feb Mar Apr May Jun Jul Aug Sep Oct Nov Dec
2015: Jan Feb Mar Apr May Jun Jul Aug Sep Oct Nov Dec
2014: Jan Feb Mar Apr May Jun Jul Aug Sep Oct Nov Dec
2013: Jan Feb Mar Apr May Jun Jul Aug Sep Oct Nov Dec
2012: Jan Feb Mar Apr May Jun Jul Aug Sep Oct Nov Dec
2011: Jan Feb Mar Apr May Jun Jul Aug Sep Oct Nov Dec
2010: Jan Feb Mar Apr May Jun Jul Aug Sep Oct Nov Dec
2009: Jan Feb Mar Apr May Jun Jul Aug Sep Oct Nov Dec
2008: Jan Feb Mar Apr May Jun Jul Aug Sep Oct Nov Dec
2007: Jan Feb Mar Apr May Jun Jul Aug Sep Oct Nov Dec
2006: Jan Feb Mar Apr May Jun Jul Aug Sep Oct Nov Dec
2005: Jan Feb Mar Apr May Jun Jul Aug Sep Oct Nov Dec
2004: Jan Feb Mar Apr May Jun Jul Aug Sep Oct Nov Dec

Report for 2009 March

Daily NOAA report



                            MONTHLY CLIMATOLOGICAL SUMMARY for MAR. 2009

NAME: De Pere Weather   CITY: De Pere STATE: Wisconsin
ELEV: 512 LAT: 044:26:02 LONG: 0088:03:01

                            TEMPERATURE ( °F), RAIN (in.), WIND SPEED (mph)

                                               HEAT     COOL           AVG
      MEAN                                     DEG      DEG            WIND                       DOM
DAY   TEMP    HIGH   TIME     LOW    TIME      DAYS     DAYS    RAIN   SPEED    HIGH    TIME      DIR
--------------------------------------------------------------------------------------------------------
01    09.9   016.2   15:08    00.3   00:00     55.0     00.0   00.00   03.0     17.3    05:04      N 
02    05.7   016.7   15:17   -04.8   06:22     59.3     00.0   00.00   01.0     11.5    10:10      NE
03    13.2   026.4   15:22   -04.3   06:05     51.7     00.0   00.03   01.0     12.7    13:02      S 
04    28.9   036.5   14:04    17.5   00:25     36.1     00.0   00.52   02.1     13.8    10:24     SSE
05    38.6   043.6   16:09    33.2   00:00     26.3     00.0   00.06   00.7     11.5    01:25     SSE
06    38.7   045.8   13:02    31.8   01:15     26.2     00.0   00.00   03.0     19.6    06:10      W 
07    37.1   046.1   14:10    29.4   00:00     27.8     00.0   00.00   00.8     11.5    23:05      W 
08    28.8   032.4   12:22    26.9   00:00     36.1     00.0   00.00   04.6     26.4    17:04      NE
09    27.3   033.8   16:27    15.7   07:19     37.6     00.0   00.12   00.6     08.1    19:22      E 
10    35.9   040.5   21:12    31.9   00:10     29.0     00.0   37.32   01.8     28.8    23:29      S 
11    17.3   035.5   00:01    10.7   00:00     47.7     00.0   00.00   09.6     41.4    04:12     WNW
12    12.2   019.7   17:11    04.7   07:24     52.7     00.0   00.00   03.1     17.3    00:14     WNW
13    25.0   036.0   16:02    12.9   06:10     40.0     00.0   00.00   03.4     19.6    15:19      SW
14    34.9   046.1   14:24    26.0   07:09     30.0     00.0   00.00   02.9     16.1    16:08      SW
15    41.3   054.2   15:09    29.0   07:29     23.6     00.0   00.00   01.3     11.5    15:12     SSW
16    46.5   060.5   14:09    32.2   06:09     18.5     00.0   00.00   01.7     12.7    14:29      S 
17    54.9   068.8   16:04    44.5   00:15     10.0     00.0   00.00   04.8     25.3    12:05     WSW
18    45.3   054.8   15:29    33.7   07:24     19.6     00.0   00.00   02.9     26.4    16:28     WNW
19    28.7   037.3   00:15    21.6   00:00     36.2     00.0   00.00   02.1     17.3    14:08     NNE
20    27.8   035.8   15:29    17.7   07:10     37.1     00.0   00.00   01.4     12.7    23:20     SSE
21    41.8   056.7   16:28    31.3   01:15     23.2     00.0   00.03   01.8     17.3    11:19      SW
22    37.2   044.2   13:12    31.6   23:19     27.8     00.0   00.00   02.5     18.4    15:07     ENE
23    36.3   041.8   18:09    31.6   06:19     28.6     00.0   00.01   04.9     24.1    23:14     ESE
24    41.4   049.1   23:05    35.0   09:14     23.5     00.0   00.12   07.9     28.8    23:29      SE
25    40.8   047.4   00:04    37.6   23:10     24.1     00.0   00.02   05.6     28.8    00:14      SW
26    41.0   051.9   16:29    33.8   06:29     24.0     00.0   00.00   04.2     19.6    15:19      W 
27    32.0   037.6   17:07    26.6   07:09     33.0     00.0   00.00   03.7     17.3    13:27      NW
28    28.9   032.4   13:29    25.4   05:28     36.0     00.0   00.00   03.2     19.6    23:06      NE
29    32.4   041.6   15:03    26.9   04:23     32.6     00.0   00.02   06.6     27.6    12:19      N 
30    32.6   043.1   15:12    22.1   06:10     32.4     00.0   00.00   01.8     13.8    17:22     ENE
31    38.8   042.5   16:01    32.5   00:25     26.2     00.0   00.08   05.4     25.3    20:06      SE
--------------------------------------------------------------------------------------------------------
32.3 (32.6)   68.8  day 17    -04.8  day 02   1011.8    000.0   00.00   03.2     41.4   day 24     WSW
Max