NOAA-Style Climate Reports

Select a Year or Month report
2018: Jan Feb Mar Apr May Jun Jul Aug Sep Oct Nov Dec
2017: Jan Feb Mar Apr May Jun Jul Aug Sep Oct Nov Dec
2016: Jan Feb Mar Apr May Jun Jul Aug Sep Oct Nov Dec
2015: Jan Feb Mar Apr May Jun Jul Aug Sep Oct Nov Dec
2014: Jan Feb Mar Apr May Jun Jul Aug Sep Oct Nov Dec
2013: Jan Feb Mar Apr May Jun Jul Aug Sep Oct Nov Dec
2012: Jan Feb Mar Apr May Jun Jul Aug Sep Oct Nov Dec
2011: Jan Feb Mar Apr May Jun Jul Aug Sep Oct Nov Dec
2010: Jan Feb Mar Apr May Jun Jul Aug Sep Oct Nov Dec
2009: Jan Feb Mar Apr May Jun Jul Aug Sep Oct Nov Dec
2008: Jan Feb Mar Apr May Jun Jul Aug Sep Oct Nov Dec
2007: Jan Feb Mar Apr May Jun Jul Aug Sep Oct Nov Dec
2006: Jan Feb Mar Apr May Jun Jul Aug Sep Oct Nov Dec
2005: Jan Feb Mar Apr May Jun Jul Aug Sep Oct Nov Dec
2004: Jan Feb Mar Apr May Jun Jul Aug Sep Oct Nov Dec

Report for 2009 April

Daily NOAA report



                            MONTHLY CLIMATOLOGICAL SUMMARY for APR. 2009

NAME: De Pere Weather   CITY: De Pere STATE: Wisconsin
ELEV: 512 LAT: 044:26:02 LONG: 0088:03:01

                            TEMPERATURE ( °F), RAIN (in.), WIND SPEED (mph)

                                               HEAT     COOL           AVG
      MEAN                                     DEG      DEG            WIND                       DOM
DAY   TEMP    HIGH   TIME     LOW    TIME      DAYS     DAYS    RAIN   SPEED    HIGH    TIME      DIR
--------------------------------------------------------------------------------------------------------
01    37.8   041.1   17:08    34.6   23:20     27.1     00.0   00.00   05.5     26.4    14:07      SW
02    39.3   046.2   15:15    31.0   07:04     25.6     00.0   00.00   01.5     11.5    12:20     WSW
03    39.7   047.4   16:19    31.8   07:10     25.2     00.0   00.00   05.6     24.1    13:23     NNW
04    41.4   052.3   17:17    32.4   06:14     23.6     00.0   00.00   02.5     16.1    10:04     NNW
05    35.2   041.1   16:09    31.5   00:00     29.8     00.0   00.00   03.6     19.6    23:29      NE
06    35.2   043.3   15:14    30.1   00:00     29.8     00.0   00.00   07.0     26.4    18:08      N 
07    37.0   048.2   16:17    27.5   05:04     27.9     00.0   00.00   05.3     27.6    16:19      NW
08    41.4   054.8   17:04    27.0   06:04     23.5     00.0   00.00   02.9     20.7    15:13     WNW
09    40.4   052.5   15:28    28.5   06:19     24.5     00.0   00.00   01.4     19.6    12:12     NNW
10    37.5   048.8   16:22    29.0   06:09     27.4     00.0   00.00   02.2     18.4    11:19      NE
11    38.2   049.2   15:04    26.6   05:29     26.8     00.0   00.00   02.0     13.8    08:28      NE
12    38.2   050.2   14:13    25.7   06:14     26.7     00.0   00.00   01.5     11.5    15:19      E 
13    38.2   044.8   15:16    31.8   03:29     26.7     00.0   00.00   02.6     18.4    19:22     ENE
14    42.5   051.1   17:12    36.2   06:14     22.4     00.0   00.00   03.9     19.6    14:12     NNE
15    46.7   059.0   14:22    37.0   05:04     18.2     00.0   00.00   02.3     16.1    15:19     NNE
16    51.9   068.8   15:19    34.9   02:25     13.0     00.0   00.00   00.9     12.7    17:28     SSE
17    56.6   072.7   16:24    36.6   06:04     08.3     00.0   00.00   02.7     18.4    14:28     WSW
18    59.1   076.8   15:19    42.3   00:00     05.8     00.0   00.00   03.4     17.3    19:14      W 
19    41.2   043.1   12:02    38.9   20:11     23.8     00.0   00.13   02.2     17.3    04:05      NE
20    37.8   040.2   00:29    33.4   00:00     27.1     00.0   00.45   03.4     19.6    21:12      NW
21    37.2   040.8   18:29    32.9   02:09     27.8     00.0   00.21   05.7     29.9    17:23      NW
22    43.5   055.1   17:03    33.7   05:14     21.4     00.0   00.01   01.9     19.6    16:29      N 
23    43.0   052.9   17:17    30.4   03:11     21.9     00.0   00.01   02.3     20.7    14:27     SSE
24    64.3   084.7   17:02    46.5   05:10     00.6     00.0   00.01   03.9     28.8    22:28     SSW
25    48.4   073.0   00:05    40.9   23:01     16.5     00.0   00.48   02.8     26.4    00:05     NNE
26    43.5   051.0   23:15    39.3   05:04     21.4     00.0   00.50   01.5     18.4    21:14     ENE
27    58.8   066.0   12:04    49.2   00:00     06.2     00.0   00.00   05.0     25.3    13:28      W 
28    47.0   053.5   14:19    40.5   06:14     17.9     00.0   00.00   03.3     18.4    14:27     NNE
29    50.0   060.7   15:20    39.3   06:07     15.0     00.0   00.00   02.3     17.3    10:12      SE
30    55.5   064.7   17:03    48.0   00:29     09.4     00.0   00.00   01.4     24.1    22:13      SW
--------------------------------------------------------------------------------------------------------
44.2 (44.7)   84.7  day 24     25.7  day 12   621.5    000.0   00.00   03.1     29.9   day 01     NNW
Min  .008in) 5 (> .08in) 0 (> 0.8in)