NOAA-Style Climate Reports

Select a Year or Month report
2018: Jan Feb Mar Apr May Jun Jul Aug Sep Oct Nov Dec
2017: Jan Feb Mar Apr May Jun Jul Aug Sep Oct Nov Dec
2016: Jan Feb Mar Apr May Jun Jul Aug Sep Oct Nov Dec
2015: Jan Feb Mar Apr May Jun Jul Aug Sep Oct Nov Dec
2014: Jan Feb Mar Apr May Jun Jul Aug Sep Oct Nov Dec
2013: Jan Feb Mar Apr May Jun Jul Aug Sep Oct Nov Dec
2012: Jan Feb Mar Apr May Jun Jul Aug Sep Oct Nov Dec
2011: Jan Feb Mar Apr May Jun Jul Aug Sep Oct Nov Dec
2010: Jan Feb Mar Apr May Jun Jul Aug Sep Oct Nov Dec
2009: Jan Feb Mar Apr May Jun Jul Aug Sep Oct Nov Dec
2008: Jan Feb Mar Apr May Jun Jul Aug Sep Oct Nov Dec
2007: Jan Feb Mar Apr May Jun Jul Aug Sep Oct Nov Dec
2006: Jan Feb Mar Apr May Jun Jul Aug Sep Oct Nov Dec
2005: Jan Feb Mar Apr May Jun Jul Aug Sep Oct Nov Dec
2004: Jan Feb Mar Apr May Jun Jul Aug Sep Oct Nov Dec

Report for 2009 June

Daily NOAA report



                            MONTHLY CLIMATOLOGICAL SUMMARY for JUN. 2009

NAME: De Pere Weather   CITY: De Pere STATE: Wisconsin
ELEV: 512 LAT: 044:26:02 LONG: 0088:03:01

                            TEMPERATURE ( °F), RAIN (in.), WIND SPEED (mph)

                                               HEAT     COOL           AVG
      MEAN                                     DEG      DEG            WIND                       DOM
DAY   TEMP    HIGH   TIME     LOW    TIME      DAYS     DAYS    RAIN   SPEED    HIGH    TIME      DIR
--------------------------------------------------------------------------------------------------------
01    58.9   068.8   08:30    44.6   23:25     06.1     00.0   00.00   01.6     13.8    09:05     ENE
02    54.6   068.4   18:21    39.3   05:04     10.3     00.0   00.00   00.8     17.3    20:27     SSW
03    55.1   065.3   16:19    44.6   05:32     09.8     00.0   00.00   00.7     11.5    10:19      NE
04    59.1   073.7   16:22    40.2   05:23     05.9     00.0   00.00   00.8     11.5    17:11      SW
05    65.9   079.2   14:24    52.5   05:09     00.0     00.9   00.00   02.2     19.6    18:04      W 
06    48.0   054.1   00:04    43.9   20:14     16.9     00.0   00.00   00.5     11.5    22:29      E 
07    49.9   053.9   17:24    45.1   00:14     15.1     00.0   00.02   00.9     11.5    09:20      NE
08    51.2   054.2   16:28    49.1   05:11     13.8     00.0   00.63   00.5     11.5    18:20      N 
09    55.5   060.5   14:19    51.3   01:15     09.4     00.0   00.04   01.0     11.5    13:04      NW
10    59.3   071.8   15:01    50.8   05:15     05.6     00.0   00.01   00.2     08.1    14:27     NNW
11    61.5   070.9   16:16    53.2   00:00     03.5     00.0   00.00   00.6     11.5    12:21     NNE
12    61.3   072.8   14:07    46.4   05:23     03.6     00.0   00.00   00.3     08.1    14:12      E 
13    67.6   077.9   15:11    58.3   04:29     00.0     02.6   00.00   00.5     11.5    14:16     WSW
14    65.7   078.8   13:04    56.9   03:32     00.0     00.8   00.14   00.6     24.1    13:15     WNW
15    65.5   076.5   16:06    55.6   04:28     00.0     00.6   00.00   00.5     10.3    14:27      SE
16    66.7   076.8   13:13    54.4   04:26     00.0     01.8   00.00   00.6     12.7    13:20     ESE
17    67.6   080.1   17:19    58.1   02:12     00.0     02.6   00.05   00.4     10.3    15:13     ENE
18    67.9   077.4   14:29    58.4   02:21     00.0     03.0   00.00   00.9     11.5    19:27      SE
19    72.6   080.1   12:25    63.5   05:14     00.0     07.6   00.00   00.9     11.5    23:06      SW
20    77.9   089.3   16:27    65.5   05:05     00.0     13.0   00.00   01.3     18.4    13:14     WNW
21    73.9   083.0   09:31    63.2   05:28     00.0     09.0   00.00   00.3     09.2    15:22      E 
22    74.7   083.2   14:20    66.1   05:30     00.0     09.8   00.00   00.6     11.5    17:05      SE
23    82.9   098.0   17:22    66.3   05:21     00.0     18.0   00.00   00.5     11.5    17:19      W 
24    83.7   095.6   16:22    71.8   06:02     00.0     18.8   00.00   00.5     11.5    18:27     WNW
25    78.6   087.2   17:31    71.6   00:00     00.0     13.7   00.03   01.1     13.8    11:14     WNW
26    73.9   087.2   15:28    62.0   05:34     00.0     08.9   00.00   00.6     10.3    17:14      NE
27    70.3   078.6   13:17    59.9   04:29     00.0     05.4   00.00   00.7     16.1    22:28     SSE
28    71.6   078.3   17:07    64.5   06:17     00.0     06.7   00.00   03.7     24.1    10:29      W 
29    66.9   071.6   13:09    61.6   00:00     00.0     01.9   00.03   03.8     24.1    13:13     WNW
30    61.8   067.1   14:24    55.9   05:20     03.1     00.0   00.00   02.1     18.4    11:05      NW
--------------------------------------------------------------------------------------------------------
65.7 (65.6)   98.0  day 23     39.3  day 02   103.1    125.1   00.00   01.0     24.2   day 29     WNW
Max >=  86: 5
Min  .008in) 2 (> .08in) 0 (> 0.8in)