NOAA-Style Climate Reports

Select a Year or Month report
2018: Jan Feb Mar Apr May Jun Jul Aug Sep Oct Nov Dec
2017: Jan Feb Mar Apr May Jun Jul Aug Sep Oct Nov Dec
2016: Jan Feb Mar Apr May Jun Jul Aug Sep Oct Nov Dec
2015: Jan Feb Mar Apr May Jun Jul Aug Sep Oct Nov Dec
2014: Jan Feb Mar Apr May Jun Jul Aug Sep Oct Nov Dec
2013: Jan Feb Mar Apr May Jun Jul Aug Sep Oct Nov Dec
2012: Jan Feb Mar Apr May Jun Jul Aug Sep Oct Nov Dec
2011: Jan Feb Mar Apr May Jun Jul Aug Sep Oct Nov Dec
2010: Jan Feb Mar Apr May Jun Jul Aug Sep Oct Nov Dec
2009: Jan Feb Mar Apr May Jun Jul Aug Sep Oct Nov Dec
2008: Jan Feb Mar Apr May Jun Jul Aug Sep Oct Nov Dec
2007: Jan Feb Mar Apr May Jun Jul Aug Sep Oct Nov Dec
2006: Jan Feb Mar Apr May Jun Jul Aug Sep Oct Nov Dec
2005: Jan Feb Mar Apr May Jun Jul Aug Sep Oct Nov Dec
2004: Jan Feb Mar Apr May Jun Jul Aug Sep Oct Nov Dec

Report for 2009 August

Daily NOAA report



                            MONTHLY CLIMATOLOGICAL SUMMARY for AUG. 2009

NAME: De Pere Weather   CITY: De Pere STATE: Wisconsin
ELEV: 512 LAT: 044:26:02 LONG: 0088:03:01

                            TEMPERATURE ( °F), RAIN (in.), WIND SPEED (mph)

                                               HEAT     COOL           AVG
      MEAN                                     DEG      DEG            WIND                       DOM
DAY   TEMP    HIGH   TIME     LOW    TIME      DAYS     DAYS    RAIN   SPEED    HIGH    TIME      DIR
--------------------------------------------------------------------------------------------------------
01    67.9   075.8   15:11    59.8   00:00     00.0     02.9   00.02   02.3     19.6    15:05      W 
02    66.5   078.5   17:19    51.7   05:36     00.0     01.5   00.00   01.5     17.3    15:13      W 
03    73.6   085.1   17:16    64.3   06:29     00.0     08.7   00.13   01.2     16.1    17:31     WSW
04    70.4   079.2   18:08    62.7   00:00     00.0     05.4   00.00   01.2     16.1    14:13      NW
05    67.1   077.7   15:09    52.5   05:40     00.0     02.1   00.00   01.0     17.3    13:20      NW
06    68.1   080.9   15:25    54.1   06:14     00.0     03.2   00.00   01.2     13.8    11:30      NW
07    64.6   070.9   14:21    57.6   03:09     00.4     00.0   00.03   00.5     10.3    19:33     ESE
08    70.6   083.6   17:33    63.7   03:23     00.0     05.6   00.38   00.5     11.5    02:24      S 
09    78.1   088.8   14:02    68.6   05:27     00.0     13.2   00.25   00.9     21.9    01:30      W 
10    75.5   083.6   18:01    68.4   00:00     00.0     10.6   00.00   00.6     11.5    18:15      W 
11    70.1   080.1   17:13    61.2   06:20     00.0     05.1   00.00   00.7     11.5    15:13     NNE
12    72.6   086.5   15:29    59.6   06:18     00.0     07.7   00.00   00.3     08.1    16:23     WSW
13    74.3   085.5   16:13    63.4   06:16     00.0     09.4   00.00   00.4     12.7    15:23      SW
14    77.6   088.6   16:22    68.1   02:17     00.0     12.6   00.00   01.5     17.3    19:21      SW
15    76.9   087.0   17:02    67.6   06:10     00.0     12.0   00.00   00.8     13.8    12:20      SW
16    75.6   082.8   15:23    68.4   05:25     00.0     10.7   00.00   01.3     19.6    17:14      SW
17    73.6   079.8   17:05    68.1   00:00     00.0     08.7   00.02   00.2     08.1    02:20      W 
18    69.5   078.3   15:10    60.1   00:00     00.0     04.6   00.00   01.8     20.7    16:05      W 
19    68.0   077.7   10:02    57.5   06:09     00.0     03.0   00.00   00.7     11.5    16:07     SSE
20    66.9   076.0   15:04    63.5   00:00     00.0     02.0   00.13   01.4     19.6    15:14      SW
21    62.4   067.8   15:08    57.6   00:00     02.5     00.0   00.03   02.4     21.9    19:14     WNW
22    60.9   069.8   16:22    54.4   06:15     04.0     00.0   00.00   01.4     12.7    14:12     NNW
23    61.1   074.0   17:03    51.4   05:20     03.8     00.0   00.00   00.4     08.1    13:13     WNW
24    67.4   079.9   17:08    54.1   03:29     00.0     02.5   00.00   00.8     14.9    16:19      SW
25    67.5   073.2   12:04    62.9   06:14     00.0     02.5   00.09   01.1     17.3    10:13     WSW
26    65.4   075.1   16:21    55.1   06:22     00.0     00.4   00.00   00.4     11.5    13:07     ENE
27    61.8   071.1   16:19    54.2   00:00     03.1     00.0   00.00   00.0     05.8    12:04      E 
28    60.2   073.9   16:12    49.8   05:27     04.7     00.0   00.14   00.1     05.8    16:19      NE
29    55.8   060.2   12:29    52.5   22:28     09.1     00.0   00.17   02.9     19.6    18:28      NW
30    55.7   065.5   16:14    46.8   06:23     09.2     00.0   00.00   00.9     16.1    09:13     NNW
31    54.4   067.1   14:03    41.5   06:28     10.6     00.0   00.00   00.1     08.1    14:03     WSW
--------------------------------------------------------------------------------------------------------
67.8 (68.1)   88.8  day 09     41.5  day 31   047.5    134.6   00.00   01.0     21.9   day 01      W 
Max >=  86: 4
Min  .008in) 7 (> .08in) 0 (> 0.8in)