NOAA-Style Climate Reports

Select a Year or Month report
2018: Jan Feb Mar Apr May Jun Jul Aug Sep Oct Nov Dec
2017: Jan Feb Mar Apr May Jun Jul Aug Sep Oct Nov Dec
2016: Jan Feb Mar Apr May Jun Jul Aug Sep Oct Nov Dec
2015: Jan Feb Mar Apr May Jun Jul Aug Sep Oct Nov Dec
2014: Jan Feb Mar Apr May Jun Jul Aug Sep Oct Nov Dec
2013: Jan Feb Mar Apr May Jun Jul Aug Sep Oct Nov Dec
2012: Jan Feb Mar Apr May Jun Jul Aug Sep Oct Nov Dec
2011: Jan Feb Mar Apr May Jun Jul Aug Sep Oct Nov Dec
2010: Jan Feb Mar Apr May Jun Jul Aug Sep Oct Nov Dec
2009: Jan Feb Mar Apr May Jun Jul Aug Sep Oct Nov Dec
2008: Jan Feb Mar Apr May Jun Jul Aug Sep Oct Nov Dec
2007: Jan Feb Mar Apr May Jun Jul Aug Sep Oct Nov Dec
2006: Jan Feb Mar Apr May Jun Jul Aug Sep Oct Nov Dec
2005: Jan Feb Mar Apr May Jun Jul Aug Sep Oct Nov Dec
2004: Jan Feb Mar Apr May Jun Jul Aug Sep Oct Nov Dec

Report for 2009 December

Daily NOAA report



                            MONTHLY CLIMATOLOGICAL SUMMARY for DEC. 2009

NAME: De Pere Weather   CITY: De Pere STATE: Wisconsin
ELEV: 512 LAT: 044:26:02 LONG: 0088:03:01

                            TEMPERATURE ( °F), RAIN (in.), WIND SPEED (mph)

                                               HEAT     COOL           AVG
      MEAN                                     DEG      DEG            WIND                       DOM
DAY   TEMP    HIGH   TIME     LOW    TIME      DAYS     DAYS    RAIN   SPEED    HIGH    TIME      DIR
--------------------------------------------------------------------------------------------------------
01    37.8   047.3   12:23    27.8   07:19     27.2     00.0   00.00   00.3     11.5    01:20      SW
02    37.0   041.1   13:14    32.7   07:14     27.9     00.0   00.00   00.0     02.3    22:00     NNW
03    30.4   033.2   00:04    26.6   00:00     34.5     00.0   00.00   00.6     11.5    23:21      NW
04    23.0   026.6   00:06    20.3   19:04     42.0     00.0   00.00   08.1     28.8    21:23      W 
05    24.3   029.5   12:24    20.2   02:09     40.7     00.0   00.00   05.2     26.4    12:12     WSW
06    27.6   034.7   13:13    21.8   20:08     37.3     00.0   00.00   01.4     11.5    23:14      N 
07    24.7   031.3   14:03    18.1   00:00     40.2     00.0   00.00   03.1     16.1    07:20      N 
08    25.6   031.5   19:28    17.5   02:09     39.3     00.0   00.00   02.2     17.3    20:19      NE
09    26.5   031.9   07:20    13.6   00:00     38.4     00.0   00.00   07.5     28.8    15:05     NNW
10    07.2   013.3   00:04    01.1   00:00     57.7     00.0   00.00   09.0     27.6    18:27      W 
11    04.8   012.9   13:23   -01.4   07:14     60.1     00.0   00.00   04.6     27.6    13:19     WSW
12    20.6   033.2   00:00    02.0   01:26     44.4     00.0   00.09   01.8     26.4    23:30      SW
13    30.2   033.1   00:09    26.6   23:25     34.8     00.0   00.02   02.1     21.9    01:05      NW
14    25.5   027.6   02:14    23.3   23:29     39.5     00.0   00.00   03.7     18.4    13:28      N 
15    11.9   023.8   00:05    02.2   21:04     53.0     00.0   00.00   05.3     24.1    07:14     WNW
16    07.7   013.3   14:23    02.6   02:34     57.2     00.0   00.00   04.2     13.8    12:14      W 
17    17.9   028.2   21:24    03.9   00:04     47.0     00.0   00.00   00.4     09.2    19:15      E 
18    28.2   032.4   12:01    23.3   07:26     36.8     00.0   00.00   02.3     13.8    22:20     NNE
19    27.1   030.6   10:12    21.4   00:00     37.9     00.0   00.00   04.2     18.4    09:22      N 
20    18.9   022.7   14:02    15.4   17:26     46.0     00.0   00.00   01.7     11.5    15:12     NNW
21    22.6   027.5   12:00    15.6   23:29     42.3     00.0   00.00   01.8     11.5    14:05      W 
22    20.2   031.8   13:19    11.4   02:29     44.8     00.0   00.00   00.9     11.5    14:29     NNE
23    25.3   029.0   15:04    18.0   06:04     39.6     00.0   00.00   03.9     18.4    23:14      E 
24    31.6   034.3   00:00    26.9   03:21     33.3     00.0   00.00   06.2     18.4    00:06      E 
25    35.0   038.5   14:06    23.5   00:00     30.0     00.0   00.32   07.0     25.3    22:14     ESE
26    21.4   024.5   12:24    15.7   00:00     43.6     00.0   00.00   01.1     13.8    00:21      E 
27    20.7   024.8   00:00    14.8   08:19     44.2     00.0   00.00   03.1     19.6    16:20     WSW
28    23.2   030.3   09:29    09.7   00:00     41.7     00.0   00.00   07.4     29.9    13:19      NW
29    11.2   020.2   13:22    03.0   07:28     53.7     00.0   00.00   01.5     16.1    15:12     WSW
30    21.2   027.9   21:19    09.7   00:04     43.8     00.0   00.00   01.8     24.1    21:14      SW
31    20.1   028.1   03:24    13.1   19:22     44.9     00.0   00.00   06.8     26.4    08:20     WNW
--------------------------------------------------------------------------------------------------------
22.9 (22.2)   47.3  day 01    -01.4  day 11   1303.8    000.0   00.00   03.5     29.9   day 05     WNW
Max