NOAA-Style Climate Reports

Select a Year or Month report
2018: Jan Feb Mar Apr May Jun Jul Aug Sep Oct Nov Dec
2017: Jan Feb Mar Apr May Jun Jul Aug Sep Oct Nov Dec
2016: Jan Feb Mar Apr May Jun Jul Aug Sep Oct Nov Dec
2015: Jan Feb Mar Apr May Jun Jul Aug Sep Oct Nov Dec
2014: Jan Feb Mar Apr May Jun Jul Aug Sep Oct Nov Dec
2013: Jan Feb Mar Apr May Jun Jul Aug Sep Oct Nov Dec
2012: Jan Feb Mar Apr May Jun Jul Aug Sep Oct Nov Dec
2011: Jan Feb Mar Apr May Jun Jul Aug Sep Oct Nov Dec
2010: Jan Feb Mar Apr May Jun Jul Aug Sep Oct Nov Dec
2009: Jan Feb Mar Apr May Jun Jul Aug Sep Oct Nov Dec
2008: Jan Feb Mar Apr May Jun Jul Aug Sep Oct Nov Dec
2007: Jan Feb Mar Apr May Jun Jul Aug Sep Oct Nov Dec
2006: Jan Feb Mar Apr May Jun Jul Aug Sep Oct Nov Dec
2005: Jan Feb Mar Apr May Jun Jul Aug Sep Oct Nov Dec
2004: Jan Feb Mar Apr May Jun Jul Aug Sep Oct Nov Dec

Report for 2010 February

Daily NOAA report



                            MONTHLY CLIMATOLOGICAL SUMMARY for FEB. 2010

NAME: De Pere Weather   CITY: De Pere STATE: Wisconsin
ELEV: 512 LAT: 044:26:02 LONG: 0088:03:01

                            TEMPERATURE ( °F), RAIN (in.), WIND SPEED (mph)

                                               HEAT     COOL           AVG
      MEAN                                     DEG      DEG            WIND                       DOM
DAY   TEMP    HIGH   TIME     LOW    TIME      DAYS     DAYS    RAIN   SPEED    HIGH    TIME      DIR
--------------------------------------------------------------------------------------------------------
01    14.1   023.2   14:10    05.0   04:09     50.8     00.0   00.00   01.2     11.5    09:20      W 
02    23.2   028.7   14:02    17.2   05:24     41.7     00.0   00.03   01.7     10.3    11:05     NNE
03    22.6   029.8   12:09    14.6   07:29     42.3     00.0   00.04   02.6     11.5    16:06     WNW
04    24.6   034.0   13:19    13.1   02:14     40.4     00.0   00.00   01.0     17.3    12:29      SW
05    28.1   032.5   11:27    23.8   00:00     36.8     00.0   00.00   04.2     24.1    23:31      NE
06    21.5   025.4   11:09    16.2   07:20     43.5     00.0   00.00   06.3     26.4    01:14     NNE
07    22.6   030.0   14:00    17.7   05:20     42.4     00.0   00.00   01.4     08.1    15:01      NE
08    25.7   035.0   14:04    20.2   00:24     39.2     00.0   00.01   02.3     16.1    12:22     ENE
09    23.1   025.3   09:24    21.1   05:19     41.9     00.0   00.00   06.9     28.8    14:21     NNE
10    24.6   032.4   13:26    16.4   00:00     40.3     00.0   00.12   06.5     21.9    01:14     NNW
11    19.9   028.2   14:07    12.6   00:00     45.1     00.0   00.04   03.9     13.8    14:07      NW
12    17.4   030.6   14:13    03.4   06:25     47.5     00.0   00.04   01.8     17.3    13:28      W 
13    21.8   035.3   13:09    09.3   04:18     43.1     00.0   00.04   01.9     13.8    14:29     WNW
14    24.4   030.0   16:06    16.9   05:09     40.5     00.0   00.01   03.4     14.9    12:14     NNW
15    24.6   030.9   13:26    17.0   03:15     40.4     00.0   00.02   03.4     17.3    15:12      NW
16    27.9   032.5   15:11    19.1   06:25     37.1     00.0   00.00   05.4     21.9    09:29     NNW
17    32.8   039.6   15:19    26.4   06:10     32.1     00.0   00.06   04.1     18.4    09:29     NNW
18    30.1   040.3   14:10    19.7   07:00     34.9     00.0   00.02   03.1     17.3    11:20     WNW
19    26.1   039.8   13:24    12.9   07:04     38.9     00.0   00.00   01.4     11.5    16:29     WNW
20    30.3   040.1   11:24    21.6   01:19     34.6     00.0   00.00   00.5     11.5    12:05      SW
21    30.6   032.8   15:20    28.4   07:00     34.4     00.0   00.00   01.5     10.3    23:20     NNE
22    30.3   036.9   12:17    19.4   00:00     34.6     00.0   00.04   02.6     13.8    15:12     NNE
23    27.2   037.3   14:16    18.4   03:11     37.7     00.0   00.01   02.2     18.4    15:14      W 
24    25.1   030.9   15:04    19.5   08:09     39.8     00.0   00.06   06.8     20.7    14:27      N 
25    23.3   030.9   14:14    12.3   06:26     41.6     00.0   00.06   05.5     19.6    14:28     NNW
26    27.6   038.3   16:00    16.1   03:24     37.3     00.0   00.03   06.9     26.4    16:20     NNW
27    33.3   039.9   16:04    28.4   04:05     31.6     00.0   00.03   06.9     24.1    14:29      N 
28    32.5   036.3   13:19    28.8   23:08     32.5     00.0   00.03   04.6     17.3    21:20      N 
--------------------------------------------------------------------------------------------------------
25.5 (25.4)   40.3  day 18     03.4  day 12   1103.1    000.0   00.00   03.6     28.8   day 09     NNW
Max