NOAA-Style Climate Reports

Select a Year or Month report
2018: Jan Feb Mar Apr May Jun Jul Aug Sep Oct Nov Dec
2017: Jan Feb Mar Apr May Jun Jul Aug Sep Oct Nov Dec
2016: Jan Feb Mar Apr May Jun Jul Aug Sep Oct Nov Dec
2015: Jan Feb Mar Apr May Jun Jul Aug Sep Oct Nov Dec
2014: Jan Feb Mar Apr May Jun Jul Aug Sep Oct Nov Dec
2013: Jan Feb Mar Apr May Jun Jul Aug Sep Oct Nov Dec
2012: Jan Feb Mar Apr May Jun Jul Aug Sep Oct Nov Dec
2011: Jan Feb Mar Apr May Jun Jul Aug Sep Oct Nov Dec
2010: Jan Feb Mar Apr May Jun Jul Aug Sep Oct Nov Dec
2009: Jan Feb Mar Apr May Jun Jul Aug Sep Oct Nov Dec
2008: Jan Feb Mar Apr May Jun Jul Aug Sep Oct Nov Dec
2007: Jan Feb Mar Apr May Jun Jul Aug Sep Oct Nov Dec
2006: Jan Feb Mar Apr May Jun Jul Aug Sep Oct Nov Dec
2005: Jan Feb Mar Apr May Jun Jul Aug Sep Oct Nov Dec
2004: Jan Feb Mar Apr May Jun Jul Aug Sep Oct Nov Dec

Report for 2010 April

Daily NOAA report



                            MONTHLY CLIMATOLOGICAL SUMMARY for APR. 2010

NAME: De Pere Weather   CITY: De Pere STATE: Wisconsin
ELEV: 512 LAT: 044:26:02 LONG: 0088:03:01

                            TEMPERATURE ( °F), RAIN (in.), WIND SPEED (mph)

                                               HEAT     COOL           AVG
      MEAN                                     DEG      DEG            WIND                       DOM
DAY   TEMP    HIGH   TIME     LOW    TIME      DAYS     DAYS    RAIN   SPEED    HIGH    TIME      DIR
--------------------------------------------------------------------------------------------------------
01    61.8   074.9   15:34    48.9   06:08     03.1     00.0   00.00   02.9     17.3    18:24     ESE
02    68.2   078.6   13:28    59.5   01:25     00.0     03.3   00.00   04.7     34.5    19:05     SSW
03    54.2   060.1   00:03    48.2   21:19     10.7     00.0   00.00   08.3     35.6    17:20      W 
04    58.0   070.3   15:23    46.4   06:31     07.0     00.0   00.00   05.4     43.7    15:23     SSW
05    57.0   068.9   14:14    43.6   07:05     07.9     00.0   00.05   04.0     28.8    10:24      W 
06    47.6   051.0   12:13    44.5   23:14     17.3     00.0   00.93   03.6     24.1    22:24      NE
07    42.7   048.2   13:19    32.1   00:00     22.2     00.0   00.24   06.8     27.6    21:33     NNE
08    33.4   037.0   14:31    30.0   00:00     31.5     00.0   00.32   06.3     21.9    09:46     NNW
09    42.5   052.5   23:58    26.3   06:10     22.5     00.0   00.05   01.6     13.8    18:09     WSW
10    52.1   065.3   14:29    38.9   01:00     12.8     00.0   00.00   05.1     36.8    09:28      W 
11    52.4   066.8   14:39    37.2   06:14     12.5     00.0   00.00   02.6     17.3    09:33     SSW
12    52.5   063.2   11:30    43.3   04:08     12.4     00.0   00.00   03.1     19.6    19:29      SE
13    50.3   056.7   13:20    44.3   23:31     14.6     00.0   00.00   05.5     19.6    13:05     ESE
14    57.8   071.5   15:08    43.6   05:31     07.2     00.0   00.00   03.2     18.4    09:09      SE
15    69.6   081.6   14:19    60.7   06:35     00.0     04.7   00.01   06.1     39.1    17:21     WSW
16    53.9   063.9   00:09    43.8   00:00     11.0     00.0   00.00   08.6     32.2    11:27      NW
17    47.3   059.2   15:07    36.2   06:24     17.7     00.0   00.00   05.5     25.3    12:09     NNW
18    45.9   055.4   15:10    34.4   04:08     19.0     00.0   00.00   02.4     17.3    13:16     NNE
19    47.5   060.4   14:24    32.7   06:09     17.5     00.0   00.00   01.2     09.2    19:07     ENE
20    52.0   067.3   15:18    36.3   05:30     12.9     00.0   00.00   00.7     16.1    15:18      S 
21    43.5   051.6   00:03    34.7   00:00     21.5     00.0   00.00   03.4     24.1    01:19      NE
22    43.2   057.2   17:16    30.6   04:13     21.8     00.0   00.00   01.9     12.7    20:18     ESE
23    50.4   064.0   14:34    34.3   06:19     14.5     00.0   00.00   02.0     17.3    13:25      SE
24    49.5   053.5   23:25    46.8   09:30     15.4     00.0   00.08   03.0     17.3    22:19      E 
25    48.7   052.9   00:09    44.1   05:14     16.2     00.0   00.74   05.1     26.4    06:09      NE
26    52.7   063.7   15:03    40.9   06:14     12.2     00.0   00.00   04.5     21.9    23:26     NNE
27    47.6   057.3   17:09    36.3   06:09     17.4     00.0   00.00   03.6     25.3    00:13      NE
28    47.2   062.0   15:09    31.9   06:10     17.8     00.0   00.00   01.6     18.4    16:29      SE
29    55.3   064.0   16:07    43.9   01:00     09.7     00.0   00.00   06.2     42.5    15:22      SE
30    66.5   081.1   13:25    56.9   06:19     00.0     01.5   00.21   02.1     26.4    10:05     SSE
--------------------------------------------------------------------------------------------------------
51.7 (51.5)   81.6  day 15     26.3  day 09   406.2    009.5   00.00   04.0     43.7   day 15     NNE
Min  .008in) 6 (> .08in) 1 (> 0.8in)