NOAA-Style Climate Reports

Select a Year or Month report
2018: Jan Feb Mar Apr May Jun Jul Aug Sep Oct Nov Dec
2017: Jan Feb Mar Apr May Jun Jul Aug Sep Oct Nov Dec
2016: Jan Feb Mar Apr May Jun Jul Aug Sep Oct Nov Dec
2015: Jan Feb Mar Apr May Jun Jul Aug Sep Oct Nov Dec
2014: Jan Feb Mar Apr May Jun Jul Aug Sep Oct Nov Dec
2013: Jan Feb Mar Apr May Jun Jul Aug Sep Oct Nov Dec
2012: Jan Feb Mar Apr May Jun Jul Aug Sep Oct Nov Dec
2011: Jan Feb Mar Apr May Jun Jul Aug Sep Oct Nov Dec
2010: Jan Feb Mar Apr May Jun Jul Aug Sep Oct Nov Dec
2009: Jan Feb Mar Apr May Jun Jul Aug Sep Oct Nov Dec
2008: Jan Feb Mar Apr May Jun Jul Aug Sep Oct Nov Dec
2007: Jan Feb Mar Apr May Jun Jul Aug Sep Oct Nov Dec
2006: Jan Feb Mar Apr May Jun Jul Aug Sep Oct Nov Dec
2005: Jan Feb Mar Apr May Jun Jul Aug Sep Oct Nov Dec
2004: Jan Feb Mar Apr May Jun Jul Aug Sep Oct Nov Dec

Report for 2010 June

Daily NOAA report



                            MONTHLY CLIMATOLOGICAL SUMMARY for JUN. 2010

NAME: De Pere Weather   CITY: De Pere STATE: Wisconsin
ELEV: 512 LAT: 044:26:02 LONG: 0088:03:01

                            TEMPERATURE ( °F), RAIN (in.), WIND SPEED (mph)

                                               HEAT     COOL           AVG
      MEAN                                     DEG      DEG            WIND                       DOM
DAY   TEMP    HIGH   TIME     LOW    TIME      DAYS     DAYS    RAIN   SPEED    HIGH    TIME      DIR
--------------------------------------------------------------------------------------------------------
01    73.6   085.1   14:30    57.3   05:14     00.0     08.7   00.00   01.8     31.1    14:22     WSW
02    64.1   071.6   00:04    55.6   00:00     00.8     00.0   00.08   01.3     16.1    14:13     NNE
03    63.8   075.4   16:00    52.8   06:14     01.2     00.0   00.00   00.7     12.7    14:29      NW
04    59.8   068.9   19:24    53.6   11:05     05.1     00.0   00.48   00.4     08.1    20:23      SE
05    64.3   075.6   15:14    55.7   04:28     00.6     00.0   00.58   00.5     13.8    19:29     NNW
06    60.4   068.8   14:24    54.1   00:00     04.5     00.0   00.00   01.7     16.1    13:20     NNW
07    60.8   069.8   15:24    51.7   02:09     04.1     00.0   00.00   00.5     11.5    18:20     ESE
08    54.6   059.3   10:29    49.1   05:19     10.4     00.0   00.48   01.3     20.7    15:14      SE
09    68.6   078.6   11:11    57.6   00:10     00.0     03.7   00.00   05.8     41.4    14:14      W 
10    62.8   073.0   15:02    53.8   06:04     02.2     00.0   00.05   00.8     12.7    17:05      N 
11    63.3   073.7   16:25    55.6   03:29     01.6     00.0   00.46   01.2     20.7    14:05     ESE
12    62.9   067.6   15:25    60.4   06:04     02.1     00.0   00.00   01.1     12.7    15:20     NNE
13    66.5   073.5   14:15    61.5   06:04     00.0     01.6   00.01   00.2     11.5    14:20      N 
14    63.8   065.8   18:15    62.0   23:24     01.1     00.0   00.00   00.9     12.7    11:14      NE
15    62.4   064.0   10:09    61.3   07:10     02.5     00.0   00.42   00.7     13.8    10:29     ENE
16    66.6   073.5   16:04    60.7   05:24     00.0     01.6   00.00   01.2     18.4    12:29     NNW
17    68.4   077.4   15:08    57.3   05:18     00.0     03.5   00.00   01.0     18.4    17:08      SE
18    76.1   085.1   15:29    66.8   06:18     00.0     11.1   00.06   01.8     31.1    14:08     WSW
19    73.6   081.8   09:25    65.6   00:00     00.0     08.7   00.00   05.7     26.4    16:05      W 
20    70.8   080.5   11:15    59.9   05:14     00.0     05.8   00.00   00.5     12.7    16:05     WSW
21    70.3   078.6   13:20    61.3   04:20     00.0     05.4   00.91   00.7     13.8    11:14      SE
22    75.8   086.7   16:04    61.3   05:20     00.0     10.8   00.00   02.2     20.7    14:14      W 
23    78.2   082.2   19:04    69.3   00:00     00.0     13.3   00.50   00.9     27.6    20:20     WSW
24    71.7   079.4   16:14    63.1   06:09     00.0     06.8   00.02   03.0     19.6    11:20      NW
25    74.1   082.6   12:00    61.6   04:24     00.0     09.1   00.00   01.0     21.9    11:05     WSW
26    72.7   080.3   08:10    64.7   00:00     00.0     07.8   00.00   01.5     16.1    13:14     NNE
27    71.9   082.4   16:18    62.1   04:05     00.0     07.0   00.66   02.2     25.3    16:13      W 
28    70.0   078.8   10:20    59.9   00:00     00.0     05.0   00.00   03.0     20.7    10:20     WNW
29    65.4   073.2   16:25    56.9   07:00     00.0     00.5   00.00   02.2     16.1    14:14      NW
30    65.5   075.4   16:24    50.8   06:05     00.0     00.6   00.00   01.2     13.8    14:20      NW
--------------------------------------------------------------------------------------------------------
67.4 (67.2)   86.7  day 22     49.1  day 08   036.3    110.9   00.00   01.6     41.4   day 09     WNW
Max >=  86: 1
Min  .008in) 9 (> .08in) 1 (> 0.8in)