NOAA-Style Climate Reports

Select a Year or Month report
2018: Jan Feb Mar Apr May Jun Jul Aug Sep Oct Nov Dec
2017: Jan Feb Mar Apr May Jun Jul Aug Sep Oct Nov Dec
2016: Jan Feb Mar Apr May Jun Jul Aug Sep Oct Nov Dec
2015: Jan Feb Mar Apr May Jun Jul Aug Sep Oct Nov Dec
2014: Jan Feb Mar Apr May Jun Jul Aug Sep Oct Nov Dec
2013: Jan Feb Mar Apr May Jun Jul Aug Sep Oct Nov Dec
2012: Jan Feb Mar Apr May Jun Jul Aug Sep Oct Nov Dec
2011: Jan Feb Mar Apr May Jun Jul Aug Sep Oct Nov Dec
2010: Jan Feb Mar Apr May Jun Jul Aug Sep Oct Nov Dec
2009: Jan Feb Mar Apr May Jun Jul Aug Sep Oct Nov Dec
2008: Jan Feb Mar Apr May Jun Jul Aug Sep Oct Nov Dec
2007: Jan Feb Mar Apr May Jun Jul Aug Sep Oct Nov Dec
2006: Jan Feb Mar Apr May Jun Jul Aug Sep Oct Nov Dec
2005: Jan Feb Mar Apr May Jun Jul Aug Sep Oct Nov Dec
2004: Jan Feb Mar Apr May Jun Jul Aug Sep Oct Nov Dec

Report for 2010 October

Daily NOAA report



                            MONTHLY CLIMATOLOGICAL SUMMARY for OCT. 2010

NAME: De Pere Weather   CITY: De Pere STATE: Wisconsin
ELEV: 512 LAT: 044:26:02 LONG: 0088:03:01

                            TEMPERATURE ( °F), RAIN (in.), WIND SPEED (mph)

                                               HEAT     COOL           AVG
      MEAN                                     DEG      DEG            WIND                       DOM
DAY   TEMP    HIGH   TIME     LOW    TIME      DAYS     DAYS    RAIN   SPEED    HIGH    TIME      DIR
--------------------------------------------------------------------------------------------------------
01    52.2   066.6   13:29    42.3   07:01     12.8     00.0   00.15   01.6     24.1    21:15      N 
02    46.7   053.8   14:15    40.9   07:01     18.3     00.0   00.00   04.6     25.3    11:06      N 
03    45.3   055.4   16:10    34.6   07:08     19.6     00.0   00.00   01.2     12.7    11:24      N 
04    47.2   061.5   16:14    34.7   07:16     17.7     00.0   00.00   00.5     11.5    15:07     WNW
05    52.1   068.3   14:27    38.9   07:09     12.8     00.0   00.00   00.9     16.1    13:01      W 
06    57.6   073.7   16:28    44.2   06:08     07.4     00.0   00.00   01.6     19.6    11:21     WNW
07    56.7   071.3   16:03    44.5   07:28     08.2     00.0   00.00   01.4     17.3    15:30     WNW
08    62.2   078.8   15:32    47.7   07:13     02.8     00.0   00.00   02.0     25.3    13:23     WSW
09    60.3   069.4   14:30    52.3   00:00     04.6     00.0   00.00   01.2     12.7    11:23     ENE
10    60.3   075.6   15:24    49.4   04:05     04.6     00.0   00.00   00.1     11.5    15:29     NNW
11    56.9   064.7   11:21    50.1   00:00     08.0     00.0   00.00   01.4     13.8    14:05     NNE
12    57.8   072.1   14:30    45.2   07:16     07.1     00.0   00.00   00.7     16.1    23:21     SSE
13    56.0   065.5   14:28    42.6   00:00     09.0     00.0   00.00   02.3     17.3    15:25     NNW
14    49.4   060.9   13:12    39.6   06:16     15.5     00.0   00.01   02.0     19.6    23:34      W 
15    51.1   061.6   14:18    44.6   23:01     13.8     00.0   00.00   02.5     13.8    11:15      N 
16    53.6   057.0   23:58    43.8   03:15     11.3     00.0   00.00   04.2     17.3    10:12     WSW
17    56.0   061.5   14:29    49.6   23:32     09.0     00.0   00.00   03.3     18.4    14:22      NW
18    48.8   057.6   14:01    37.5   00:00     16.2     00.0   00.00   01.6     14.9    13:06     WNW
19    46.5   060.4   14:13    34.1   06:23     18.5     00.0   00.00   03.2     27.6    15:09      W 
20    47.6   059.9   12:25    41.1   00:00     17.4     00.0   00.05   05.1     28.8    13:09      W 
21    42.3   050.7   14:29    33.4   00:00     22.7     00.0   00.00   03.9     19.6    14:08      NW
22    44.7   058.3   14:30    31.2   04:33     20.2     00.0   00.00   01.7     26.4    12:24     WSW
23    49.7   056.0   17:38    42.5   05:29     15.2     00.0   00.45   00.2     10.3    18:22     SSW
24    56.4   061.0   15:31    50.1   00:04     08.5     00.0   00.24   00.8     20.7    16:07      S 
25    58.0   061.8   14:05    55.0   07:07     06.9     00.0   00.00   01.1     18.4    13:32      S 
26    56.5   063.5   09:30    49.9   19:08     08.4     00.0   00.29   12.0     50.6    15:31     SSW
27    47.6   051.9   01:19    42.3   00:00     17.4     00.0   00.00   15.7     59.8    01:24     WSW
28    41.9   045.4   12:27    38.3   00:00     23.0     00.0   00.00   09.7     34.5    00:20     WNW
29    38.7   048.6   15:06    27.8   07:28     26.2     00.0   00.00   03.2     28.8    12:18      W 
30    44.5   055.6   12:04    36.0   22:35     20.4     00.0   00.00   03.2     20.7    03:14      NW
31    38.5   048.9   14:29    28.7   07:10     26.4     00.0   00.00   01.3     11.5    12:18      N 
--------------------------------------------------------------------------------------------------------
51.1 (51.5)   78.8  day 08     27.8  day 29   429.9    000.0   00.00   03.0     59.8   day 27      W 
Min  .008in) 4 (> .08in) 0 (> 0.8in)