NOAA-Style Climate Reports

Select a Year or Month report
2020: Jan Feb Mar Apr May Jun Jul Aug Sep Oct Nov Dec
2019: Jan Feb Mar Apr May Jun Jul Aug Sep Oct Nov Dec
2018: Jan Feb Mar Apr May Jun Jul Aug Sep Oct Nov Dec
2017: Jan Feb Mar Apr May Jun Jul Aug Sep Oct Nov Dec
2016: Jan Feb Mar Apr May Jun Jul Aug Sep Oct Nov Dec
2015: Jan Feb Mar Apr May Jun Jul Aug Sep Oct Nov Dec
2014: Jan Feb Mar Apr May Jun Jul Aug Sep Oct Nov Dec
2013: Jan Feb Mar Apr May Jun Jul Aug Sep Oct Nov Dec
2012: Jan Feb Mar Apr May Jun Jul Aug Sep Oct Nov Dec
2011: Jan Feb Mar Apr May Jun Jul Aug Sep Oct Nov Dec
2010: Jan Feb Mar Apr May Jun Jul Aug Sep Oct Nov Dec
2009: Jan Feb Mar Apr May Jun Jul Aug Sep Oct Nov Dec
2008: Jan Feb Mar Apr May Jun Jul Aug Sep Oct Nov Dec
2007: Jan Feb Mar Apr May Jun Jul Aug Sep Oct Nov Dec
2006: Jan Feb Mar Apr May Jun Jul Aug Sep Oct Nov Dec
2005: Jan Feb Mar Apr May Jun Jul Aug Sep Oct Nov Dec
2004: Jan Feb Mar Apr May Jun Jul Aug Sep Oct Nov Dec

Report for 2010 November


Daily NOAA report







                            MONTHLY CLIMATOLOGICAL SUMMARY for NOV. 2010



NAME: De Pere Weather   CITY: De Pere STATE: Wisconsin

ELEV: 512 LAT: 044:26:02 LONG: 0088:03:01



                            TEMPERATURE ( °F), RAIN (in.), WIND SPEED (mph)



                                               HEAT     COOL           AVG

      MEAN                                     DEG      DEG            WIND                       DOM

DAY   TEMP    HIGH   TIME     LOW    TIME      DAYS     DAYS    RAIN   SPEED    HIGH    TIME      DIR

--------------------------------------------------------------------------------------------------------

01    39.7   052.6   14:16    28.5   08:05     25.3     00.0   00.00   00.7     18.4    13:04     WSW

02    39.4   053.9   14:29    34.3   21:49     25.5     00.0   00.00   00.7     21.9    15:09      SW

03    47.1   059.5   15:36    38.6   00:34     17.8     00.0   00.00   04.9     28.8    09:09      W 

04    41.1   046.2   12:11    35.8   20:00     23.9     00.0   00.00   05.2     21.9    20:24      N 

05    33.5   035.8   23:58    26.1   23:10     31.4     00.0   00.00   05.6     17.3    23:58     NNW

06    31.4   040.5   23:59    26.1   23:59     33.5     00.0   00.00   02.3     19.6    23:59     WSW

07    43.4   055.6   14:00    35.3   00:00     21.5     00.0   00.00   01.9     26.4    08:35      SW

08    46.8   063.2   13:27    32.4   05:20     18.1     00.0   00.00   02.1     16.1    23:39      SE

09    50.1   059.9   12:26    42.8   21:07     14.9     00.0   00.00   02.1     14.9    15:22     ESE

10    51.9   058.9   13:34    46.2   05:13     13.1     00.0   00.00   04.7     26.4    21:30      SE

11    51.6   061.0   10:43    42.5   19:00     13.4     00.0   00.00   03.0     26.4    10:10      SW

12    42.7   043.1   00:00    42.5   20:04     22.2     00.0   00.00   04.8     13.8    22:07      NE

13    43.2   048.0   17:10    38.8   23:13     21.7     00.0   00.19   04.5     26.4    19:01      E 

14    36.9   039.1   00:14    32.5   23:33     28.1     00.0   00.02   08.1     34.5    15:10     WSW

15    38.5   047.9   15:19    32.7   00:08     26.4     00.0   00.00   02.0     24.1    11:27      SW

16    42.0   050.2   12:20    35.0   03:11     22.9     00.0   00.01   00.5     11.5    12:39      SE

17    39.6   042.9   11:42    32.9   22:30     25.4     00.0   00.00   03.1     19.6    15:30      NW

18    34.3   036.9   13:03    31.6   21:15     30.6     00.0   00.00   02.8     16.1    07:18      NW

19    35.3   039.3   15:22    30.6   02:22     29.6     00.0   00.00   05.5     34.5    13:08     WSW

20    29.2   034.4   14:04    23.8   07:18     35.7     00.0   00.00   03.4     18.4    04:17      N 

21    39.1   040.5   06:00    31.3   00:05     25.8     00.0   00.00   00.7     12.7    03:21     NNW

22    41.5   045.4   19:03    35.3   00:00     23.5     00.0   00.28   05.9     33.4    23:29     WNW

23    25.2   035.3   00:04    18.0   23:27     39.7     00.0   00.00   09.9     36.8    05:34     WNW

24    30.0   038.2   00:00    18.0   00:24     35.0     00.0   00.11   05.4     24.1    14:07      SE

25    30.1   039.2   05:14    17.7   00:00     34.9     00.0   00.04   09.3     35.6    23:07      W 

26    22.3   029.7   13:30    16.5   06:13     42.6     00.0   00.00   13.9     36.8    11:05      W 

27    24.1   032.4   13:35    18.3   00:00     40.9     00.0   00.00   04.1     25.3    00:23      W 

28    31.1   043.1   13:46    16.5   04:14     33.8     00.0   00.00   03.2     24.1    18:28     SSE

29    42.3   047.9   13:18    36.2   02:20     22.6     00.0   00.09   06.9     28.8    20:09     SSE

--------------------------------------------------------------------------------------------------------

38.0 (38.2)   63.2  day 08     16.5  day 28   779.9    000.0   00.00   04.4     36.8   day 26     WSW

Max  0.8in)