NOAA-Style Climate Reports

Select a Year or Month report
2020: Jan Feb Mar Apr May Jun Jul Aug Sep Oct Nov Dec
2019: Jan Feb Mar Apr May Jun Jul Aug Sep Oct Nov Dec
2018: Jan Feb Mar Apr May Jun Jul Aug Sep Oct Nov Dec
2017: Jan Feb Mar Apr May Jun Jul Aug Sep Oct Nov Dec
2016: Jan Feb Mar Apr May Jun Jul Aug Sep Oct Nov Dec
2015: Jan Feb Mar Apr May Jun Jul Aug Sep Oct Nov Dec
2014: Jan Feb Mar Apr May Jun Jul Aug Sep Oct Nov Dec
2013: Jan Feb Mar Apr May Jun Jul Aug Sep Oct Nov Dec
2012: Jan Feb Mar Apr May Jun Jul Aug Sep Oct Nov Dec
2011: Jan Feb Mar Apr May Jun Jul Aug Sep Oct Nov Dec
2010: Jan Feb Mar Apr May Jun Jul Aug Sep Oct Nov Dec
2009: Jan Feb Mar Apr May Jun Jul Aug Sep Oct Nov Dec
2008: Jan Feb Mar Apr May Jun Jul Aug Sep Oct Nov Dec
2007: Jan Feb Mar Apr May Jun Jul Aug Sep Oct Nov Dec
2006: Jan Feb Mar Apr May Jun Jul Aug Sep Oct Nov Dec
2005: Jan Feb Mar Apr May Jun Jul Aug Sep Oct Nov Dec
2004: Jan Feb Mar Apr May Jun Jul Aug Sep Oct Nov Dec

Report for 2010 December


Daily NOAA report







                            MONTHLY CLIMATOLOGICAL SUMMARY for DEC. 2010



NAME: De Pere Weather   CITY: De Pere STATE: Wisconsin

ELEV: 512 LAT: 044:26:02 LONG: 0088:03:01



                            TEMPERATURE ( °F), RAIN (in.), WIND SPEED (mph)



                                               HEAT     COOL           AVG

      MEAN                                     DEG      DEG            WIND                       DOM

DAY   TEMP    HIGH   TIME     LOW    TIME      DAYS     DAYS    RAIN   SPEED    HIGH    TIME      DIR

--------------------------------------------------------------------------------------------------------

01    24.7   026.4   00:05    23.0   09:31     40.2     00.0   00.00   09.8     27.6    18:35      W 

02    23.3   025.4   15:29    18.4   00:00     41.6     00.0   00.00   05.1     20.7    00:28     WNW

03    22.9   025.3   13:38    18.4   00:08     42.1     00.0   00.00   01.4     11.5    06:16      NW

04    27.9   034.3   10:35    23.6   01:04     37.0     00.0   00.00   03.6     18.4    13:25      N 

05    24.8   027.2   12:01    21.1   00:00     40.2     00.0   00.00   06.5     25.3    08:35     NNW

06    21.5   026.6   13:26    15.6   00:00     43.4     00.0   00.00   08.1     26.4    17:21     NNW

07    19.6   028.7   13:37    12.8   07:41     45.4     00.0   00.00   05.3     19.6    13:17      NW

08    18.4   028.8   13:42    11.6   07:15     46.6     00.0   00.00   02.1     13.8    14:24      NW

09    20.3   027.5   13:34    10.4   03:17     44.6     00.0   00.00   04.0     20.7    12:33     SSW

10    28.3   034.0   12:08    23.5   20:34     36.6     00.0   00.03   08.7     25.3    13:01     WSW

11    28.7   033.7   13:07    19.4   09:00     36.2     00.0   00.00   10.7     34.5    21:37      NE

12    17.5   019.7   12:18    09.9   00:00     47.5     00.0   00.01   23.7     34.5    14:32      N 

13    10.4   016.9   13:38    04.8   00:00     54.6     00.0   00.00   11.1     19.6    14:19     NNW

14    06.8   018.6   13:36   -03.3   05:22     58.2     00.0   00.00   03.7     16.1    13:19      NW

15    04.3   016.2   14:06   -05.0   07:04     60.7     00.0   00.00   01.7     11.5    10:02     WSW

16    09.4   021.8   14:12   -00.8   01:06     55.5     00.0   00.00   02.4     10.3    14:23     WSW

17    16.3   019.9   14:07    11.6   08:16     48.6     00.0   00.00   12.0     26.4    12:37      W 

18    14.7   018.4   14:01    11.2   08:08     50.2     00.0   00.00   10.8     24.1    12:25      W 

19    15.8   022.9   11:08    07.9   23:19     49.1     00.0   00.00   04.8     13.8    12:23      W 

20    15.3   026.0   00:00    03.7   06:24     49.6     00.0   00.00   01.2     05.8    16:23      NE

21    31.1   032.5   22:00    26.0   00:01     33.9     00.0   00.00   04.9     13.8    11:06     ESE

22    30.6   035.6   13:15    25.8   17:30     34.3     00.0   00.13   05.1     11.5    23:28     NNW

23    27.2   029.3   00:12    25.4   21:13     37.7     00.0   00.00   03.7     11.5    10:21     NNW

24    27.4   031.5   11:36    24.8   06:26     37.5     00.0   00.00   02.5     08.1    23:14     NNW

25    28.2   031.5   13:36    23.0   23:21     36.7     00.0   00.00   07.2     16.1    20:33      N 

26    22.4   030.6   14:13    10.4   23:33     42.6     00.0   00.00   05.5     17.3    10:20      N 

27    17.2   021.0   14:40    10.5   00:04     47.8     00.0   00.00   08.4     25.3    13:04      SW

28    19.9   026.4   14:16    12.9   00:34     45.0     00.0   00.00   13.2     38.0    01:29     WSW

29    29.3   038.9   14:09    17.0   02:23     35.6     00.0   01.40   07.6     25.3    12:20     SSW

30    37.7   041.6   00:00    34.3   01:11     27.3     00.0   00.01   07.3     19.6    16:29     SSE

31    39.8   044.3   03:26    36.5   17:40     25.1     00.0   00.00   04.8     26.4    04:07     SSW

--------------------------------------------------------------------------------------------------------

22.0 (21.7)   44.3  day 31    -05.0  day 15   1331.4    000.0   00.00   06.7     38.0   day 28      NW

Max