NOAA-Style Climate Reports

Select a Year or Month report
2018: Jan Feb Mar Apr May Jun Jul Aug Sep Oct Nov Dec
2017: Jan Feb Mar Apr May Jun Jul Aug Sep Oct Nov Dec
2016: Jan Feb Mar Apr May Jun Jul Aug Sep Oct Nov Dec
2015: Jan Feb Mar Apr May Jun Jul Aug Sep Oct Nov Dec
2014: Jan Feb Mar Apr May Jun Jul Aug Sep Oct Nov Dec
2013: Jan Feb Mar Apr May Jun Jul Aug Sep Oct Nov Dec
2012: Jan Feb Mar Apr May Jun Jul Aug Sep Oct Nov Dec
2011: Jan Feb Mar Apr May Jun Jul Aug Sep Oct Nov Dec
2010: Jan Feb Mar Apr May Jun Jul Aug Sep Oct Nov Dec
2009: Jan Feb Mar Apr May Jun Jul Aug Sep Oct Nov Dec
2008: Jan Feb Mar Apr May Jun Jul Aug Sep Oct Nov Dec
2007: Jan Feb Mar Apr May Jun Jul Aug Sep Oct Nov Dec
2006: Jan Feb Mar Apr May Jun Jul Aug Sep Oct Nov Dec
2005: Jan Feb Mar Apr May Jun Jul Aug Sep Oct Nov Dec
2004: Jan Feb Mar Apr May Jun Jul Aug Sep Oct Nov Dec

Report for 2011

Daily NOAA report



                            YEARLY CLIMATOLOGICAL SUMMARY for Dec 2011

NAME: De Pere Weather   CITY: De Pere STATE: Wisconsin
ELEV: 512 LAT: 044:26:02 LONG: 0088:03:01

                            TEMPERATURE ( °F), RAIN (in.), WIND SPEED (mph)

                                                 HEAT     COOL           AVG
      MEAN                                       DEG      DEG            WIND                        DOM
MTH   TEMP    HIGH   TIME      LOW     TIME      DAYS     DAYS   RAIN    SPEED    HIGH    TIME       DIR
--------------------------------------------------------------------------------------------------------
01    17.0   041.9   00:59   -10.0   08:03    1487.4    0000.0   00.00    03.4     54.0    23:53      W 
02    22.6   047.0   18:13   -10.0   07:22    1185.6    0000.0   00.00    04.4     47.1    23:52      W 
03    30.8   057.6   13:34    06.5   06:28    1057.0    0000.0   00.00    02.9     40.3    23:56      W 
04    43.5   078.6   14:56    28.7   06:26    0644.6    0000.0   00.00    04.2     49.5    23:58      W 
05    56.0   085.1   13:39    29.8   05:48    0301.6    0023.8   00.00    03.5     49.5    23:52     WNW
06    66.0   096.6   16:36    46.4   05:58    0064.2    0095.7   00.00    02.0     42.5    23:57     WNW
07    76.1   096.3   16:03    58.6   01:47    0000.0    0347.4   00.00    01.5     42.5    23:58     WNW
08    71.1   086.7   13:51    52.9   06:20    0000.4    0189.9   00.00    01.6     34.5    23:51     WNW
09    58.7   085.3   14:35    36.9   07:08    0221.9    0040.0   00.00    02.0     50.6    23:56     WNW
10    51.7   081.8   14:29    30.3   08:12    0425.5    0012.7   00.00    03.0     44.9    10:15     WNW
11    39.4   061.6   12:18    18.3   07:00    0734.7    0000.0   00.00    04.2     35.6    14:32     WNW
12    30.6   046.1   10:28    09.0   05:46    1035.7    0000.0   00.00    04.1     44.9    19:14      W 
--------------------------------------------------------------------------------------------------------
      47.2    96.6            -10.0            7158.7     709.6   00.00     3.0     54.1               W 

Max >=  90.0: 22
Max