NOAA-Style Climate Reports

Select a Year or Month report
2018: Jan Feb Mar Apr May Jun Jul Aug Sep Oct Nov Dec
2017: Jan Feb Mar Apr May Jun Jul Aug Sep Oct Nov Dec
2016: Jan Feb Mar Apr May Jun Jul Aug Sep Oct Nov Dec
2015: Jan Feb Mar Apr May Jun Jul Aug Sep Oct Nov Dec
2014: Jan Feb Mar Apr May Jun Jul Aug Sep Oct Nov Dec
2013: Jan Feb Mar Apr May Jun Jul Aug Sep Oct Nov Dec
2012: Jan Feb Mar Apr May Jun Jul Aug Sep Oct Nov Dec
2011: Jan Feb Mar Apr May Jun Jul Aug Sep Oct Nov Dec
2010: Jan Feb Mar Apr May Jun Jul Aug Sep Oct Nov Dec
2009: Jan Feb Mar Apr May Jun Jul Aug Sep Oct Nov Dec
2008: Jan Feb Mar Apr May Jun Jul Aug Sep Oct Nov Dec
2007: Jan Feb Mar Apr May Jun Jul Aug Sep Oct Nov Dec
2006: Jan Feb Mar Apr May Jun Jul Aug Sep Oct Nov Dec
2005: Jan Feb Mar Apr May Jun Jul Aug Sep Oct Nov Dec
2004: Jan Feb Mar Apr May Jun Jul Aug Sep Oct Nov Dec

Report for 2011 February

Daily NOAA report



                            MONTHLY CLIMATOLOGICAL SUMMARY for FEB. 2011

NAME: De Pere Weather   CITY: De Pere STATE: Wisconsin
ELEV: 512 LAT: 044:26:02 LONG: 0088:03:01

                            TEMPERATURE ( °F), RAIN (in.), WIND SPEED (mph)

                                               HEAT     COOL           AVG
      MEAN                                     DEG      DEG            WIND                       DOM
DAY   TEMP    HIGH   TIME     LOW    TIME      DAYS     DAYS    RAIN   SPEED    HIGH    TIME      DIR
--------------------------------------------------------------------------------------------------------
01    16.3   020.0   12:26    12.9   07:23     48.6     00.0   00.00   09.1     34.5    20:27     NNE
02    17.3   025.4   14:05    05.0   00:00     47.6     00.0   00.00   07.6     34.5    01:35     NNW
03    09.9   019.1   15:13   -01.0   05:18     55.0     00.0   00.00   06.5     35.6    12:46      SW
04    19.3   023.3   17:06    16.7   09:31     45.7     00.0   00.00   06.9     34.5    00:31      SW
05    24.4   030.0   15:16    19.4   06:52     40.5     00.0   00.00   01.4     19.6    00:03      SW
06    27.3   031.6   12:17    23.0   23:37     37.7     00.0   00.00   01.7     11.5    15:49      N 
07    19.5   023.3   13:16    10.9   00:00     45.4     00.0   00.00   03.1     18.4    04:52      N 
08    07.6   012.7   10:25    01.8   07:42     57.3     00.0   00.00   08.2     33.4    14:58      W 
09    04.0   012.8   14:20   -03.9   07:44     60.9     00.0   00.00   07.2     31.1    15:41      W 
10    00.9   011.5   14:28   -10.0   07:22     64.0     00.0   00.00   01.6     18.4    16:44      SW
11    09.4   022.4   22:37   -03.9   07:37     55.6     00.0   00.00   03.5     27.6    20:58      SW
12    23.7   032.8   10:44    09.2   07:40     41.2     00.0   00.00   01.9     17.3    12:38      SW
13    34.4   043.3   14:53    25.0   02:37     30.6     00.0   00.00   06.3     26.4    23:42      SW
14    35.7   040.3   10:31    27.2   23:27     29.3     00.0   00.00   06.4     32.2    06:27     WNW
15    33.5   041.3   13:03    27.3   03:03     31.4     00.0   00.00   03.6     26.4    23:20      S 
16    38.9   046.3   13:16    32.8   07:08     26.0     00.0   00.00   02.6     25.3    02:07      SW
17    43.7   047.0   18:13    38.2   00:02     21.2     00.0   00.00   03.5     28.8    20:09     SSW
18    33.1   041.1   00:13    23.6   00:00     31.8     00.0   00.00   14.9     47.1    13:01      W 
19    24.1   031.6   13:50    16.4   07:27     40.8     00.0   00.00   02.9     20.7    00:29      NW
20    27.5   032.1   12:07    22.4   03:02     37.5     00.0   00.00   03.3     19.6    16:57      NE
21    22.0   027.0   00:20    19.7   00:00     43.0     00.0   00.00   05.3     19.6    14:28      NE
22    21.6   027.8   12:03    15.7   21:03     43.4     00.0   00.00   02.4     13.8    09:16      E 
23    26.0   028.8   14:42    22.9   00:39     39.0     00.0   00.00   01.7     19.6    07:28      S 
24    30.4   035.0   13:06    26.5   00:00     34.5     00.0   00.04   02.3     18.4    23:47      NW
25    22.5   028.3   13:58    17.0   00:00     42.4     00.0   00.00   04.2     19.6    00:28      NW
26    15.4   022.2   11:24    10.7   05:17     49.6     00.0   00.00   01.5     18.4    00:01      W 
27    19.6   026.3   13:22    10.7   03:13     45.3     00.0   00.04   00.7     16.1    14:07     WSW
28    24.7   035.3   10:55    15.0   05:42     40.2     00.0   00.03   02.7     19.6    16:09      W 
--------------------------------------------------------------------------------------------------------
22.6 (22.3)   47.0  day 17    -010.0  day 10   1185.6    000.0   00.00   04.4     47.2   day 18      W 
Max