NOAA-Style Climate Reports

Select a Year or Month report
2018: Jan Feb Mar Apr May Jun Jul Aug Sep Oct Nov Dec
2017: Jan Feb Mar Apr May Jun Jul Aug Sep Oct Nov Dec
2016: Jan Feb Mar Apr May Jun Jul Aug Sep Oct Nov Dec
2015: Jan Feb Mar Apr May Jun Jul Aug Sep Oct Nov Dec
2014: Jan Feb Mar Apr May Jun Jul Aug Sep Oct Nov Dec
2013: Jan Feb Mar Apr May Jun Jul Aug Sep Oct Nov Dec
2012: Jan Feb Mar Apr May Jun Jul Aug Sep Oct Nov Dec
2011: Jan Feb Mar Apr May Jun Jul Aug Sep Oct Nov Dec
2010: Jan Feb Mar Apr May Jun Jul Aug Sep Oct Nov Dec
2009: Jan Feb Mar Apr May Jun Jul Aug Sep Oct Nov Dec
2008: Jan Feb Mar Apr May Jun Jul Aug Sep Oct Nov Dec
2007: Jan Feb Mar Apr May Jun Jul Aug Sep Oct Nov Dec
2006: Jan Feb Mar Apr May Jun Jul Aug Sep Oct Nov Dec
2005: Jan Feb Mar Apr May Jun Jul Aug Sep Oct Nov Dec
2004: Jan Feb Mar Apr May Jun Jul Aug Sep Oct Nov Dec

Report for 2011 April

Daily NOAA report



                            MONTHLY CLIMATOLOGICAL SUMMARY for APR. 2011

NAME: De Pere Weather   CITY: De Pere STATE: Wisconsin
ELEV: 512 LAT: 044:26:02 LONG: 0088:03:01

                            TEMPERATURE ( °F), RAIN (in.), WIND SPEED (mph)

                                               HEAT     COOL           AVG
      MEAN                                     DEG      DEG            WIND                       DOM
DAY   TEMP    HIGH   TIME     LOW    TIME      DAYS     DAYS    RAIN   SPEED    HIGH    TIME      DIR
--------------------------------------------------------------------------------------------------------
01    39.0   050.1   12:34    29.0   01:57     26.0     00.0   00.00   01.6     21.9    17:27      SW
02    41.0   050.4   15:26    34.1   00:00     23.9     00.0   00.00   04.0     21.9    15:35     WNW
03    36.3   038.8   06:19    33.1   02:38     28.6     00.0   00.43   04.1     27.6    14:46     ESE
04    39.4   046.2   16:31    34.3   00:00     25.5     00.0   00.01   08.5     33.4    15:53     WNW
05    40.4   049.9   15:23    29.3   06:14     24.5     00.0   00.00   05.1     27.6    13:14      W 
06    42.5   051.9   11:34    37.0   21:44     22.5     00.0   00.00   02.6     17.3    16:38      N 
07    44.2   057.5   14:21    30.7   06:55     20.7     00.0   00.00   02.0     17.3    13:27     ESE
08    46.5   056.3   16:14    37.0   07:21     18.5     00.0   00.00   01.9     13.8    13:51      E 
09    46.8   053.5   17:08    38.5   03:49     18.2     00.0   00.00   01.6     17.3    15:47      SE
10    62.4   078.6   14:56    47.0   00:01     02.5     00.0   00.87   04.3     49.5    22:34     SSW
11    53.0   059.9   00:01    41.2   00:00     12.0     00.0   00.00   10.6     44.9    00:56     WNW
12    48.2   061.0   14:42    33.1   06:47     16.7     00.0   00.00   00.9     11.5    18:46     ESE
13    51.4   069.1   14:17    36.5   05:29     13.5     00.0   00.00   02.9     25.3    10:03      W 
14    36.8   043.8   00:01    32.1   09:29     28.1     00.0   00.00   06.5     21.9    17:09     NNE
15    38.1   044.3   13:18    33.2   01:14     26.9     00.0   00.33   06.5     33.4    14:59     ENE
16    35.3   037.8   11:45    33.1   15:55     29.6     00.0   00.59   07.8     33.4    23:48      NW
17    37.2   043.2   17:07    31.8   06:55     27.7     00.0   00.00   11.2     34.5    14:19     WNW
18    34.7   041.3   16:21    29.5   06:39     30.3     00.0   00.00   02.8     16.1    03:46      NE
19    33.7   038.9   08:18    31.3   15:04     31.2     00.0   00.02   02.5     18.4    09:14      NE
20    35.7   042.1   14:43    31.8   06:03     29.3     00.0   00.61   02.9     19.6    17:47     WNW
21    40.4   050.1   12:14    28.7   06:26     24.5     00.0   00.03   01.5     17.3    13:20      S 
22    40.1   043.2   14:33    37.0   04:01     24.8     00.0   00.23   03.9     18.4    14:49      E 
23    45.7   055.3   14:59    40.5   02:56     19.2     00.0   00.01   05.2     28.8    16:31      W 
24    48.2   058.4   15:09    35.5   06:15     16.7     00.0   00.00   00.9     16.1    13:59     WSW
25    51.5   063.4   15:11    37.5   06:21     13.4     00.0   00.01   02.4     17.3    14:02     ENE
26    46.6   052.2   01:49    41.6   08:50     18.3     00.0   00.94   04.5     26.4    07:37     ENE
27    46.8   052.2   16:52    43.5   06:54     18.2     00.0   00.00   02.5     19.6    18:32      W 
28    41.7   045.5   13:59    37.8   22:28     23.2     00.0   00.12   02.9     20.7    18:52      NW
29    48.9   062.9   14:45    32.4   06:25     16.0     00.0   00.01   02.1     13.8    17:22      S 
30    51.1   057.8   20:03    42.6   06:05     13.9     00.0   00.02   10.6     42.5    13:35      SE
--------------------------------------------------------------------------------------------------------
43.5 (43.6)   78.6  day 10     28.7  day 21   644.6    000.0   00.00   04.2     49.5   day 30      NW
Min  .008in) 8 (> .08in) 2 (> 0.8in)