NOAA-Style Climate Reports

Select a Year or Month report
2018: Jan Feb Mar Apr May Jun Jul Aug Sep Oct Nov Dec
2017: Jan Feb Mar Apr May Jun Jul Aug Sep Oct Nov Dec
2016: Jan Feb Mar Apr May Jun Jul Aug Sep Oct Nov Dec
2015: Jan Feb Mar Apr May Jun Jul Aug Sep Oct Nov Dec
2014: Jan Feb Mar Apr May Jun Jul Aug Sep Oct Nov Dec
2013: Jan Feb Mar Apr May Jun Jul Aug Sep Oct Nov Dec
2012: Jan Feb Mar Apr May Jun Jul Aug Sep Oct Nov Dec
2011: Jan Feb Mar Apr May Jun Jul Aug Sep Oct Nov Dec
2010: Jan Feb Mar Apr May Jun Jul Aug Sep Oct Nov Dec
2009: Jan Feb Mar Apr May Jun Jul Aug Sep Oct Nov Dec
2008: Jan Feb Mar Apr May Jun Jul Aug Sep Oct Nov Dec
2007: Jan Feb Mar Apr May Jun Jul Aug Sep Oct Nov Dec
2006: Jan Feb Mar Apr May Jun Jul Aug Sep Oct Nov Dec
2005: Jan Feb Mar Apr May Jun Jul Aug Sep Oct Nov Dec
2004: Jan Feb Mar Apr May Jun Jul Aug Sep Oct Nov Dec

Report for 2011 May

Daily NOAA report



                            MONTHLY CLIMATOLOGICAL SUMMARY for MAY. 2011

NAME: De Pere Weather   CITY: De Pere STATE: Wisconsin
ELEV: 512 LAT: 044:26:02 LONG: 0088:03:01

                            TEMPERATURE ( °F), RAIN (in.), WIND SPEED (mph)

                                               HEAT     COOL           AVG
      MEAN                                     DEG      DEG            WIND                       DOM
DAY   TEMP    HIGH   TIME     LOW    TIME      DAYS     DAYS    RAIN   SPEED    HIGH    TIME      DIR
--------------------------------------------------------------------------------------------------------
01    49.0   054.4   10:09    38.9   00:00     15.9     00.0   00.00   10.1     43.7    12:38     WSW
02    41.7   047.1   10:58    37.2   03:31     23.2     00.0   00.00   07.0     26.4    11:28      W 
03    40.3   044.3   14:33    35.8   22:32     24.6     00.0   00.00   02.1     11.5    16:49      N 
04    49.1   063.6   14:32    29.8   05:48     15.9     00.0   00.00   01.2     19.6    18:06     WSW
05    50.0   056.7   14:55    40.2   05:37     14.9     00.0   00.01   02.8     19.6    21:53      S 
06    52.5   063.8   10:29    42.1   05:52     12.4     00.0   00.00   04.1     25.3    12:17      W 
07    50.4   062.4   15:31    38.0   05:21     14.5     00.0   00.00   02.1     12.7    16:42     ENE
08    55.5   067.4   15:41    40.1   05:21     09.4     00.0   00.00   02.3     13.8    16:58      E 
09    54.7   061.8   11:51    49.6   22:16     10.3     00.0   00.15   04.3     24.1    11:17     ESE
10    59.6   067.4   15:01    53.2   06:34     05.3     00.0   00.00   03.6     19.6    12:02      E 
11    60.0   068.8   13:38    54.1   01:40     04.9     00.0   00.08   04.3     28.8    16:49     ESE
12    64.8   074.7   15:18    56.9   02:14     00.1     00.0   00.21   01.3     20.7    17:56      N 
13    56.4   063.1   16:08    48.0   00:00     08.6     00.0   00.01   03.7     24.1    23:50      N 
14    48.1   052.0   23:54    46.4   07:28     16.9     00.0   00.02   06.4     25.3    19:39     NNE
15    50.5   057.6   15:16    44.2   00:00     14.4     00.0   00.00   08.3     29.9    08:57     NNE
16    49.0   058.9   15:05    38.8   05:49     16.0     00.0   00.00   04.1     19.6    09:59      N 
17    52.6   062.4   17:48    37.6   04:29     12.3     00.0   00.00   03.1     19.6    15:02      N 
18    53.2   061.0   14:55    46.8   07:43     11.7     00.0   00.02   03.8     18.4    14:18      N 
19    61.0   071.8   17:02    53.2   04:05     03.9     00.0   00.00   02.3     16.1    01:18      N 
20    65.5   076.7   11:57    53.3   03:31     00.0     00.5   00.00   01.3     12.7    16:59      NE
21    60.6   068.3   12:31    52.3   06:04     04.3     00.0   00.32   01.6     17.3    13:31     ESE
22    67.6   080.6   13:52    59.0   06:04     00.0     02.7   00.59   01.7     33.4    17:06      SE
23    66.3   073.3   16:15    60.4   05:57     00.0     01.3   00.00   05.2     33.4    14:59      W 
24    54.8   060.9   00:01    47.7   00:00     10.1     00.0   00.00   02.2     17.3    00:57      NE
25    48.2   053.9   11:27    44.8   05:50     16.7     00.0   00.29   03.0     21.9    16:18      NE
26    50.3   058.2   15:26    41.1   00:00     14.7     00.0   00.00   05.0     26.4    09:18     NNE
27    51.4   063.7   15:22    36.3   06:16     13.5     00.0   00.00   01.2     13.8    14:59      NE
28    59.6   070.6   17:21    47.7   03:33     05.3     00.0   00.03   02.0     31.1    10:09      SW
29    63.3   069.6   12:35    56.3   06:04     01.6     00.0   00.00   01.0     12.7    01:58      SE
30    71.0   083.8   17:07    55.6   05:53     00.0     06.1   00.00   01.3     21.9    17:27     ESE
31    78.2   085.1   13:39    70.3   23:38     00.0     13.2   00.00   05.8     49.5    15:48      SW
--------------------------------------------------------------------------------------------------------
56.0 (55.8)   85.1  day 31     29.8  day 04   301.7    023.9   00.00   03.5     49.5   day 01     N
Min  .008in) 5 (> .08in) 0 (> 0.8in)