NOAA-Style Climate Reports

Select a Year or Month report
2018: Jan Feb Mar Apr May Jun Jul Aug Sep Oct Nov Dec
2017: Jan Feb Mar Apr May Jun Jul Aug Sep Oct Nov Dec
2016: Jan Feb Mar Apr May Jun Jul Aug Sep Oct Nov Dec
2015: Jan Feb Mar Apr May Jun Jul Aug Sep Oct Nov Dec
2014: Jan Feb Mar Apr May Jun Jul Aug Sep Oct Nov Dec
2013: Jan Feb Mar Apr May Jun Jul Aug Sep Oct Nov Dec
2012: Jan Feb Mar Apr May Jun Jul Aug Sep Oct Nov Dec
2011: Jan Feb Mar Apr May Jun Jul Aug Sep Oct Nov Dec
2010: Jan Feb Mar Apr May Jun Jul Aug Sep Oct Nov Dec
2009: Jan Feb Mar Apr May Jun Jul Aug Sep Oct Nov Dec
2008: Jan Feb Mar Apr May Jun Jul Aug Sep Oct Nov Dec
2007: Jan Feb Mar Apr May Jun Jul Aug Sep Oct Nov Dec
2006: Jan Feb Mar Apr May Jun Jul Aug Sep Oct Nov Dec
2005: Jan Feb Mar Apr May Jun Jul Aug Sep Oct Nov Dec
2004: Jan Feb Mar Apr May Jun Jul Aug Sep Oct Nov Dec

Report for 2011 June

Daily NOAA report



                            MONTHLY CLIMATOLOGICAL SUMMARY for JUN. 2011

NAME: De Pere Weather   CITY: De Pere STATE: Wisconsin
ELEV: 512 LAT: 044:26:02 LONG: 0088:03:01

                            TEMPERATURE ( °F), RAIN (in.), WIND SPEED (mph)

                                               HEAT     COOL           AVG
      MEAN                                     DEG      DEG            WIND                       DOM
DAY   TEMP    HIGH   TIME     LOW    TIME      DAYS     DAYS    RAIN   SPEED    HIGH    TIME      DIR
--------------------------------------------------------------------------------------------------------
01    67.5   075.6   16:28    58.4   06:09     00.0     02.5   00.00   11.6     42.5    14:58      W 
02    58.1   067.2   16:22    49.9   06:27     06.9     00.0   00.00   02.2     17.3    09:27     ENE
03    66.3   076.7   17:43    50.4   02:24     00.0     01.4   00.02   01.8     19.6    18:22     ESE
04    78.6   087.2   16:34    64.4   00:00     00.0     13.6   00.00   02.9     24.1    17:11     WNW
05    69.9   080.3   16:25    58.4   06:14     00.0     05.0   00.00   01.0     12.7    18:32      NE
06    73.3   088.4   16:59    57.2   06:17     00.0     08.4   00.00   01.0     26.4    15:35      SW
07    82.5   096.6   16:36    67.1   04:04     00.0     17.6   00.00   01.6     38.0    16:54      S 
08    81.5   092.3   16:02    66.8   00:00     00.0     16.6   00.04   04.6     40.3    10:59      SW
09    57.2   066.8   00:01    51.0   00:00     07.8     00.0   00.00   03.4     19.6    14:21     NNE
10    51.4   054.2   15:37    46.7   05:37     13.5     00.0   00.17   01.4     12.7    14:52     ENE
11    54.3   059.9   16:07    49.1   07:03     10.6     00.0   00.34   01.4     13.8    03:02     NNW
12    58.9   069.6   15:15    46.4   05:58     06.0     00.0   00.00   01.2     13.8    08:38     NNW
13    64.1   076.3   15:53    48.0   05:49     00.9     00.0   00.00   00.4     11.5    13:31     ESE
14    64.3   074.4   17:00    51.9   05:51     00.6     00.0   00.00   01.7     18.4    14:06      E 
15    59.1   062.0   09:00    56.9   13:15     05.9     00.0   00.44   02.7     25.3    09:06     ESE
16    63.4   072.1   16:46    58.0   01:11     01.5     00.0   00.09   00.8     13.8    12:30     NNW
17    68.4   076.7   11:07    60.2   05:54     00.0     03.5   00.00   00.7     11.5    17:27     ENE
18    67.8   076.7   13:06    58.0   05:45     00.0     02.8   00.00   00.5     10.3    13:34     NNE
19    62.2   065.6   11:06    59.5   00:00     02.7     00.0   00.32   00.5     11.5    06:13     ENE
20    63.0   066.9   17:41    58.3   04:47     01.9     00.0   00.00   01.1     16.1    13:26      N 
21    62.3   064.7   09:35    59.5   23:21     02.7     00.0   01.07   01.7     18.4    22:03      NE
22    67.7   076.5   11:28    59.6   03:55     00.0     02.7   00.74   00.7     21.9    12:41      S 
23    63.7   066.3   18:31    58.9   00:00     01.2     00.0   00.39   01.2     17.3    19:54     NNW
24    63.0   072.7   17:04    54.2   04:39     02.0     00.0   00.00   03.5     20.7    14:14     WNW
25    68.7   080.7   15:26    53.1   05:41     00.0     03.7   00.00   01.6     17.3    15:52      W 
26    70.0   081.2   11:16    56.6   06:10     00.0     05.1   00.00   00.6     13.8    17:07      SE
27    68.5   075.4   15:29    62.4   07:09     00.0     03.5   00.00   02.3     24.1    20:32      SE
28    68.6   076.8   17:56    59.2   06:15     00.0     03.7   00.00   05.7     26.4    08:32     WNW
29    65.1   075.1   14:22    53.5   06:02     00.0     00.2   00.00   00.5     12.7    17:14     ESE
30    70.2   079.4   12:55    56.9   04:37     00.0     05.2   00.00   00.9     16.1    13:39      SE
--------------------------------------------------------------------------------------------------------
66.0 (65.4)   96.6  day 07     46.4  day 12   064.2    095.6   00.00   02.0     42.6   day 01      NW
Max >=  86: 4
Min  .008in) 8 (> .08in) 1 (> 0.8in)