NOAA-Style Climate Reports

Select a Year or Month report
2018: Jan Feb Mar Apr May Jun Jul Aug Sep Oct Nov Dec
2017: Jan Feb Mar Apr May Jun Jul Aug Sep Oct Nov Dec
2016: Jan Feb Mar Apr May Jun Jul Aug Sep Oct Nov Dec
2015: Jan Feb Mar Apr May Jun Jul Aug Sep Oct Nov Dec
2014: Jan Feb Mar Apr May Jun Jul Aug Sep Oct Nov Dec
2013: Jan Feb Mar Apr May Jun Jul Aug Sep Oct Nov Dec
2012: Jan Feb Mar Apr May Jun Jul Aug Sep Oct Nov Dec
2011: Jan Feb Mar Apr May Jun Jul Aug Sep Oct Nov Dec
2010: Jan Feb Mar Apr May Jun Jul Aug Sep Oct Nov Dec
2009: Jan Feb Mar Apr May Jun Jul Aug Sep Oct Nov Dec
2008: Jan Feb Mar Apr May Jun Jul Aug Sep Oct Nov Dec
2007: Jan Feb Mar Apr May Jun Jul Aug Sep Oct Nov Dec
2006: Jan Feb Mar Apr May Jun Jul Aug Sep Oct Nov Dec
2005: Jan Feb Mar Apr May Jun Jul Aug Sep Oct Nov Dec
2004: Jan Feb Mar Apr May Jun Jul Aug Sep Oct Nov Dec

Report for 2011 July

Daily NOAA report



                            MONTHLY CLIMATOLOGICAL SUMMARY for JUL. 2011

NAME: De Pere Weather   CITY: De Pere STATE: Wisconsin
ELEV: 512 LAT: 044:26:02 LONG: 0088:03:01

                            TEMPERATURE ( °F), RAIN (in.), WIND SPEED (mph)

                                               HEAT     COOL           AVG
      MEAN                                     DEG      DEG            WIND                       DOM
DAY   TEMP    HIGH   TIME     LOW    TIME      DAYS     DAYS    RAIN   SPEED    HIGH    TIME      DIR
--------------------------------------------------------------------------------------------------------
01    82.1   090.7   16:49    72.7   00:32     00.0     17.1   00.00   01.6     32.2    13:48      S 
02    81.0   088.4   16:28    70.9   05:46     00.0     16.1   00.00   03.9     28.8    01:18     WNW
03    74.8   084.6   11:06    61.3   06:21     00.0     09.8   00.00   00.7     11.5    15:22     WNW
04    76.6   089.3   16:42    60.1   05:58     00.0     11.6   00.00   00.7     17.3    17:36      W 
05    76.5   088.6   13:42    66.0   23:48     00.0     11.6   00.92   02.4     26.4    11:18      W 
06    73.0   082.8   16:13    63.2   06:11     00.0     08.1   00.02   00.9     12.7    14:07      NE
07    69.7   078.3   13:28    60.1   05:41     00.0     04.7   00.00   00.3     11.5    15:31     ESE
08    72.4   085.9   10:45    59.8   06:14     00.0     07.5   00.26   01.0     12.7    12:41     SSE
09    74.4   084.5   15:37    63.2   06:09     00.0     09.5   00.00   00.3     16.1    13:08      SE
10    78.6   084.5   17:19    71.1   06:10     00.0     13.7   00.03   01.1     24.1    14:49      SW
11    79.1   088.8   16:55    69.0   06:23     00.0     14.2   00.22   03.8     31.1    04:43      W 
12    72.2   077.0   10:24    64.7   00:00     00.0     07.2   00.00   01.6     11.5    18:02     WNW
13    66.9   074.4   14:45    59.2   06:31     00.0     01.9   00.00   01.9     17.3    10:17      N 
14    67.4   076.8   12:49    58.6   01:47     00.0     02.4   00.00   00.6     11.5    12:25     ESE
15    72.1   080.7   14:41    64.3   02:19     00.0     07.2   00.00   00.3     12.7    18:02     ESE
16    76.5   084.3   10:22    66.3   05:31     00.0     11.6   00.00   00.5     19.6    11:55     SSW
17    83.3   095.1   16:17    72.7   03:18     00.0     18.3   00.28   01.2     35.6    22:22      SW
18    79.5   091.4   16:45    72.3   03:58     00.0     14.6   00.04   02.1     42.5    09:31      W 
19    82.3   091.8   10:55    72.1   05:51     00.0     17.3   00.00   00.2     10.3    13:46     WSW
20    84.5   096.3   16:03    71.8   06:07     00.0     19.6   00.06   02.2     29.9    15:41      SW
21    83.1   089.3   10:43    71.3   00:00     00.0     18.2   00.00   05.0     26.4    12:52      W 
22    76.8   088.8   16:27    65.0   06:08     00.0     11.8   00.00   01.0     24.1    11:36      SW
23    77.8   086.3   11:16    70.9   00:00     00.0     12.9   00.00   01.5     17.3    16:24     NNE
24    74.8   083.6   15:47    67.1   05:49     00.0     09.8   00.28   01.3     13.8    05:53     WNW
25    76.1   085.7   15:35    63.9   06:36     00.0     11.2   00.02   03.0     32.2    16:16      W 
26    72.9   082.2   11:21    64.3   00:00     00.0     07.9   00.00   01.3     13.8    00:32      N 
27    67.9   074.4   17:17    62.3   04:17     00.0     02.9   00.09   00.1     13.8    15:29      SE
28    75.5   084.3   15:17    69.4   00:00     00.0     10.5   00.86   00.5     11.5    13:11     ESE
29    78.2   088.0   16:30    67.1   04:52     00.0     13.2   00.00   01.8     18.4    14:52      W 
30    75.7   090.3   15:29    66.3   00:00     00.0     10.8   00.06   01.4     41.4    16:13     WSW
31    79.0   091.0   16:38    66.1   00:42     00.0     14.1   00.00   03.0     24.1    20:21     WSW
--------------------------------------------------------------------------------------------------------
76.1 (76.0)   96.3  day 20     58.6  day 14   000.0    347.5   00.00   01.5     42.6   day 18     WSW
Max >=  86: 15
Min  .008in) 7 (> .08in) 2 (> 0.8in)