NOAA-Style Climate Reports

Select a Year or Month report
2018: Jan Feb Mar Apr May Jun Jul Aug Sep Oct Nov Dec
2017: Jan Feb Mar Apr May Jun Jul Aug Sep Oct Nov Dec
2016: Jan Feb Mar Apr May Jun Jul Aug Sep Oct Nov Dec
2015: Jan Feb Mar Apr May Jun Jul Aug Sep Oct Nov Dec
2014: Jan Feb Mar Apr May Jun Jul Aug Sep Oct Nov Dec
2013: Jan Feb Mar Apr May Jun Jul Aug Sep Oct Nov Dec
2012: Jan Feb Mar Apr May Jun Jul Aug Sep Oct Nov Dec
2011: Jan Feb Mar Apr May Jun Jul Aug Sep Oct Nov Dec
2010: Jan Feb Mar Apr May Jun Jul Aug Sep Oct Nov Dec
2009: Jan Feb Mar Apr May Jun Jul Aug Sep Oct Nov Dec
2008: Jan Feb Mar Apr May Jun Jul Aug Sep Oct Nov Dec
2007: Jan Feb Mar Apr May Jun Jul Aug Sep Oct Nov Dec
2006: Jan Feb Mar Apr May Jun Jul Aug Sep Oct Nov Dec
2005: Jan Feb Mar Apr May Jun Jul Aug Sep Oct Nov Dec
2004: Jan Feb Mar Apr May Jun Jul Aug Sep Oct Nov Dec

Report for 2011 August

Daily NOAA report



                            MONTHLY CLIMATOLOGICAL SUMMARY for AUG. 2011

NAME: De Pere Weather   CITY: De Pere STATE: Wisconsin
ELEV: 512 LAT: 044:26:02 LONG: 0088:03:01

                            TEMPERATURE ( °F), RAIN (in.), WIND SPEED (mph)

                                               HEAT     COOL           AVG
      MEAN                                     DEG      DEG            WIND                       DOM
DAY   TEMP    HIGH   TIME     LOW    TIME      DAYS     DAYS    RAIN   SPEED    HIGH    TIME      DIR
--------------------------------------------------------------------------------------------------------
01    78.3   086.7   13:51    67.6   06:27     00.0     13.3   00.00   00.3     08.1    12:59     WSW
02    76.4   082.4   15:12    72.3   12:19     00.0     11.5   00.16   00.5     19.6    14:58     WNW
03    77.7   086.5   16:17    68.6   00:00     00.0     12.8   00.00   02.5     17.3    14:54     NNW
04    73.5   083.8   15:23    63.4   05:51     00.0     08.5   00.00   00.4     11.5    14:07     ENE
05    74.5   084.1   11:21    63.7   06:24     00.0     09.6   00.00   00.1     11.5    14:58     ESE
06    74.2   085.5   15:38    67.1   00:00     00.0     09.2   00.42   00.4     31.1    20:01     SSE
07    71.7   078.1   11:26    65.0   06:04     00.0     06.8   00.01   01.5     16.1    13:07      NW
08    70.5   079.9   10:28    61.6   06:26     00.0     05.6   00.09   00.2     09.2    16:41     NNW
09    69.9   077.2   14:02    62.7   00:00     00.0     05.0   00.01   05.2     32.2    14:27      W 
10    67.1   075.8   16:12    56.5   06:33     00.0     02.1   00.00   03.8     24.1    16:05     WNW
11    70.3   082.2   17:13    56.5   05:57     00.0     05.4   00.00   01.9     21.9    16:44      W 
12    69.2   075.6   12:56    64.2   06:10     00.0     04.2   00.02   00.4     19.6    12:37     SSW
13    68.6   074.9   16:01    64.0   00:00     00.0     03.6   00.02   01.5     19.6    13:30      N 
14    68.2   076.3   17:29    60.1   06:41     00.0     03.2   00.00   02.3     19.6    11:31      N 
15    70.8   082.4   14:46    57.6   04:58     00.0     05.9   00.00   00.7     12.7    16:47      W 
16    74.0   084.5   15:55    62.3   06:41     00.0     09.1   00.00   00.7     18.4    16:00      SW
17    73.3   082.8   16:07    66.0   06:39     00.0     08.4   00.01   02.7     21.9    17:01      W 
18    71.8   083.4   16:11    57.5   06:32     00.0     06.8   00.00   01.6     17.3    15:07     WSW
19    74.2   085.1   16:07    61.0   06:46     00.0     09.2   00.00   01.0     19.6    16:09      SW
20    71.0   079.0   16:32    63.1   00:00     00.0     06.1   00.00   01.7     16.1    00:21      NW
21    65.9   076.0   14:35    57.8   00:00     00.0     01.0   00.00   03.2     24.1    16:19     WNW
22    66.8   079.4   17:01    52.9   06:20     00.0     01.8   00.00   01.7     18.4    14:42      W 
23    70.0   076.7   17:14    63.4   04:36     00.0     05.0   00.83   01.2     24.1    20:09      SW
24    74.6   086.1   11:28    66.3   00:27     00.0     09.7   00.00   05.4     34.5    15:15      W 
25    69.8   078.8   17:09    61.2   07:12     00.0     04.9   00.00   02.2     17.3    09:03     WNW
26    71.2   081.2   15:46    58.6   06:40     00.0     06.3   00.00   00.8     21.9    15:29      SW
27    71.0   078.6   16:43    59.9   00:00     00.0     06.0   00.00   01.3     13.8    07:15      N 
28    64.6   075.1   16:34    54.7   05:37     00.4     00.0   00.00   01.1     11.5    14:27      N 
29    67.4   079.8   17:04    55.0   04:29     00.0     02.4   00.00   01.8     19.6    12:48      W 
30    67.8   077.0   11:03    60.7   06:08     00.0     02.9   00.04   00.4     18.4    13:00     SSW
31    68.7   077.9   17:08    61.3   04:34     00.0     03.8   00.01   00.4     11.5    10:37     ESE
--------------------------------------------------------------------------------------------------------
71.1 (71.1)   86.7  day 01     52.9  day 22   000.4    190.0   00.00   01.6     34.5   day 24     WNW
Max >=  86: 3
Min  .008in) 4 (> .08in) 1 (> 0.8in)