NOAA-Style Climate Reports

Select a Year or Month report
2018: Jan Feb Mar Apr May Jun Jul Aug Sep Oct Nov Dec
2017: Jan Feb Mar Apr May Jun Jul Aug Sep Oct Nov Dec
2016: Jan Feb Mar Apr May Jun Jul Aug Sep Oct Nov Dec
2015: Jan Feb Mar Apr May Jun Jul Aug Sep Oct Nov Dec
2014: Jan Feb Mar Apr May Jun Jul Aug Sep Oct Nov Dec
2013: Jan Feb Mar Apr May Jun Jul Aug Sep Oct Nov Dec
2012: Jan Feb Mar Apr May Jun Jul Aug Sep Oct Nov Dec
2011: Jan Feb Mar Apr May Jun Jul Aug Sep Oct Nov Dec
2010: Jan Feb Mar Apr May Jun Jul Aug Sep Oct Nov Dec
2009: Jan Feb Mar Apr May Jun Jul Aug Sep Oct Nov Dec
2008: Jan Feb Mar Apr May Jun Jul Aug Sep Oct Nov Dec
2007: Jan Feb Mar Apr May Jun Jul Aug Sep Oct Nov Dec
2006: Jan Feb Mar Apr May Jun Jul Aug Sep Oct Nov Dec
2005: Jan Feb Mar Apr May Jun Jul Aug Sep Oct Nov Dec
2004: Jan Feb Mar Apr May Jun Jul Aug Sep Oct Nov Dec

Report for 2011 October

Daily NOAA report



                            MONTHLY CLIMATOLOGICAL SUMMARY for OCT. 2011

NAME: De Pere Weather   CITY: De Pere STATE: Wisconsin
ELEV: 512 LAT: 044:26:02 LONG: 0088:03:01

                            TEMPERATURE ( °F), RAIN (in.), WIND SPEED (mph)

                                               HEAT     COOL           AVG
      MEAN                                     DEG      DEG            WIND                       DOM
DAY   TEMP    HIGH   TIME     LOW    TIME      DAYS     DAYS    RAIN   SPEED    HIGH    TIME      DIR
--------------------------------------------------------------------------------------------------------
01    45.6   056.0   16:12    38.6   00:00     19.4     00.0   00.00   02.2     13.8    10:45      N 
02    50.4   068.1   15:51    35.8   04:49     14.6     00.0   00.00   01.3     12.7    15:41      W 
03    54.6   069.3   14:25    43.6   07:25     10.3     00.0   00.00   00.7     12.7    14:26      N 
04    56.5   074.2   14:30    43.1   07:10     08.4     00.0   00.00   00.4     11.5    15:22     SSE
05    59.9   080.5   14:18    46.5   07:41     05.0     00.0   00.00   00.4     11.5    16:40      S 
06    62.0   080.5   14:25    48.8   06:24     02.9     00.0   00.00   00.6     11.5    16:22     ESE
07    69.1   081.4   14:56    58.0   07:16     00.0     04.2   00.00   02.3     25.3    12:39     SSE
08    70.8   081.8   14:29    63.1   00:00     00.0     05.8   00.00   02.9     31.1    11:46     SSW
09    66.6   081.2   14:27    56.2   07:41     00.0     01.7   00.00   01.4     19.6    13:43     SSW
10    61.3   075.4   14:19    52.0   06:29     03.6     00.0   00.00   01.9     19.6    14:28      SE
11    66.0   080.1   12:04    57.2   07:39     00.0     01.0   00.01   01.2     19.6    17:13     SSE
12    64.2   077.7   14:07    56.7   22:44     00.7     00.0   00.08   01.3     13.8    23:36     ESE
13    57.2   059.9   14:48    53.6   00:00     07.7     00.0   00.31   02.9     29.9    19:14      NW
14    50.5   056.7   11:42    46.5   07:32     14.4     00.0   00.05   08.9     33.4    23:52      W 
15    51.0   059.0   14:12    44.6   07:37     13.9     00.0   00.00   10.7     36.8    04:12      W 
16    52.5   060.6   11:24    45.1   07:45     12.5     00.0   00.00   08.9     36.8    15:01      W 
17    50.2   060.1   14:18    43.3   07:48     14.7     00.0   00.00   09.4     44.9    11:44      W 
18    47.3   054.8   13:42    41.3   07:39     17.7     00.0   05.49   01.5     11.5    10:24     NNW
19    43.8   049.8   17:14    37.9   05:24     21.1     00.0   107.13   06.7     27.6    23:56      N 
20    43.0   045.0   19:05    40.2   00:00     21.9     00.0   00.05   08.1     31.1    03:17     NNW
21    42.6   055.0   15:06    34.7   05:01     22.4     00.0   00.00   01.5     12.7    15:20      W 
22    47.4   065.2   14:49    35.9   07:29     17.6     00.0   00.00   01.4     12.7    15:21      W 
23    45.2   056.9   14:51    34.6   05:28     19.7     00.0   00.08   01.5     26.4    16:01      SW
24    48.3   061.6   14:53    38.8   07:17     16.6     00.0   00.00   03.9     28.8    13:55      W 
25    45.2   047.9   00:21    42.8   00:00     19.7     00.0   00.12   02.8     19.6    19:28      NE
26    43.2   050.2   16:02    38.2   00:00     21.8     00.0   00.00   02.9     17.3    00:12      N 
27    41.0   052.0   13:47    35.5   07:50     24.0     00.0   00.01   00.6     09.2    09:05      NW
28    42.2   056.3   14:02    31.4   06:17     22.7     00.0   00.00   01.1     19.6    14:03      SW
29    39.2   054.2   14:49    30.3   08:12     25.7     00.0   00.01   00.3     11.5    12:24      W 
30    41.2   050.6   12:27    30.9   04:35     23.7     00.0   00.08   03.1     27.6    12:49      SE
31    42.4   046.0   15:13    39.2   08:11     22.6     00.0   00.00   02.0     17.3    10:15      SW
--------------------------------------------------------------------------------------------------------
51.6 (53.1)   81.8  day 08     30.3  day 29   425.5    012.7   00.00   03.1     44.9   day 16      W 
Min  .008in) 4 (> .08in) 2 (> 0.8in)