NOAA-Style Climate Reports

Select a Year or Month report
2018: Jan Feb Mar Apr May Jun Jul Aug Sep Oct Nov Dec
2017: Jan Feb Mar Apr May Jun Jul Aug Sep Oct Nov Dec
2016: Jan Feb Mar Apr May Jun Jul Aug Sep Oct Nov Dec
2015: Jan Feb Mar Apr May Jun Jul Aug Sep Oct Nov Dec
2014: Jan Feb Mar Apr May Jun Jul Aug Sep Oct Nov Dec
2013: Jan Feb Mar Apr May Jun Jul Aug Sep Oct Nov Dec
2012: Jan Feb Mar Apr May Jun Jul Aug Sep Oct Nov Dec
2011: Jan Feb Mar Apr May Jun Jul Aug Sep Oct Nov Dec
2010: Jan Feb Mar Apr May Jun Jul Aug Sep Oct Nov Dec
2009: Jan Feb Mar Apr May Jun Jul Aug Sep Oct Nov Dec
2008: Jan Feb Mar Apr May Jun Jul Aug Sep Oct Nov Dec
2007: Jan Feb Mar Apr May Jun Jul Aug Sep Oct Nov Dec
2006: Jan Feb Mar Apr May Jun Jul Aug Sep Oct Nov Dec
2005: Jan Feb Mar Apr May Jun Jul Aug Sep Oct Nov Dec
2004: Jan Feb Mar Apr May Jun Jul Aug Sep Oct Nov Dec

Report for 2011 November

Daily NOAA report



                            MONTHLY CLIMATOLOGICAL SUMMARY for NOV. 2011

NAME: De Pere Weather   CITY: De Pere STATE: Wisconsin
ELEV: 512 LAT: 044:26:02 LONG: 0088:03:01

                            TEMPERATURE ( °F), RAIN (in.), WIND SPEED (mph)

                                               HEAT     COOL           AVG
      MEAN                                     DEG      DEG            WIND                       DOM
DAY   TEMP    HIGH   TIME     LOW    TIME      DAYS     DAYS    RAIN   SPEED    HIGH    TIME      DIR
--------------------------------------------------------------------------------------------------------
01    47.7   061.6   12:18    37.2   05:31     17.2     00.0   00.00   02.9     24.1    15:06     SSE
02    46.0   053.3   00:05    39.9   22:38     19.0     00.0   00.48   02.7     21.9    16:08      N 
03    41.0   051.1   13:34    30.9   23:28     23.9     00.0   00.00   02.9     18.4    04:00      N 
04    38.3   055.0   13:19    27.0   06:50     26.7     00.0   00.00   00.9     11.5    20:39     ESE
05    44.4   055.9   13:43    33.2   01:21     20.5     00.0   00.00   03.9     24.1    10:03      SE
06    51.6   059.6   11:33    45.7   06:36     13.4     00.0   00.00   05.6     32.2    11:41      S 
07    46.2   059.8   13:24    38.3   21:44     18.8     00.0   00.00   04.2     29.9    13:33     WSW
08    41.4   043.2   02:08    38.8   04:42     23.5     00.0   00.36   01.9     19.6    21:05     NNE
09    36.3   041.3   00:01    32.9   15:43     28.6     00.0   00.82   08.6     33.4    10:23     NNW
10    34.2   038.9   14:25    29.5   05:23     30.8     00.0   00.12   05.2     20.7    15:25      W 
11    34.9   040.6   14:46    29.3   07:19     30.0     00.0   00.03   03.5     26.4    12:05      SW
12    45.4   060.2   14:03    32.5   07:02     19.6     00.0   00.00   03.5     19.6    00:00     SSW
13    50.5   055.0   12:10    46.2   00:00     14.4     00.0   00.02   04.8     27.6    09:10      SW
14    43.8   052.5   12:33    36.0   00:00     21.1     00.0   00.00   04.1     31.1    13:13      SW
15    42.8   057.5   13:17    33.1   05:28     22.2     00.0   00.00   03.8     27.6    13:18      SW
16    33.3   040.5   13:16    27.8   00:00     31.7     00.0   00.00   09.0     28.8    14:14      W 
17    28.7   036.6   11:07    24.4   21:51     36.2     00.0   00.00   07.0     27.6    12:38      W 
18    37.7   046.0   10:39    25.4   00:12     27.2     00.0   00.00   05.2     35.6    12:25     SSW
19    40.3   043.2   12:36    35.0   23:11     24.7     00.0   00.06   03.0     20.7    03:35     WSW
20    31.2   035.5   00:36    25.1   00:00     33.7     00.0   00.00   03.6     19.6    03:09     NNW
21    30.2   037.8   14:42    23.3   02:10     34.7     00.0   00.00   00.4     08.1    15:05      NW
22    33.0   043.5   13:35    25.8   02:21     31.9     00.0   00.00   01.2     11.5    17:09      NE
23    32.7   039.2   14:12    24.8   05:07     32.2     00.0   00.00   03.9     26.4    14:35     WSW
24    41.2   045.7   00:00    34.7   00:03     23.8     00.0   00.00   07.9     34.5    13:25      SW
25    48.5   053.3   12:51    44.2   07:14     16.4     00.0   00.00   05.8     32.2    09:01      SW
26    49.4   052.0   12:52    44.2   00:00     15.5     00.0   00.22   03.3     24.1    12:00     SSW
27    35.2   044.2   00:02    31.3   00:00     29.7     00.0   00.05   05.7     20.7    00:34     NNW
28    30.2   033.5   13:15    25.6   00:00     34.8     00.0   00.00   02.0     17.3    15:13     WSW
29    32.6   040.1   13:48    25.1   01:00     32.4     00.0   00.00   07.3     28.8    06:13      N 
30    32.4   044.1   13:45    18.3   07:00     32.6     00.0   00.00   03.3     18.4    14:32     WSW
--------------------------------------------------------------------------------------------------------
39.4 (39.8)   61.6  day 01     18.3  day 30   767.3    000.0   00.00   04.2     35.7   day 15     WSW
Min  .08in) 1 (> 0.8in)