NOAA-Style Climate Reports

Select a Year or Month report
2018: Jan Feb Mar Apr May Jun Jul Aug Sep Oct Nov Dec
2017: Jan Feb Mar Apr May Jun Jul Aug Sep Oct Nov Dec
2016: Jan Feb Mar Apr May Jun Jul Aug Sep Oct Nov Dec
2015: Jan Feb Mar Apr May Jun Jul Aug Sep Oct Nov Dec
2014: Jan Feb Mar Apr May Jun Jul Aug Sep Oct Nov Dec
2013: Jan Feb Mar Apr May Jun Jul Aug Sep Oct Nov Dec
2012: Jan Feb Mar Apr May Jun Jul Aug Sep Oct Nov Dec
2011: Jan Feb Mar Apr May Jun Jul Aug Sep Oct Nov Dec
2010: Jan Feb Mar Apr May Jun Jul Aug Sep Oct Nov Dec
2009: Jan Feb Mar Apr May Jun Jul Aug Sep Oct Nov Dec
2008: Jan Feb Mar Apr May Jun Jul Aug Sep Oct Nov Dec
2007: Jan Feb Mar Apr May Jun Jul Aug Sep Oct Nov Dec
2006: Jan Feb Mar Apr May Jun Jul Aug Sep Oct Nov Dec
2005: Jan Feb Mar Apr May Jun Jul Aug Sep Oct Nov Dec
2004: Jan Feb Mar Apr May Jun Jul Aug Sep Oct Nov Dec

Report for 2012

Daily NOAA report



                            YEARLY CLIMATOLOGICAL SUMMARY for Dec 2012

NAME: De Pere Weather   CITY: De Pere STATE: Wisconsin
ELEV: 512 LAT: 044:26:02 LONG: 0088:03:01

                            TEMPERATURE ( °F), RAIN (in.), WIND SPEED (mph)

                                                 HEAT     COOL           AVG
      MEAN                                       DEG      DEG            WIND                        DOM
MTH   TEMP    HIGH   TIME      LOW     TIME      DAYS     DAYS   RAIN    SPEED    HIGH    TIME       DIR
--------------------------------------------------------------------------------------------------------
01    25.6   055.7   13:56   -07.5   03:04    1218.2    0000.0   00.00    04.9     40.3    23:58      W 
02    29.7   047.1   13:56    04.5   04:50    1051.1    0000.0   00.00    04.8     38.0    23:59      W 
03    47.5   084.5   15:11    07.4   06:15    0562.4    0022.2   00.00    03.8     49.5    23:59     WSW
04    46.7   076.1   15:08    27.8   06:53    0545.7    0000.0   00.00    02.4     63.3    23:52      W 
05    62.5   091.7   14:33    37.5   05:51    0139.6    0065.5   00.00    03.5     38.0    23:59      W 
06    72.1   094.9   14:54    46.7   05:52    0017.6    0234.0   00.00    03.1     32.2    23:51     WSW
07    78.0   102.5   15:48    56.6   06:01    0000.0    0404.4   00.00    01.9     28.8    23:51     WSW
08    70.7   093.8   15:00    49.1   06:26    0007.5    0174.8   00.00    02.0     31.1    10:22     WSW
09    60.1   086.7   14:05    34.9   06:41    0193.5    0056.7   00.00    02.4     34.5    03:14     WSW
10    47.9   075.4   11:26    25.7   08:04    0527.2    0000.0   00.00    03.8     35.6    23:52      W 
11    37.7   064.8   12:22    12.6   04:18    0786.8    0000.0   00.00    04.0     40.3    03:22      W 
12    30.5   061.3   20:04    07.4   23:46    1028.4    0000.0   00.00    03.7     31.1    00:21      W 
--------------------------------------------------------------------------------------------------------
      51.1    102.5            -7.5            6077.9     957.7   00.00     3.4     63.3               W 

Max >=  90.0: 50
Max