NOAA-Style Climate Reports

Select a Year or Month report
2018: Jan Feb Mar Apr May Jun Jul Aug Sep Oct Nov Dec
2017: Jan Feb Mar Apr May Jun Jul Aug Sep Oct Nov Dec
2016: Jan Feb Mar Apr May Jun Jul Aug Sep Oct Nov Dec
2015: Jan Feb Mar Apr May Jun Jul Aug Sep Oct Nov Dec
2014: Jan Feb Mar Apr May Jun Jul Aug Sep Oct Nov Dec
2013: Jan Feb Mar Apr May Jun Jul Aug Sep Oct Nov Dec
2012: Jan Feb Mar Apr May Jun Jul Aug Sep Oct Nov Dec
2011: Jan Feb Mar Apr May Jun Jul Aug Sep Oct Nov Dec
2010: Jan Feb Mar Apr May Jun Jul Aug Sep Oct Nov Dec
2009: Jan Feb Mar Apr May Jun Jul Aug Sep Oct Nov Dec
2008: Jan Feb Mar Apr May Jun Jul Aug Sep Oct Nov Dec
2007: Jan Feb Mar Apr May Jun Jul Aug Sep Oct Nov Dec
2006: Jan Feb Mar Apr May Jun Jul Aug Sep Oct Nov Dec
2005: Jan Feb Mar Apr May Jun Jul Aug Sep Oct Nov Dec
2004: Jan Feb Mar Apr May Jun Jul Aug Sep Oct Nov Dec

Report for 2012 March

Daily NOAA report



                            MONTHLY CLIMATOLOGICAL SUMMARY for MAR. 2012

NAME: De Pere Weather   CITY: De Pere STATE: Wisconsin
ELEV: 512 LAT: 044:26:02 LONG: 0088:03:01

                            TEMPERATURE ( °F), RAIN (in.), WIND SPEED (mph)

                                               HEAT     COOL           AVG
      MEAN                                     DEG      DEG            WIND                       DOM
DAY   TEMP    HIGH   TIME     LOW    TIME      DAYS     DAYS    RAIN   SPEED    HIGH    TIME      DIR
--------------------------------------------------------------------------------------------------------
01    33.7   038.9   12:03    31.4   06:43     31.2     00.0   00.00   02.5     17.3    04:23      W 
02    33.3   036.5   10:14    31.9   23:15     31.6     00.0   00.00   03.2     18.4    16:55     NNW
03    29.9   035.2   12:34    21.6   00:00     35.0     00.0   00.00   06.2     25.3    10:18     WNW
04    22.1   030.5   11:01    16.4   22:08     42.8     00.0   00.00   02.7     11.5    16:32      N 
05    22.6   032.8   13:02    07.4   06:15     42.3     00.0   00.00   02.5     25.3    14:46      S 
06    40.6   051.6   23:41    28.4   03:37     24.3     00.0   00.00   04.4     27.6    23:49     SSE
07    53.4   061.5   12:49    41.2   00:00     11.5     00.0   00.00   09.5     49.5    12:57      SW
08    36.6   043.3   13:08    30.0   00:00     28.3     00.0   00.00   09.7     39.1    23:44     WNW
09    28.8   035.9   13:59    22.1   06:40     36.2     00.0   00.00   06.5     27.6    08:52     WNW
10    43.0   058.1   16:11    28.5   03:01     21.9     00.0   00.00   08.7     41.4    12:18     SSW
11    53.0   066.3   15:13    41.9   07:16     11.9     00.0   00.00   06.3     29.9    06:34     SSW
12    51.0   059.2   14:13    46.1   06:46     14.0     00.0   00.08   05.9     21.9    17:14      S 
13    51.3   063.9   14:31    40.6   00:00     13.6     00.0   00.01   06.2     24.1    10:32      W 
14    59.0   077.4   15:11    37.3   04:08     05.9     00.0   00.00   03.6     29.9    16:39     SSW
15    55.5   062.7   15:08    44.9   00:00     09.4     00.0   00.00   02.8     16.1    11:07      N 
16    54.2   070.6   15:30    38.2   07:24     10.8     00.0   00.00   02.1     16.1    14:37      E 
17    68.0   080.9   15:22    59.3   07:14     00.0     03.1   00.00   05.6     36.8    13:56      S 
18    68.3   082.8   12:57    56.6   06:51     00.0     03.4   00.00   04.2     27.6    14:26     SSE
19    67.6   080.9   13:25    57.8   07:38     00.0     02.7   00.00   04.5     31.1    14:18     SSE
20    69.7   082.4   14:37    59.3   06:46     00.0     04.7   00.00   05.9     27.6    16:46     SSE
21    73.3   084.5   15:11    63.1   05:24     00.0     08.4   00.00   04.7     31.1    11:51     SSW
22    58.0   068.8   12:05    48.6   00:00     06.9     00.0   00.00   03.9     16.1    08:08      N 
23    50.8   060.2   13:44    45.1   22:20     14.1     00.0   00.16   02.5     17.3    18:59      N 
24    48.7   055.6   17:51    44.2   08:26     16.3     00.0   00.04   02.1     12.7    10:53      N 
25    50.1   065.5   15:16    34.9   00:00     14.8     00.0   00.00   00.1     11.5    22:06     NNE
26    36.7   045.5   14:49    29.4   07:15     28.3     00.0   00.00   00.1     11.5    15:44     ENE
27    48.0   063.7   23:24    35.8   00:03     16.9     00.0   00.00   00.0     05.8    20:33     SSE
28    51.3   062.2   00:01    39.9   00:00     13.7     00.0   00.00   00.6     19.6    20:46      NW
29    39.1   046.2   13:23    33.2   00:00     25.8     00.0   00.00   00.1     08.1    11:03      NE
30    36.2   038.2   04:16    33.1   00:20     28.7     00.0   00.44   00.4     12.7    12:29     ENE
31    38.9   042.7   14:09    36.3   05:03     26.1     00.0   00.00   00.0     04.6    10:19      SE
--------------------------------------------------------------------------------------------------------
47.5 (47.9)   84.5  day 21     07.4  day 05   562.4    022.2   00.00   03.8     49.5   day 10      SW
Max  0.8in)