NOAA-Style Climate Reports

Select a Year or Month report
2018: Jan Feb Mar Apr May Jun Jul Aug Sep Oct Nov Dec
2017: Jan Feb Mar Apr May Jun Jul Aug Sep Oct Nov Dec
2016: Jan Feb Mar Apr May Jun Jul Aug Sep Oct Nov Dec
2015: Jan Feb Mar Apr May Jun Jul Aug Sep Oct Nov Dec
2014: Jan Feb Mar Apr May Jun Jul Aug Sep Oct Nov Dec
2013: Jan Feb Mar Apr May Jun Jul Aug Sep Oct Nov Dec
2012: Jan Feb Mar Apr May Jun Jul Aug Sep Oct Nov Dec
2011: Jan Feb Mar Apr May Jun Jul Aug Sep Oct Nov Dec
2010: Jan Feb Mar Apr May Jun Jul Aug Sep Oct Nov Dec
2009: Jan Feb Mar Apr May Jun Jul Aug Sep Oct Nov Dec
2008: Jan Feb Mar Apr May Jun Jul Aug Sep Oct Nov Dec
2007: Jan Feb Mar Apr May Jun Jul Aug Sep Oct Nov Dec
2006: Jan Feb Mar Apr May Jun Jul Aug Sep Oct Nov Dec
2005: Jan Feb Mar Apr May Jun Jul Aug Sep Oct Nov Dec
2004: Jan Feb Mar Apr May Jun Jul Aug Sep Oct Nov Dec

Report for 2012 June

Daily NOAA report



                            MONTHLY CLIMATOLOGICAL SUMMARY for JUN. 2012

NAME: De Pere Weather   CITY: De Pere STATE: Wisconsin
ELEV: 512 LAT: 044:26:02 LONG: 0088:03:01

                            TEMPERATURE ( °F), RAIN (in.), WIND SPEED (mph)

                                               HEAT     COOL           AVG
      MEAN                                     DEG      DEG            WIND                       DOM
DAY   TEMP    HIGH   TIME     LOW    TIME      DAYS     DAYS    RAIN   SPEED    HIGH    TIME      DIR
--------------------------------------------------------------------------------------------------------
01    54.8   062.4   17:29    48.3   04:50     10.1     00.0   00.00   02.0     17.3    13:09     NNE
02    62.9   078.2   12:07    49.6   04:41     02.0     00.0   00.00   03.2     26.4    16:09     WNW
03    69.2   085.5   14:50    51.9   04:16     00.0     04.2   00.00   03.8     20.7    12:09      NW
04    65.4   077.6   14:03    54.1   01:56     00.0     00.5   00.00   01.2     12.7    14:43     ENE
05    62.8   075.3   13:54    51.6   05:50     02.1     00.0   00.00   01.3     16.1    15:13     ESE
06    65.8   080.7   14:37    46.7   05:52     00.0     00.9   00.00   01.0     11.5    14:28      NE
07    70.8   086.7   13:43    52.0   05:41     00.0     05.9   00.00   01.6     17.3    14:49     WSW
08    75.4   085.7   13:45    62.0   03:41     00.0     10.5   00.00   04.6     21.9    13:03     WSW
09    82.1   094.0   13:57    69.8   04:23     00.0     17.1   00.00   05.5     24.1    18:03     WSW
10    81.1   094.3   13:35    66.1   04:41     00.0     16.1   00.00   04.7     25.3    17:13      S 
11    79.4   089.9   13:47    68.4   00:00     00.0     14.5   00.00   05.6     27.6    21:24     WSW
12    64.8   073.3   15:01    52.8   00:00     00.2     00.0   00.00   05.5     21.9    02:09      NW
13    61.8   074.7   14:24    50.7   03:40     03.2     00.0   00.00   02.9     19.6    18:07     SSE
14    65.6   076.5   12:44    49.8   04:38     00.0     00.7   00.00   03.5     21.9    12:49     SSE
15    78.9   094.3   14:37    65.2   01:32     00.0     13.9   00.00   04.0     24.1    03:57     SSW
16    74.0   085.9   10:23    68.6   05:56     00.0     09.1   00.06   02.5     20.7    11:38     SSE
17    75.5   085.4   14:52    62.9   06:01     00.0     10.6   00.01   04.3     26.4    11:39      W 
18    74.5   086.5   16:41    65.0   06:44     00.0     09.6   01.09   04.1     26.4    11:51     SSE
19    82.6   092.5   17:32    73.7   00:31     00.0     17.7   00.00   03.1     21.9    17:32      S 
20    85.2   094.9   14:54    75.3   00:00     00.0     20.3   00.00   06.6     32.2    16:44      SW
21    73.8   083.8   13:52    64.8   07:16     00.0     08.9   00.59   05.1     21.9    17:16     WNW
22    67.2   082.8   14:14    58.0   05:35     00.0     02.3   00.55   01.2     29.9    15:31     WSW
23    68.7   080.9   13:09    54.1   05:37     00.0     03.7   00.00   01.5     12.7    18:57      S 
24    70.5   083.4   14:16    59.2   00:00     00.0     05.6   00.03   01.3     13.8    15:17     ENE
25    66.4   076.7   14:49    53.6   05:20     00.0     01.4   00.00   02.0     16.1    12:54     NNE
26    67.5   080.9   14:34    50.7   05:48     00.0     02.6   00.00   01.5     14.9    15:41     SSE
27    76.8   093.2   15:26    60.1   05:41     00.0     11.9   00.00   02.8     24.1    12:11      S 
28    81.6   094.8   11:38    70.8   06:19     00.0     16.7   00.00   02.5     19.6    12:32     WNW
29    78.5   088.8   14:47    65.3   06:29     00.0     13.5   00.00   02.8     19.6    17:30      W 
30    80.9   093.8   14:32    67.4   06:15     00.0     16.0   00.00   02.2     16.1    16:54     WNW
--------------------------------------------------------------------------------------------------------
72.2 (72.0)   94.9  day 20     46.7  day 06   017.6    234.1   00.00   03.1     32.2   day 22      SW
Max >=  86: 12
Min  .008in) 3 (> .08in) 1 (> 0.8in)