NOAA-Style Climate Reports

Select a Year or Month report
2018: Jan Feb Mar Apr May Jun Jul Aug Sep Oct Nov Dec
2017: Jan Feb Mar Apr May Jun Jul Aug Sep Oct Nov Dec
2016: Jan Feb Mar Apr May Jun Jul Aug Sep Oct Nov Dec
2015: Jan Feb Mar Apr May Jun Jul Aug Sep Oct Nov Dec
2014: Jan Feb Mar Apr May Jun Jul Aug Sep Oct Nov Dec
2013: Jan Feb Mar Apr May Jun Jul Aug Sep Oct Nov Dec
2012: Jan Feb Mar Apr May Jun Jul Aug Sep Oct Nov Dec
2011: Jan Feb Mar Apr May Jun Jul Aug Sep Oct Nov Dec
2010: Jan Feb Mar Apr May Jun Jul Aug Sep Oct Nov Dec
2009: Jan Feb Mar Apr May Jun Jul Aug Sep Oct Nov Dec
2008: Jan Feb Mar Apr May Jun Jul Aug Sep Oct Nov Dec
2007: Jan Feb Mar Apr May Jun Jul Aug Sep Oct Nov Dec
2006: Jan Feb Mar Apr May Jun Jul Aug Sep Oct Nov Dec
2005: Jan Feb Mar Apr May Jun Jul Aug Sep Oct Nov Dec
2004: Jan Feb Mar Apr May Jun Jul Aug Sep Oct Nov Dec

Report for 2012 September

Daily NOAA report



                            MONTHLY CLIMATOLOGICAL SUMMARY for SEP. 2012

NAME: De Pere Weather   CITY: De Pere STATE: Wisconsin
ELEV: 512 LAT: 044:26:02 LONG: 0088:03:01

                            TEMPERATURE ( °F), RAIN (in.), WIND SPEED (mph)

                                               HEAT     COOL           AVG
      MEAN                                     DEG      DEG            WIND                       DOM
DAY   TEMP    HIGH   TIME     LOW    TIME      DAYS     DAYS    RAIN   SPEED    HIGH    TIME      DIR
--------------------------------------------------------------------------------------------------------
01    68.5   083.0   14:44    56.0   06:26     00.0     03.6   00.00   01.3     17.3    16:31      NE
02    70.3   083.0   15:00    59.0   06:27     00.0     05.3   00.00   01.1     11.5    15:50      E 
03    74.5   085.7   15:07    63.2   02:31     00.0     09.5   00.00   01.2     11.5    15:33     SSW
04    75.1   086.7   14:05    67.9   00:00     00.0     10.2   00.01   01.0     19.6    21:16      SE
05    71.5   086.1   14:44    63.7   06:08     00.0     06.6   00.00   01.5     19.6    15:41     WNW
06    69.5   083.4   12:21    58.3   06:49     00.0     04.6   00.00   01.5     19.6    13:30     WNW
07    60.7   066.0   00:02    53.9   22:25     04.3     00.0   00.35   00.7     12.7    18:37     NNW
08    58.0   070.1   14:17    49.2   06:15     06.9     00.0   00.05   03.5     24.1    17:21     WNW
09    60.7   074.2   14:26    49.9   07:04     04.2     00.0   00.01   01.8     16.1    14:36     NNW
10    62.4   077.7   14:48    47.9   07:09     02.5     00.0   00.00   02.4     21.9    15:47      SW
11    70.4   083.6   15:18    58.7   06:19     00.0     05.5   00.00   04.9     28.8    15:26      SW
12    71.7   086.1   14:44    55.7   00:00     00.0     06.7   00.01   04.9     19.6    08:36      W 
13    57.2   063.5   15:33    49.5   00:00     07.7     00.0   00.01   01.6     13.8    14:29     WNW
14    59.1   074.7   14:50    48.8   03:29     05.8     00.0   00.00   01.8     16.1    14:46     WNW
15    60.6   079.4   14:42    46.0   06:48     04.3     00.0   00.00   01.4     17.3    17:13     SSE
16    66.0   080.0   14:39    55.1   06:08     00.0     01.0   00.00   04.1     25.3    14:43      SW
17    59.8   067.9   12:01    49.2   00:00     05.2     00.0   00.08   03.1     20.7    16:10      NW
18    49.8   060.6   12:21    40.4   00:00     15.1     00.0   00.00   04.7     20.7    12:22     NNW
19    52.0   070.3   16:39    35.5   05:31     13.0     00.0   00.43   03.8     34.5    16:37     SSW
20    53.6   065.0   14:08    45.8   00:00     11.4     00.0   00.00   04.1     19.6    14:33     WNW
21    52.3   064.8   14:07    44.9   02:04     12.6     00.0   00.01   02.6     19.6    14:33     WNW
22    49.5   061.7   12:05    40.1   04:17     15.4     00.0   00.00   03.9     21.9    15:05     NNW
23    45.9   058.0   12:30    34.9   06:41     19.1     00.0   00.00   02.0     19.6    10:39      NW
24    54.4   070.1   15:29    36.8   02:25     10.5     00.0   00.00   05.8     34.5    16:07     WSW
25    55.4   067.6   12:02    44.1   07:04     09.5     00.0   00.00   01.6     18.4    12:34     NNE
26    51.9   064.3   14:33    42.3   00:00     13.0     00.0   00.00   01.2     11.5    00:25     NNE
27    50.7   066.3   12:08    39.1   05:41     14.2     00.0   00.00   00.8     11.5    13:37     NNE
28    53.9   072.1   15:20    38.3   07:14     11.0     00.0   00.00   00.7     11.5    13:34     WSW
29    57.2   074.6   14:47    46.0   04:00     07.7     00.0   00.00   00.8     11.5    13:11     ENE
30    54.3   069.6   14:29    46.5   01:16     10.6     00.0   00.00   01.1     08.1    03:14     NNE
--------------------------------------------------------------------------------------------------------
59.9 (61.0)   86.7  day 04     34.9  day 23   204.1    053.0   00.00   02.4     34.5   day 24     WNW
Max >=  86: 3
Min  .008in) 2 (> .08in) 0 (> 0.8in)