NOAA-Style Climate Reports

Select a Year or Month report
2018: Jan Feb Mar Apr May Jun Jul Aug Sep Oct Nov Dec
2017: Jan Feb Mar Apr May Jun Jul Aug Sep Oct Nov Dec
2016: Jan Feb Mar Apr May Jun Jul Aug Sep Oct Nov Dec
2015: Jan Feb Mar Apr May Jun Jul Aug Sep Oct Nov Dec
2014: Jan Feb Mar Apr May Jun Jul Aug Sep Oct Nov Dec
2013: Jan Feb Mar Apr May Jun Jul Aug Sep Oct Nov Dec
2012: Jan Feb Mar Apr May Jun Jul Aug Sep Oct Nov Dec
2011: Jan Feb Mar Apr May Jun Jul Aug Sep Oct Nov Dec
2010: Jan Feb Mar Apr May Jun Jul Aug Sep Oct Nov Dec
2009: Jan Feb Mar Apr May Jun Jul Aug Sep Oct Nov Dec
2008: Jan Feb Mar Apr May Jun Jul Aug Sep Oct Nov Dec
2007: Jan Feb Mar Apr May Jun Jul Aug Sep Oct Nov Dec
2006: Jan Feb Mar Apr May Jun Jul Aug Sep Oct Nov Dec
2005: Jan Feb Mar Apr May Jun Jul Aug Sep Oct Nov Dec
2004: Jan Feb Mar Apr May Jun Jul Aug Sep Oct Nov Dec

Report for 2012 October

Daily NOAA report



                            MONTHLY CLIMATOLOGICAL SUMMARY for OCT. 2012

NAME: De Pere Weather   CITY: De Pere STATE: Wisconsin
ELEV: 512 LAT: 044:26:02 LONG: 0088:03:01

                            TEMPERATURE ( °F), RAIN (in.), WIND SPEED (mph)

                                               HEAT     COOL           AVG
      MEAN                                     DEG      DEG            WIND                       DOM
DAY   TEMP    HIGH   TIME     LOW    TIME      DAYS     DAYS    RAIN   SPEED    HIGH    TIME      DIR
--------------------------------------------------------------------------------------------------------
01    54.0   067.9   15:20    41.2   06:23     10.9     00.0   00.00   01.1     11.5    11:45      SW
02    56.3   070.4   14:48    47.0   03:15     08.6     00.0   00.00   01.1     12.7    10:00     NNE
03    57.8   073.6   14:47    45.7   03:27     07.2     00.0   00.00   00.6     08.1    14:44      NE
04    59.1   075.4   11:26    45.8   00:00     05.9     00.0   00.00   05.4     27.6    14:32     WSW
05    45.7   055.1   13:19    39.2   00:00     19.3     00.0   00.00   07.9     29.9    12:10      W 
06    42.3   051.7   12:14    36.3   07:29     22.6     00.0   00.00   04.8     24.1    09:18      NW
07    42.6   053.5   14:25    35.6   22:14     22.3     00.0   00.00   02.7     19.6    16:26     WNW
08    48.6   060.1   12:12    32.9   03:17     16.3     00.0   00.00   06.4     35.6    22:16     SSW
09    47.5   054.4   00:04    40.3   00:00     17.4     00.0   00.40   05.9     32.2    01:13     WSW
10    39.5   047.9   14:15    33.4   07:25     25.4     00.0   00.00   05.4     28.8    14:18     WNW
11    45.6   053.2   14:38    36.0   00:00     19.4     00.0   00.02   05.1     28.8    06:17      W 
12    39.7   053.0   14:29    26.4   07:33     25.3     00.0   00.00   02.1     18.4    15:35      S 
13    48.6   054.4   21:07    41.3   00:01     16.3     00.0   01.09   02.8     19.6    07:45      S 
14    48.2   051.4   00:01    45.2   00:00     16.7     00.0   01.60   04.5     25.3    09:05      N 
15    45.7   056.0   14:38    38.9   00:00     19.3     00.0   00.02   02.9     17.3    08:20      NW
16    50.6   062.6   14:44    38.2   02:32     14.4     00.0   00.00   03.5     20.7    18:36     SSE
17    57.9   069.1   12:03    47.1   07:11     07.0     00.0   00.36   03.2     24.1    23:20     SSE
18    48.6   055.7   01:01    43.6   00:00     16.4     00.0   00.13   04.4     26.4    00:22     SSW
19    46.3   051.9   14:09    42.3   05:43     18.6     00.0   00.04   00.7     10.3    10:30      NE
20    50.0   059.8   13:13    41.6   00:00     15.0     00.0   00.00   01.7     10.3    16:02     WNW
21    49.2   064.0   14:24    37.6   07:20     15.8     00.0   00.00   02.1     17.3    11:41      S 
22    54.2   062.9   11:20    48.9   07:25     10.7     00.0   00.00   01.4     18.4    23:39      NE
23    55.7   062.6   14:47    50.4   07:23     09.3     00.0   00.00   02.1     13.8    01:36      E 
24    63.8   073.3   13:00    56.3   07:32     01.1     00.0   00.00   02.3     19.6    23:40     SSE
25    60.6   070.1   13:16    39.5   00:00     04.4     00.0   00.44   08.3     28.8    18:48      SW
26    39.8   049.8   14:25    31.8   23:46     25.2     00.0   00.00   05.8     20.7    01:17     WNW
27    36.2   047.6   11:18    26.4   08:00     28.7     00.0   00.00   01.9     16.1    13:01     NNW
28    36.0   050.4   12:17    26.7   07:28     29.0     00.0   00.00   01.2     17.3    13:09     NNE
29    38.2   051.4   13:24    25.7   08:04     26.7     00.0   00.00   03.7     26.4    21:38     NNE
30    39.3   044.8   13:43    35.2   00:00     25.7     00.0   00.00   09.6     27.6    16:16      N 
31    38.6   047.7   11:35    32.1   23:32     26.3     00.0   00.00   06.6     24.1    16:08     NNW
--------------------------------------------------------------------------------------------------------
47.9 (48.6)   75.4  day 04     25.7  day 29   527.2    000.0   00.00   03.8     35.7   day 25     WNW
Min  .008in) 6 (> .08in) 2 (> 0.8in)