NOAA-Style Climate Reports

Select a Year or Month report
2018: Jan Feb Mar Apr May Jun Jul Aug Sep Oct Nov Dec
2017: Jan Feb Mar Apr May Jun Jul Aug Sep Oct Nov Dec
2016: Jan Feb Mar Apr May Jun Jul Aug Sep Oct Nov Dec
2015: Jan Feb Mar Apr May Jun Jul Aug Sep Oct Nov Dec
2014: Jan Feb Mar Apr May Jun Jul Aug Sep Oct Nov Dec
2013: Jan Feb Mar Apr May Jun Jul Aug Sep Oct Nov Dec
2012: Jan Feb Mar Apr May Jun Jul Aug Sep Oct Nov Dec
2011: Jan Feb Mar Apr May Jun Jul Aug Sep Oct Nov Dec
2010: Jan Feb Mar Apr May Jun Jul Aug Sep Oct Nov Dec
2009: Jan Feb Mar Apr May Jun Jul Aug Sep Oct Nov Dec
2008: Jan Feb Mar Apr May Jun Jul Aug Sep Oct Nov Dec
2007: Jan Feb Mar Apr May Jun Jul Aug Sep Oct Nov Dec
2006: Jan Feb Mar Apr May Jun Jul Aug Sep Oct Nov Dec
2005: Jan Feb Mar Apr May Jun Jul Aug Sep Oct Nov Dec
2004: Jan Feb Mar Apr May Jun Jul Aug Sep Oct Nov Dec

Report for 2012 November

Daily NOAA report



                            MONTHLY CLIMATOLOGICAL SUMMARY for NOV. 2012

NAME: De Pere Weather   CITY: De Pere STATE: Wisconsin
ELEV: 512 LAT: 044:26:02 LONG: 0088:03:01

                            TEMPERATURE ( °F), RAIN (in.), WIND SPEED (mph)

                                               HEAT     COOL           AVG
      MEAN                                     DEG      DEG            WIND                       DOM
DAY   TEMP    HIGH   TIME     LOW    TIME      DAYS     DAYS    RAIN   SPEED    HIGH    TIME      DIR
--------------------------------------------------------------------------------------------------------
01    37.8   048.8   14:22    27.3   03:44     27.1     00.0   00.00   04.5     20.7    15:34      NW
02    37.2   047.7   11:30    30.0   00:00     27.8     00.0   00.00   02.9     14.9    06:44      N 
03    34.0   041.6   12:50    27.6   04:21     31.0     00.0   00.00   01.3     11.5    05:31      N 
04    34.2   044.8   11:07    27.5   20:49     30.7     00.0   00.00   00.9     10.3    13:33     NNE
05    33.8   040.9   11:24    26.9   22:05     31.1     00.0   00.00   01.7     11.5    11:32     NNE
06    36.9   043.5   12:32    26.6   00:24     28.1     00.0   00.03   02.1     18.4    09:20      S 
07    39.3   041.8   16:21    36.3   00:00     25.6     00.0   00.02   00.3     04.6    20:05     WSW
08    40.6   048.6   13:43    34.4   00:42     24.3     00.0   00.00   02.9     19.6    15:25     SSW
09    44.2   048.8   14:36    40.8   00:05     20.7     00.0   00.00   01.8     12.7    23:06      NE
10    50.7   063.2   22:47    43.5   01:51     14.2     00.0   00.02   04.0     20.7    23:31      SE
11    56.7   064.8   12:22    36.3   00:00     08.3     00.0   00.00   07.2     36.8    08:19      SW
12    28.3   036.2   00:09    25.6   07:18     36.6     00.0   00.00   10.1     31.1    12:05      W 
13    29.8   039.3   13:02    22.7   06:49     35.1     00.0   00.00   03.5     18.4    12:26     WSW
14    37.4   046.7   14:43    28.9   00:01     27.5     00.0   00.00   03.2     19.6    13:24      S 
15    41.3   051.7   12:37    35.0   22:27     23.6     00.0   00.00   04.5     18.4    12:18      SW
16    36.1   047.0   12:21    28.5   00:00     28.8     00.0   00.00   02.1     13.8    10:20     NNE
17    38.1   055.0   13:24    26.7   06:43     26.8     00.0   00.00   02.0     17.3    14:42     SSW
18    44.8   056.5   13:46    35.9   04:47     20.1     00.0   00.00   03.1     16.1    17:15     SSE
19    46.6   055.0   12:44    38.5   03:20     18.4     00.0   00.00   01.6     11.5    11:10      S 
20    47.7   059.8   13:36    35.9   23:25     17.2     00.0   00.00   00.6     08.1    12:14     WSW
21    45.9   059.7   13:20    32.4   03:32     19.1     00.0   00.00   05.4     26.4    22:46      SW
22    53.8   063.9   12:34    40.5   00:00     11.1     00.0   00.00   10.1     38.0    09:47      SW
23    30.7   040.4   00:01    25.6   00:00     34.3     00.0   00.00   13.0     40.3    03:39      NW
24    27.7   034.3   13:44    24.4   18:01     37.2     00.0   00.00   04.2     19.6    00:05     WNW
25    29.3   034.6   14:00    24.1   23:26     35.6     00.0   00.00   04.9     19.6    17:03     WNW
26    24.5   031.2   10:17    15.1   00:00     40.4     00.0   00.00   04.4     19.6    11:44      NW
27    23.8   033.5   12:33    12.6   04:18     41.2     00.0   00.00   05.4     21.9    19:44     WSW
28    28.9   036.5   13:00    20.0   04:42     36.0     00.0   00.00   03.9     20.7    12:21      W 
29    36.2   044.8   12:43    31.5   07:45     28.8     00.0   00.00   03.3     13.8    17:17     NNE
30    35.4   037.3   23:27    34.0   02:46     29.5     00.0   00.00   03.3     18.4    03:22     ENE
--------------------------------------------------------------------------------------------------------
37.7 (38.2)   64.8  day 11     12.6  day 27   816.3    000.0   00.00   03.9     40.3   day 22      W 
Max  0.8in)