NOAA-Style Climate Reports

Select a Year or Month report
2018: Jan Feb Mar Apr May Jun Jul Aug Sep Oct Nov Dec
2017: Jan Feb Mar Apr May Jun Jul Aug Sep Oct Nov Dec
2016: Jan Feb Mar Apr May Jun Jul Aug Sep Oct Nov Dec
2015: Jan Feb Mar Apr May Jun Jul Aug Sep Oct Nov Dec
2014: Jan Feb Mar Apr May Jun Jul Aug Sep Oct Nov Dec
2013: Jan Feb Mar Apr May Jun Jul Aug Sep Oct Nov Dec
2012: Jan Feb Mar Apr May Jun Jul Aug Sep Oct Nov Dec
2011: Jan Feb Mar Apr May Jun Jul Aug Sep Oct Nov Dec
2010: Jan Feb Mar Apr May Jun Jul Aug Sep Oct Nov Dec
2009: Jan Feb Mar Apr May Jun Jul Aug Sep Oct Nov Dec
2008: Jan Feb Mar Apr May Jun Jul Aug Sep Oct Nov Dec
2007: Jan Feb Mar Apr May Jun Jul Aug Sep Oct Nov Dec
2006: Jan Feb Mar Apr May Jun Jul Aug Sep Oct Nov Dec
2005: Jan Feb Mar Apr May Jun Jul Aug Sep Oct Nov Dec
2004: Jan Feb Mar Apr May Jun Jul Aug Sep Oct Nov Dec

Report for 2013

Daily NOAA report



                            YEARLY CLIMATOLOGICAL SUMMARY for Dec 2013

NAME: De Pere Weather   CITY: De Pere STATE: Wisconsin
ELEV: 512 LAT: 044:26:02 LONG: 0088:03:01

                            TEMPERATURE ( °F), RAIN (in.), WIND SPEED (mph)

                                                 HEAT     COOL           AVG
      MEAN                                       DEG      DEG            WIND                        DOM
MTH   TEMP    HIGH   TIME      LOW     TIME      DAYS     DAYS   RAIN    SPEED    HIGH    TIME       DIR
--------------------------------------------------------------------------------------------------------
01    21.8   048.6   12:27   -07.7   07:35    1336.0    0000.0   00.00    05.5     42.5    23:55      W 
02    21.9   042.1   13:03   -03.5   07:14    1205.4    0000.0   00.00    04.6     33.4    23:51      W 
03    28.5   052.2   12:40    03.9   06:16    1130.7    0000.0   00.00    04.2     32.2    23:56     WNW
04    41.7   084.8   16:28    21.1   07:07    0701.1    0003.8   00.02    05.2     36.8    23:58     WNW
05    57.2   087.8   14:22    29.3   06:07    0279.8    0041.4   00.08    03.4     33.4    23:52     WNW
06    66.4   088.8   14:24    40.9   05:46    0067.7    0113.1   00.10    02.0     33.4    23:56     WNW
07    71.8   096.8   12:07    51.0   05:44    0020.0    0234.3   00.11    02.1     29.9    23:57     WNW
08    70.4   092.7   14:11    44.9   06:25    0010.4    0180.6   00.07    01.8     34.5    23:51     WNW
09    61.8   093.6   14:39    38.9   06:55    0145.9    0066.4   00.08    02.2     26.4    13:21     WNW
10    50.6   080.3   14:49    27.5   06:40    0450.1    0002.7   00.11    02.7     32.2    22:41     WNW
11    35.4   058.6   23:11    09.0   07:04    0889.4    0000.0   02.60    05.1     41.4    23:52      W 
12    17.3   051.3   21:31   -10.5   08:06    1479.7    0000.0   00.00    04.6     35.6    23:51     WNW
--------------------------------------------------------------------------------------------------------
      45.7    96.8            -10.5            7716.0     642.2   03.19     3.6     42.6              WNW

Max >=  90.0: 26
Max