NOAA-Style Climate Reports

Select a Year or Month report
2018: Jan Feb Mar Apr May Jun Jul Aug Sep Oct Nov Dec
2017: Jan Feb Mar Apr May Jun Jul Aug Sep Oct Nov Dec
2016: Jan Feb Mar Apr May Jun Jul Aug Sep Oct Nov Dec
2015: Jan Feb Mar Apr May Jun Jul Aug Sep Oct Nov Dec
2014: Jan Feb Mar Apr May Jun Jul Aug Sep Oct Nov Dec
2013: Jan Feb Mar Apr May Jun Jul Aug Sep Oct Nov Dec
2012: Jan Feb Mar Apr May Jun Jul Aug Sep Oct Nov Dec
2011: Jan Feb Mar Apr May Jun Jul Aug Sep Oct Nov Dec
2010: Jan Feb Mar Apr May Jun Jul Aug Sep Oct Nov Dec
2009: Jan Feb Mar Apr May Jun Jul Aug Sep Oct Nov Dec
2008: Jan Feb Mar Apr May Jun Jul Aug Sep Oct Nov Dec
2007: Jan Feb Mar Apr May Jun Jul Aug Sep Oct Nov Dec
2006: Jan Feb Mar Apr May Jun Jul Aug Sep Oct Nov Dec
2005: Jan Feb Mar Apr May Jun Jul Aug Sep Oct Nov Dec
2004: Jan Feb Mar Apr May Jun Jul Aug Sep Oct Nov Dec

Report for 2013 February

Daily NOAA report



                            MONTHLY CLIMATOLOGICAL SUMMARY for FEB. 2013

NAME: De Pere Weather   CITY: De Pere STATE: Wisconsin
ELEV: 512 LAT: 044:26:02 LONG: 0088:03:01

                            TEMPERATURE ( °F), RAIN (in.), WIND SPEED (mph)

                                               HEAT     COOL           AVG
      MEAN                                     DEG      DEG            WIND                       DOM
DAY   TEMP    HIGH   TIME     LOW    TIME      DAYS     DAYS    RAIN   SPEED    HIGH    TIME      DIR
--------------------------------------------------------------------------------------------------------
01    02.3   005.8   13:29   -02.8   07:56     62.7     00.0   00.00   07.0     20.7    15:13      W 
02    08.1   018.6   13:18    01.8   22:33     56.9     00.0   00.00   02.9     11.5    10:33     WNW
03    10.2   018.4   10:51    03.9   00:41     54.7     00.0   00.00   04.2     24.1    10:56     WNW
04    11.5   023.2   10:55    05.2   03:21     53.4     00.0   00.00   01.6     10.3    15:42      W 
05    16.9   025.4   13:30    05.6   00:03     48.0     00.0   00.00   04.5     21.9    08:28      W 
06    17.2   029.4   12:23    01.1   07:35     47.7     00.0   00.00   01.6     11.5    13:11      SW
07    26.0   032.7   03:09    19.7   19:24     38.9     00.0   00.00   05.3     33.4    17:12     NNE
08    20.5   029.8   14:21    07.0   00:00     44.4     00.0   00.00   04.2     21.9    02:28      N 
09    17.6   029.0   13:37    01.5   05:24     47.3     00.0   00.00   02.4     17.3    14:53      SW
10    30.9   040.8   22:41    18.6   06:24     34.0     00.0   00.00   05.3     26.4    18:16      SE
11    33.2   039.8   00:13    27.3   00:00     31.7     00.0   00.00   10.8     32.2    14:44      W 
12    25.5   030.4   13:51    22.9   23:37     39.4     00.0   00.00   06.5     19.6    14:49      W 
13    29.3   035.0   14:03    21.9   05:35     35.6     00.0   00.00   04.9     16.1    01:32     WSW
14    30.8   033.8   14:01    21.4   00:00     34.2     00.0   00.00   03.6     18.4    12:21     NNW
15    19.8   029.6   11:17    09.3   07:00     45.2     00.0   00.00   04.9     17.3    21:12     WNW
16    11.1   023.3   14:03    01.3   00:00     53.9     00.0   00.00   02.9     16.1    14:14     WNW
17    12.1   024.5   13:52   -03.5   07:14     52.9     00.0   00.00   02.4     12.7    00:00     SSW
18    34.6   042.1   13:03    24.2   00:01     30.3     00.0   00.00   04.7     20.7    05:49      S 
19    18.2   032.9   00:12    06.7   23:50     46.7     00.0   00.00   08.4     27.6    12:56      NW
20    16.0   028.5   14:13    04.1   07:03     49.0     00.0   00.00   04.7     18.4    15:31     NNW
21    18.8   025.3   00:00    08.4   03:49     46.1     00.0   00.00   03.5     19.6    14:13      NE
22    27.3   029.7   16:02    23.0   04:09     37.6     00.0   00.00   03.1     17.3    02:30      E 
23    28.3   032.8   12:55    26.0   06:46     36.6     00.0   00.00   04.4     19.6    14:50      W 
24    28.9   039.7   11:30    19.0   23:19     36.0     00.0   00.00   01.8     10.3    15:31      W 
25    27.0   041.5   11:18    13.1   05:24     37.9     00.0   00.00   00.6     11.5    13:29      SW
26    29.7   037.5   12:45    22.5   05:19     35.2     00.0   00.00   05.9     27.6    15:58      NE
27    31.0   032.9   16:30    28.2   03:13     34.0     00.0   00.00   09.3     31.1    02:38     NNE
28    29.9   032.8   00:13    25.1   23:36     35.0     00.0   00.00   07.3     25.3    18:21     NNE
--------------------------------------------------------------------------------------------------------
21.9 (21.6)   42.1  day 18    -03.5  day 17   1205.4    000.0   00.00   04.6     33.4   day 11      NW
Max