NOAA-Style Climate Reports

Select a Year or Month report
2018: Jan Feb Mar Apr May Jun Jul Aug Sep Oct Nov Dec
2017: Jan Feb Mar Apr May Jun Jul Aug Sep Oct Nov Dec
2016: Jan Feb Mar Apr May Jun Jul Aug Sep Oct Nov Dec
2015: Jan Feb Mar Apr May Jun Jul Aug Sep Oct Nov Dec
2014: Jan Feb Mar Apr May Jun Jul Aug Sep Oct Nov Dec
2013: Jan Feb Mar Apr May Jun Jul Aug Sep Oct Nov Dec
2012: Jan Feb Mar Apr May Jun Jul Aug Sep Oct Nov Dec
2011: Jan Feb Mar Apr May Jun Jul Aug Sep Oct Nov Dec
2010: Jan Feb Mar Apr May Jun Jul Aug Sep Oct Nov Dec
2009: Jan Feb Mar Apr May Jun Jul Aug Sep Oct Nov Dec
2008: Jan Feb Mar Apr May Jun Jul Aug Sep Oct Nov Dec
2007: Jan Feb Mar Apr May Jun Jul Aug Sep Oct Nov Dec
2006: Jan Feb Mar Apr May Jun Jul Aug Sep Oct Nov Dec
2005: Jan Feb Mar Apr May Jun Jul Aug Sep Oct Nov Dec
2004: Jan Feb Mar Apr May Jun Jul Aug Sep Oct Nov Dec

Report for 2013 May

Daily NOAA report



                            MONTHLY CLIMATOLOGICAL SUMMARY for MAY. 2013

NAME: De Pere Weather   CITY: De Pere STATE: Wisconsin
ELEV: 512 LAT: 044:26:02 LONG: 0088:03:01

                            TEMPERATURE ( °F), RAIN (in.), WIND SPEED (mph)

                                               HEAT     COOL           AVG
      MEAN                                     DEG      DEG            WIND                       DOM
DAY   TEMP    HIGH   TIME     LOW    TIME      DAYS     DAYS    RAIN   SPEED    HIGH    TIME      DIR
--------------------------------------------------------------------------------------------------------
01    64.0   074.5   12:38    47.7   00:00     01.0     00.0   00.00   04.7     20.7    23:53     NNE
02    44.6   055.1   12:40    36.3   23:30     20.4     00.0   00.46   06.9     24.1    03:09     NNE
03    41.0   047.0   16:24    35.8   01:26     24.0     00.0   00.68   05.8     25.3    08:36      NE
04    52.7   066.1   14:59    40.9   05:50     12.3     00.0   00.01   03.6     16.1    14:06     NNE
05    54.7   067.9   16:35    41.8   05:50     10.2     00.0   00.00   03.1     12.7    08:09     NNE
06    57.9   073.7   14:48    44.5   06:19     07.1     00.0   00.00   02.3     13.8    06:44     NNE
07    62.5   079.8   14:12    42.2   06:07     02.5     00.0   00.00   00.8     10.3    13:17      NE
08    64.0   082.6   14:34    43.9   06:13     00.9     00.0   00.00   01.0     12.7    16:40     SSE
09    55.4   069.9   09:03    41.8   23:57     09.6     00.0   00.25   02.9     25.3    23:24      NE
10    43.5   052.0   18:47    38.2   23:33     21.4     00.0   00.21   05.0     25.3    02:38      NE
11    44.2   053.6   14:33    37.3   02:56     20.7     00.0   00.10   06.2     33.4    10:04      NW
12    42.2   053.5   14:47    33.5   05:50     22.7     00.0   00.00   06.0     26.4    13:45     NNW
13    44.8   059.0   14:40    29.3   06:07     20.1     00.0   00.00   03.3     19.6    22:46     SSW
14    60.0   075.5   13:07    44.5   00:01     04.9     00.0   00.00   03.4     20.7    16:50     SSE
15    69.3   078.5   12:50    58.7   00:00     00.0     04.3   00.00   05.5     24.1    01:45     WNW
16    61.1   072.3   12:14    50.4   05:56     03.9     00.0   00.00   02.3     16.1    17:05     ESE
17    50.8   052.8   15:25    48.6   06:45     14.2     00.0   00.17   01.0     13.8    13:12      E 
18    62.0   073.5   15:36    51.3   00:10     03.0     00.0   00.00   02.0     16.1    18:41      SE
19    69.1   081.4   11:13    55.6   05:46     00.0     04.2   00.00   02.7     19.6    15:54     SSE
20    72.3   084.9   14:45    59.3   01:31     00.0     07.4   00.07   04.1     27.6    11:23     SSW
21    71.7   083.2   13:31    62.1   06:35     00.0     06.7   00.11   04.2     27.6    14:37      SW
22    56.7   064.7   00:01    52.6   22:44     08.2     00.0   00.13   02.9     24.1    23:54     NNE
23    49.9   058.3   15:22    42.3   23:13     15.0     00.0   00.08   05.7     31.1    02:18     NNE
24    50.4   061.0   16:45    37.3   06:00     14.6     00.0   00.00   01.9     17.3    13:36     NNE
25    52.9   065.9   14:38    39.6   06:01     12.1     00.0   00.00   01.2     11.5    16:47     ESE
26    54.3   066.7   13:04    39.2   05:18     10.6     00.0   00.00   01.7     16.1    10:30     ESE
27    54.5   060.7   12:20    45.5   02:45     10.4     00.0   00.01   02.3     18.4    16:19     ESE
28    54.7   059.3   17:03    51.1   04:04     10.2     00.0   00.07   00.9     10.3    12:00     ENE
29    67.7   083.1   17:02    55.6   02:04     00.0     02.7   00.00   02.4     20.7    13:05     SSW
30    74.4   087.8   14:22    62.1   05:39     00.0     09.5   00.22   03.7     28.8    22:06      S 
31    71.6   081.2   13:28    64.8   06:16     00.0     06.6   00.01   04.4     26.4    08:28     SSW
--------------------------------------------------------------------------------------------------------
57.3 (57.4)   87.8  day 30     29.3  day 13   279.8    041.4   00.08   03.4     33.4   day 11      NE
Max >=  86: 1
Min  .008in) 9 (> .08in) 0 (> 0.8in)