NOAA-Style Climate Reports

Select a Year or Month report
2018: Jan Feb Mar Apr May Jun Jul Aug Sep Oct Nov Dec
2017: Jan Feb Mar Apr May Jun Jul Aug Sep Oct Nov Dec
2016: Jan Feb Mar Apr May Jun Jul Aug Sep Oct Nov Dec
2015: Jan Feb Mar Apr May Jun Jul Aug Sep Oct Nov Dec
2014: Jan Feb Mar Apr May Jun Jul Aug Sep Oct Nov Dec
2013: Jan Feb Mar Apr May Jun Jul Aug Sep Oct Nov Dec
2012: Jan Feb Mar Apr May Jun Jul Aug Sep Oct Nov Dec
2011: Jan Feb Mar Apr May Jun Jul Aug Sep Oct Nov Dec
2010: Jan Feb Mar Apr May Jun Jul Aug Sep Oct Nov Dec
2009: Jan Feb Mar Apr May Jun Jul Aug Sep Oct Nov Dec
2008: Jan Feb Mar Apr May Jun Jul Aug Sep Oct Nov Dec
2007: Jan Feb Mar Apr May Jun Jul Aug Sep Oct Nov Dec
2006: Jan Feb Mar Apr May Jun Jul Aug Sep Oct Nov Dec
2005: Jan Feb Mar Apr May Jun Jul Aug Sep Oct Nov Dec
2004: Jan Feb Mar Apr May Jun Jul Aug Sep Oct Nov Dec

Report for 2014

Daily NOAA report



                            YEARLY CLIMATOLOGICAL SUMMARY for Dec 2014

NAME: De Pere Weather   CITY: De Pere STATE: Wisconsin
ELEV: 512 LAT: 044:26:02 LONG: 0088:03:01

                            TEMPERATURE ( °F), RAIN (in.), WIND SPEED (mph)

                                                 HEAT     COOL           AVG
      MEAN                                       DEG      DEG            WIND                        DOM
MTH   TEMP    HIGH   TIME      LOW     TIME      DAYS     DAYS   RAIN    SPEED    HIGH    TIME       DIR
--------------------------------------------------------------------------------------------------------
01    11.3   039.9   12:38   -16.9   07:44    1662.7    0000.0   00.00    05.6     36.8    23:56      W 
02    12.4   042.3   14:25   -11.7   06:12    1471.4    0000.0   00.00    05.0     40.3    23:59      W 
03    25.9   055.9   15:32   -13.8   05:48    1210.0    0000.0   00.00    04.6     34.5    23:57      W 
04    42.5   069.8   15:13    18.4   06:31    0671.9    0000.0   02.77    04.6     34.5    23:57      W 
05    57.8   089.3   14:51    31.5   05:59    0247.6    0026.5   02.74    03.3     34.5    23:55      W 
06    67.7   088.4   14:31    44.9   05:18    0023.4    0106.9   05.27    02.6     33.4    23:53      W 
07    69.0   094.7   15:09    49.1   06:08    0012.0    0138.2   01.16    02.8     33.4    23:57      W 
08    69.0   088.8   14:49    48.9   06:48    0011.5    0137.2   04.99    01.4     26.4    23:51      W 
09    59.0   082.2   14:50    38.6   06:37    0177.0    0016.9   03.02    02.1     35.6    23:54      W 
10    48.5   069.8   15:32    29.4   04:47    0510.4    0000.0   00.00    03.3     36.8    23:53      W 
11    29.5   055.0   04:43    03.7   23:18    1059.2    0000.0   00.00    04.8     32.2    23:57      W 
12    27.4   047.3   12:11   -00.8   08:02    1164.2    0000.0   00.00    03.5     34.5    23:57      W 
--------------------------------------------------------------------------------------------------------
      43.2    94.7            -16.9            8221.2     425.7   19.96     3.7     40.3               W 

Max >=  90.0: 11
Max