NOAA-Style Climate Reports

Select a Year or Month report
2018: Jan Feb Mar Apr May Jun Jul Aug Sep Oct Nov Dec
2017: Jan Feb Mar Apr May Jun Jul Aug Sep Oct Nov Dec
2016: Jan Feb Mar Apr May Jun Jul Aug Sep Oct Nov Dec
2015: Jan Feb Mar Apr May Jun Jul Aug Sep Oct Nov Dec
2014: Jan Feb Mar Apr May Jun Jul Aug Sep Oct Nov Dec
2013: Jan Feb Mar Apr May Jun Jul Aug Sep Oct Nov Dec
2012: Jan Feb Mar Apr May Jun Jul Aug Sep Oct Nov Dec
2011: Jan Feb Mar Apr May Jun Jul Aug Sep Oct Nov Dec
2010: Jan Feb Mar Apr May Jun Jul Aug Sep Oct Nov Dec
2009: Jan Feb Mar Apr May Jun Jul Aug Sep Oct Nov Dec
2008: Jan Feb Mar Apr May Jun Jul Aug Sep Oct Nov Dec
2007: Jan Feb Mar Apr May Jun Jul Aug Sep Oct Nov Dec
2006: Jan Feb Mar Apr May Jun Jul Aug Sep Oct Nov Dec
2005: Jan Feb Mar Apr May Jun Jul Aug Sep Oct Nov Dec
2004: Jan Feb Mar Apr May Jun Jul Aug Sep Oct Nov Dec

Report for 2014 February

Daily NOAA report



                            MONTHLY CLIMATOLOGICAL SUMMARY for FEB. 2014

NAME: De Pere Weather   CITY: De Pere STATE: Wisconsin
ELEV: 512 LAT: 044:26:02 LONG: 0088:03:01

                            TEMPERATURE ( °F), RAIN (in.), WIND SPEED (mph)

                                               HEAT     COOL           AVG
      MEAN                                     DEG      DEG            WIND                       DOM
DAY   TEMP    HIGH   TIME     LOW    TIME      DAYS     DAYS    RAIN   SPEED    HIGH    TIME      DIR
--------------------------------------------------------------------------------------------------------
01    07.2   015.1   13:58   -03.7   01:24     57.8     00.0   00.00   01.4     08.1    21:08     WSW
02    06.5   019.9   11:32   -03.3   00:00     58.5     00.0   00.00   03.1     13.8    13:48     WSW
03    06.7   019.7   14:23   -07.5   05:30     58.2     00.0   00.00   04.0     18.4    16:35      SW
04    11.4   021.3   12:14   -00.0   07:14     53.6     00.0   00.00   01.9     21.9    23:38      N 
05    12.8   016.1   14:14    06.1   00:00     52.2     00.0   00.00   06.0     28.8    02:49      N 
06    03.1   009.2   13:56   -03.9   07:45     61.9     00.0   00.00   06.3     25.3    15:09      W 
07    04.8   015.2   14:30   -04.1   05:46     60.1     00.0   00.00   08.3     26.4    12:45     WSW
08    08.2   019.2   11:42   -03.5   07:06     56.7     00.0   00.00   03.2     13.8    13:18      SW
09    13.1   025.8   11:43    02.0   00:00     51.9     00.0   00.00   03.9     17.3    15:17     WNW
10    02.4   011.7   11:42   -05.6   07:08     62.5     00.0   00.00   03.5     17.3    13:23     WNW
11    02.0   013.6   13:36   -11.0   07:08     62.9     00.0   00.00   03.0     20.7    23:27      SW
12    09.6   017.3   15:15    02.8   00:00     55.4     00.0   00.00   04.6     18.4    06:58      SW
13    18.4   025.8   20:25    01.3   01:14     46.6     00.0   00.00   03.3     20.7    09:49     SSW
14    17.0   027.5   13:56    04.7   00:00     48.0     00.0   00.00   05.2     19.6    03:09     NNW
15    10.2   020.3   13:44   -05.6   07:10     54.7     00.0   00.00   01.2     09.2    12:45      SW
16    14.4   023.6   14:09    04.5   21:48     50.6     00.0   00.00   02.5     17.3    09:31     NNE
17    18.1   025.4   10:09    04.5   03:38     46.8     00.0   00.00   03.8     26.4    09:03      SE
18    23.8   035.0   14:20    09.5   04:21     41.2     00.0   00.00   02.0     20.7    13:09      S 
19    32.8   042.3   14:25    22.2   06:41     32.2     00.0   00.00   03.8     13.8    12:08      SW
20    34.1   039.9   22:18    28.1   03:18     30.9     00.0   00.00   05.1     34.5    23:50     ESE
21    24.4   036.0   00:01    18.1   00:00     40.6     00.0   00.00   14.0     40.3    05:06     WSW
22    18.9   027.5   13:30    12.1   00:00     46.1     00.0   00.00   09.7     29.9    00:44      W 
23    13.8   023.3   14:02    04.8   07:20     51.1     00.0   00.00   08.8     28.8    16:04      W 
24    11.7   019.1   13:47    05.2   07:12     53.2     00.0   00.00   06.6     19.6    13:37     WNW
25    08.5   016.9   10:56    00.1   00:00     56.4     00.0   00.00   07.6     25.3    16:35     WNW
26    03.9   011.9   14:30   -06.5   06:58     61.1     00.0   00.00   08.6     34.5    14:34      W 
27    02.9   010.2   14:07   -06.5   23:29     62.0     00.0   00.00   06.5     29.9    02:02      NW
28    06.5   018.1   12:56   -11.7   06:12     58.5     00.0   00.00   02.7     21.9    13:53     SSW
--------------------------------------------------------------------------------------------------------
12.4 (11.8)   42.3  day 19    -11.7  day 28   1471.4    000.0   00.00   05.0     40.3   day 21      W 
Max