NOAA-Style Climate Reports

Select a Year or Month report
2018: Jan Feb Mar Apr May Jun Jul Aug Sep Oct Nov Dec
2017: Jan Feb Mar Apr May Jun Jul Aug Sep Oct Nov Dec
2016: Jan Feb Mar Apr May Jun Jul Aug Sep Oct Nov Dec
2015: Jan Feb Mar Apr May Jun Jul Aug Sep Oct Nov Dec
2014: Jan Feb Mar Apr May Jun Jul Aug Sep Oct Nov Dec
2013: Jan Feb Mar Apr May Jun Jul Aug Sep Oct Nov Dec
2012: Jan Feb Mar Apr May Jun Jul Aug Sep Oct Nov Dec
2011: Jan Feb Mar Apr May Jun Jul Aug Sep Oct Nov Dec
2010: Jan Feb Mar Apr May Jun Jul Aug Sep Oct Nov Dec
2009: Jan Feb Mar Apr May Jun Jul Aug Sep Oct Nov Dec
2008: Jan Feb Mar Apr May Jun Jul Aug Sep Oct Nov Dec
2007: Jan Feb Mar Apr May Jun Jul Aug Sep Oct Nov Dec
2006: Jan Feb Mar Apr May Jun Jul Aug Sep Oct Nov Dec
2005: Jan Feb Mar Apr May Jun Jul Aug Sep Oct Nov Dec
2004: Jan Feb Mar Apr May Jun Jul Aug Sep Oct Nov Dec

Report for 2014 April

Daily NOAA report



                            MONTHLY CLIMATOLOGICAL SUMMARY for APR. 2014

NAME: De Pere Weather   CITY: De Pere STATE: Wisconsin
ELEV: 512 LAT: 044:26:02 LONG: 0088:03:01

                            TEMPERATURE ( °F), RAIN (in.), WIND SPEED (mph)

                                               HEAT     COOL           AVG
      MEAN                                     DEG      DEG            WIND                       DOM
DAY   TEMP    HIGH   TIME     LOW    TIME      DAYS     DAYS    RAIN   SPEED    HIGH    TIME      DIR
--------------------------------------------------------------------------------------------------------
01    34.8   047.4   00:01    29.1   22:05     30.2     00.0   00.00   10.2     31.1    15:48     WSW
02    34.5   046.1   15:01    24.7   06:45     30.5     00.0   00.00   03.0     12.7    18:11      NE
03    33.6   036.8   15:15    30.3   07:20     31.4     00.0   00.00   04.1     18.4    17:36     ENE
04    33.8   038.0   14:45    30.0   21:55     31.1     00.0   00.00   05.8     29.9    18:22      N 
05    39.2   053.5   14:09    25.3   07:06     25.7     00.0   00.00   04.1     20.7    15:03      W 
06    46.3   060.7   15:19    33.7   00:16     18.6     00.0   00.00   05.6     27.6    12:57     SSW
07    48.5   069.8   15:13    36.5   06:46     16.5     00.0   00.01   01.6     12.7    23:53     WSW
08    47.4   060.1   14:11    38.3   00:00     17.5     00.0   00.00   02.4     16.1    14:34      N 
09    47.6   059.0   15:32    31.2   05:16     17.4     00.0   00.00   06.1     31.1    00:00      SW
10    54.2   064.7   14:26    39.3   00:00     10.7     00.0   00.00   08.5     34.5    00:53      W 
11    46.4   061.5   12:50    37.2   01:03     18.6     00.0   00.00   02.7     21.9    13:42      W 
12    40.9   047.0   07:59    36.6   00:00     24.0     00.0   00.60   02.5     19.6    13:02     ENE
13    41.7   050.0   14:14    36.0   05:41     23.2     00.0   00.76   03.8     27.6    21:57      NE
14    31.6   037.2   01:16    24.1   00:00     33.3     00.0   00.44   07.8     32.2    02:37      N 
15    27.8   036.2   11:41    18.4   06:31     37.2     00.0   00.07   04.1     19.6    17:05     WNW
16    33.2   039.9   21:08    22.7   02:40     31.7     00.0   00.00   05.2     29.9    14:03      SE
17    43.5   055.5   12:44    34.3   04:46     21.4     00.0   00.04   05.8     28.8    04:01     SSE
18    41.5   052.2   14:38    33.2   00:00     23.4     00.0   00.00   02.4     13.8    11:22      N 
19    43.6   055.6   16:34    31.5   06:02     21.3     00.0   00.00   05.4     21.9    14:09     SSE
20    53.7   059.5   16:58    48.8   09:54     11.2     00.0   00.04   02.1     21.9    00:42     SSW
21    57.8   069.3   17:21    48.0   00:00     07.1     00.0   00.02   03.3     25.3    22:59     WNW
22    45.2   053.3   14:37    37.2   06:20     19.7     00.0   00.00   07.0     25.3    14:42     NNW
23    42.2   053.1   16:31    28.1   06:35     22.7     00.0   00.00   02.0     12.7    11:56      NE
24    41.2   043.1   15:54    39.9   22:12     23.7     00.0   00.26   02.8     24.1    16:03      E 
25    49.8   063.5   14:03    39.5   04:03     15.1     00.0   00.00   06.5     34.5    17:41     WNW
26    41.3   051.6   14:49    33.5   06:31     23.6     00.0   00.00   04.4     17.3    11:37     NNE
27    41.4   046.2   17:26    35.8   06:21     23.6     00.0   00.01   05.4     21.9    16:21      E 
28    44.3   051.1   12:31    40.1   23:36     20.6     00.0   00.14   05.2     20.7    12:23     ENE
29    41.0   045.8   15:12    38.0   07:38     24.0     00.0   00.34   03.7     18.4    02:02      NE
30    48.2   056.3   09:30    39.6   00:05     16.8     00.0   00.04   02.9     18.4    10:07      S 
--------------------------------------------------------------------------------------------------------
42.5 (43.1)   69.8  day 07     18.4  day 15   671.9    000.0   02.77   04.6     34.5   day 25     NNW
Min  .08in) 0 (> 0.8in)