NOAA-Style Climate Reports

Select a Year or Month report
2020: Jan Feb Mar Apr May Jun Jul Aug Sep Oct Nov Dec
2019: Jan Feb Mar Apr May Jun Jul Aug Sep Oct Nov Dec
2018: Jan Feb Mar Apr May Jun Jul Aug Sep Oct Nov Dec
2017: Jan Feb Mar Apr May Jun Jul Aug Sep Oct Nov Dec
2016: Jan Feb Mar Apr May Jun Jul Aug Sep Oct Nov Dec
2015: Jan Feb Mar Apr May Jun Jul Aug Sep Oct Nov Dec
2014: Jan Feb Mar Apr May Jun Jul Aug Sep Oct Nov Dec
2013: Jan Feb Mar Apr May Jun Jul Aug Sep Oct Nov Dec
2012: Jan Feb Mar Apr May Jun Jul Aug Sep Oct Nov Dec
2011: Jan Feb Mar Apr May Jun Jul Aug Sep Oct Nov Dec
2010: Jan Feb Mar Apr May Jun Jul Aug Sep Oct Nov Dec
2009: Jan Feb Mar Apr May Jun Jul Aug Sep Oct Nov Dec
2008: Jan Feb Mar Apr May Jun Jul Aug Sep Oct Nov Dec
2007: Jan Feb Mar Apr May Jun Jul Aug Sep Oct Nov Dec
2006: Jan Feb Mar Apr May Jun Jul Aug Sep Oct Nov Dec
2005: Jan Feb Mar Apr May Jun Jul Aug Sep Oct Nov Dec
2004: Jan Feb Mar Apr May Jun Jul Aug Sep Oct Nov Dec

Report for 2014 August


Daily NOAA report







                            MONTHLY CLIMATOLOGICAL SUMMARY for AUG. 2014



NAME: De Pere Weather   CITY: De Pere STATE: Wisconsin

ELEV: 512 LAT: 044:26:02 LONG: 0088:03:01



                            TEMPERATURE ( °F), RAIN (in.), WIND SPEED (mph)



                                               HEAT     COOL           AVG

      MEAN                                     DEG      DEG            WIND                       DOM

DAY   TEMP    HIGH   TIME     LOW    TIME      DAYS     DAYS    RAIN   SPEED    HIGH    TIME      DIR

--------------------------------------------------------------------------------------------------------

01    71.0   084.7   14:53    58.6   05:58     00.0     06.1   00.01   00.9     11.5    15:28      W 

02    70.2   084.3   15:02    58.7   06:34     00.0     05.3   00.00   00.7     11.5    16:51      NW

03    73.3   088.8   14:49    61.6   06:21     00.0     08.4   00.02   02.2     19.6    22:56     WSW

04    67.7   076.0   12:06    62.6   07:14     00.0     02.8   00.00   00.7     10.3    12:07      E 

05    70.5   081.7   13:48    59.5   06:37     00.0     05.5   00.00   01.1     12.7    14:27      NE

06    70.7   085.9   14:02    57.5   03:51     00.0     05.7   00.00   01.2     11.5    15:31     ENE

07    69.5   084.3   12:09    54.2   06:32     00.0     04.6   00.00   00.8     11.5    16:42     ESE

08    70.5   085.7   11:39    56.0   05:15     00.0     05.6   00.00   00.6     11.5    16:44      E 

09    71.2   083.5   12:04    58.4   06:12     00.0     06.2   00.00   00.9     13.8    14:29     ESE

10    71.7   084.5   14:34    58.9   06:55     00.0     06.7   00.00   00.5     11.5    16:38     ESE

11    70.4   082.2   14:02    61.5   00:00     00.0     05.4   00.69   01.4     19.6    21:19      NE

12    61.2   072.0   18:22    55.9   08:15     03.7     00.0   00.95   03.2     19.6    09:03     NNW

13    67.1   080.7   12:37    54.1   01:24     00.0     02.2   00.00   01.3     14.9    17:33      N 

14    62.9   075.1   14:55    48.9   06:48     02.0     00.0   00.00   01.3     17.3    14:40     NNW

15    66.8   079.9   14:37    49.8   06:01     00.0     01.9   00.00   01.9     12.7    17:08     WSW

16    70.6   079.6   15:46    62.9   00:00     00.0     05.7   00.00   03.3     18.4    10:06      W 

17    62.1   067.9   17:13    55.6   00:00     02.9     00.0   00.00   01.2     13.8    06:50     NNE

18    63.5   077.2   15:06    53.6   03:40     01.5     00.0   02.12   01.5     19.6    21:23     SSE

19    69.0   080.3   15:28    63.5   00:41     00.0     04.1   00.52   01.3     17.3    16:34      W 

20    67.1   074.9   16:53    60.9   06:05     00.0     02.2   00.00   00.7     10.3    16:23     NNW

21    66.3   071.3   09:19    60.1   05:46     00.0     01.3   00.07   00.6     12.7    15:33      E 

22    72.9   084.7   15:56    65.5   05:21     00.0     08.0   00.00   00.5     11.5    17:30     ESE

23    71.9   079.6   11:42    66.4   06:08     00.0     07.0   00.13   00.5     13.8    16:21      E 

24    72.7   082.4   14:07    66.9   06:48     00.0     07.8   00.00   02.7     20.7    12:03      SE

25    75.0   084.7   15:03    68.4   09:13     00.0     10.0   00.05   02.8     21.9    13:56     SSW

26    70.5   077.7   14:52    62.3   23:16     00.0     05.6   00.00   02.3     17.3    10:17     WNW

27    66.7   076.5   12:14    58.9   23:59     00.0     01.8   00.00   00.8     12.7    13:18      NE

28    63.5   071.5   13:52    57.2   07:01     01.4     00.0   00.00   00.9     11.5    17:02      SE

29    72.1   088.0   15:24    61.2   04:31     00.0     07.1   00.34   02.1     26.4    12:27     SSE

30    72.1   080.9   14:36    65.6   00:00     00.0     07.1   00.08   02.4     19.6    11:26     WNW

31    68.1   078.5   15:20    63.1   07:06     00.0     03.1   00.00   01.4     14.9    17:27     ESE

--------------------------------------------------------------------------------------------------------

69.0 (69.9)   88.8  day 03     48.9  day 14   011.5    137.2   04.99   01.4     26.5   day 25     ENE

Max >=  86: 2

Min  .008in) 6 (> .08in) 2 (> 0.8in)