NOAA-Style Climate Reports

Select a Year or Month report
2018: Jan Feb Mar Apr May Jun Jul Aug Sep Oct Nov Dec
2017: Jan Feb Mar Apr May Jun Jul Aug Sep Oct Nov Dec
2016: Jan Feb Mar Apr May Jun Jul Aug Sep Oct Nov Dec
2015: Jan Feb Mar Apr May Jun Jul Aug Sep Oct Nov Dec
2014: Jan Feb Mar Apr May Jun Jul Aug Sep Oct Nov Dec
2013: Jan Feb Mar Apr May Jun Jul Aug Sep Oct Nov Dec
2012: Jan Feb Mar Apr May Jun Jul Aug Sep Oct Nov Dec
2011: Jan Feb Mar Apr May Jun Jul Aug Sep Oct Nov Dec
2010: Jan Feb Mar Apr May Jun Jul Aug Sep Oct Nov Dec
2009: Jan Feb Mar Apr May Jun Jul Aug Sep Oct Nov Dec
2008: Jan Feb Mar Apr May Jun Jul Aug Sep Oct Nov Dec
2007: Jan Feb Mar Apr May Jun Jul Aug Sep Oct Nov Dec
2006: Jan Feb Mar Apr May Jun Jul Aug Sep Oct Nov Dec
2005: Jan Feb Mar Apr May Jun Jul Aug Sep Oct Nov Dec
2004: Jan Feb Mar Apr May Jun Jul Aug Sep Oct Nov Dec

Report for 2015 June

Daily NOAA report



                            MONTHLY CLIMATOLOGICAL SUMMARY for JUN. 2015

NAME: De Pere Weather   CITY: De Pere STATE: Wisconsin
ELEV: 512 LAT: 044:26:02 LONG: 0088:03:01

                            TEMPERATURE ( °F), RAIN (in.), WIND SPEED (mph)

                                               HEAT     COOL           AVG
      MEAN                                     DEG      DEG            WIND                       DOM
DAY   TEMP    HIGH   TIME     LOW    TIME      DAYS     DAYS    RAIN   SPEED    HIGH    TIME      DIR
--------------------------------------------------------------------------------------------------------
01    53.9   068.6   14:06    38.3   05:56     11.1     00.0   00.00   01.8     10.3    13:34      E 
02    57.7   073.9   13:39    37.2   05:17     07.2     00.0   00.00   02.1     11.5    17:17      SE
03    63.6   076.8   13:23    49.5   04:30     01.4     00.0   00.00   03.3     16.1    13:32      SE
04    67.3   073.4   16:55    60.1   23:35     00.0     02.3   00.00   03.5     12.7    12:49     SSW
05    62.9   072.3   16:48    50.0   23:54     02.1     00.0   00.00   02.9     12.7    14:43     NNE
06    59.8   075.0   14:30    44.1   04:34     05.1     00.0   00.00   02.4     12.7    18:46     ESE
07    68.3   082.0   17:12    57.0   04:49     00.0     03.4   00.35   03.3     16.1    16:23     SSW
08    66.8   081.1   12:59    57.9   23:34     00.0     01.8   00.12   02.0     13.8    13:14     WSW
09    69.5   084.6   17:02    54.0   05:35     00.0     04.6   00.00   02.2     09.2    19:02     SSW
10    73.1   084.0   15:45    58.1   23:53     00.0     08.2   00.00   03.8     16.1    10:48      W 
11    60.7   069.1   08:56    54.9   00:00     04.3     00.0   00.52   01.0     06.9    14:19      NE
12    61.2   072.3   14:50    54.0   01:54     03.7     00.0   00.46   02.5     12.7    12:41     NNE
13    59.7   064.0   12:18    52.9   01:37     05.3     00.0   00.01   01.4     08.1    08:51     ESE
14    70.2   083.0   16:38    61.2   01:35     00.0     05.2   00.00   01.1     08.1    16:31     SSE
15    69.0   083.1   13:28    62.2   00:00     00.0     04.1   00.77   01.2     09.2    16:26     WSW
16    63.7   075.7   14:22    54.0   05:46     01.2     00.0   00.00   02.4     10.3    09:47      N 
17    66.6   085.6   16:03    50.2   04:45     00.0     01.7   00.00   01.5     06.9    15:39     ESE
18    68.1   080.3   14:04    54.9   00:00     00.0     03.2   00.00   02.2     12.7    12:28      NE
19    61.9   077.1   16:08    44.6   05:08     03.0     00.0   00.00   01.8     10.3    10:42     ESE
20    63.6   077.8   17:32    47.3   04:12     01.4     00.0   00.00   01.5     13.8    10:34      SE
21    72.2   086.0   14:33    57.7   05:52     00.0     07.2   00.00   02.4     14.9    14:14     WSW
22    75.0   085.1   17:35    63.5   09:00     00.0     10.0   00.53   05.3     20.7    14:53      SW
23    70.9   084.0   15:12    58.8   06:05     00.0     05.9   00.00   04.1     14.9    13:46      W 
24    71.7   089.7   14:30    57.2   04:23     00.0     06.8   00.00   02.3     11.5    13:16     SSW
25    68.8   079.1   13:44    58.6   04:47     00.0     03.8   00.00   02.2     11.5    15:04      N 
26    67.1   077.5   14:14    56.8   04:16     00.0     02.2   00.00   01.6     08.1    17:21     NNE
27    68.0   081.5   15:01    51.6   05:27     00.0     03.1   00.00   01.4     08.1    13:31      N 
28    69.0   083.3   12:39    52.9   04:48     00.0     04.1   00.00   02.4     12.7    13:08     SSW
29    67.8   081.5   14:14    55.9   05:32     00.0     02.9   00.48   01.5     10.3    16:13     SSE
30    64.2   071.1   16:13    54.3   23:38     00.7     00.0   00.00   03.3     12.7    20:30      NW
--------------------------------------------------------------------------------------------------------
66.1 (66.1)   89.7  day 24     37.2  day 02   046.4    080.5   03.24   02.3     20.7   day 22      S 
Max >=  86: 1
Min  .008in) 7 (> .08in) 0 (> 0.8in)