NOAA-Style Climate Reports

Select a Year or Month report
2018: Jan Feb Mar Apr May Jun Jul Aug Sep Oct Nov Dec
2017: Jan Feb Mar Apr May Jun Jul Aug Sep Oct Nov Dec
2016: Jan Feb Mar Apr May Jun Jul Aug Sep Oct Nov Dec
2015: Jan Feb Mar Apr May Jun Jul Aug Sep Oct Nov Dec
2014: Jan Feb Mar Apr May Jun Jul Aug Sep Oct Nov Dec
2013: Jan Feb Mar Apr May Jun Jul Aug Sep Oct Nov Dec
2012: Jan Feb Mar Apr May Jun Jul Aug Sep Oct Nov Dec
2011: Jan Feb Mar Apr May Jun Jul Aug Sep Oct Nov Dec
2010: Jan Feb Mar Apr May Jun Jul Aug Sep Oct Nov Dec
2009: Jan Feb Mar Apr May Jun Jul Aug Sep Oct Nov Dec
2008: Jan Feb Mar Apr May Jun Jul Aug Sep Oct Nov Dec
2007: Jan Feb Mar Apr May Jun Jul Aug Sep Oct Nov Dec
2006: Jan Feb Mar Apr May Jun Jul Aug Sep Oct Nov Dec
2005: Jan Feb Mar Apr May Jun Jul Aug Sep Oct Nov Dec
2004: Jan Feb Mar Apr May Jun Jul Aug Sep Oct Nov Dec

Report for 2015 September

Daily NOAA report



                            MONTHLY CLIMATOLOGICAL SUMMARY for SEP. 2015

NAME: De Pere Weather   CITY: De Pere STATE: Wisconsin
ELEV: 512 LAT: 044:26:02 LONG: 0088:03:01

                            TEMPERATURE ( °F), RAIN (in.), WIND SPEED (mph)

                                               HEAT     COOL           AVG
      MEAN                                     DEG      DEG            WIND                       DOM
DAY   TEMP    HIGH   TIME     LOW    TIME      DAYS     DAYS    RAIN   SPEED    HIGH    TIME      DIR
--------------------------------------------------------------------------------------------------------
01    77.4   090.3   14:36    65.3   06:16     00.0     12.5   00.00   02.2     13.8    16:49      S 
02    78.7   091.0   13:35    69.6   23:33     00.0     13.7   00.04   02.7     12.7    16:37      S 
03    71.2   079.9   15:16    64.2   22:35     00.0     06.2   00.04   02.3     10.3    15:26      NW
04    70.7   081.0   13:58    63.7   23:52     00.0     05.7   00.00   01.8     08.1    18:19      N 
05    73.8   089.0   16:18    61.3   02:47     00.0     08.9   00.00   01.6     09.2    15:26      SE
06    79.4   091.0   14:33    70.3   00:00     00.0     14.5   00.03   04.0     16.1    16:34      S 
07    73.3   079.4   15:35    68.9   04:36     00.0     08.4   01.13   01.7     17.3    01:29      S 
08    68.9   072.9   16:02    63.0   00:00     00.0     03.9   01.78   01.4     10.3    13:31     NNW
09    66.7   078.0   14:40    52.0   07:00     00.0     01.8   00.00   02.2     11.5    17:13     SSW
10    65.4   074.7   16:25    59.4   21:04     00.0     00.5   00.00   02.4     10.3    21:29      W 
11    57.4   063.7   12:29    49.3   07:00     07.5     00.0   00.17   03.0     11.5    13:48      NW
12    54.0   067.8   15:05    41.5   06:45     11.0     00.0   00.00   01.7     10.3    14:07     NNW
13    57.3   072.9   15:44    42.3   05:35     07.7     00.0   00.00   02.0     10.3    17:33     SSW
14    66.1   082.2   15:40    52.3   06:16     00.0     01.2   00.00   02.6     12.7    14:56     SSE
15    73.5   086.8   15:08    66.2   06:54     00.0     08.5   00.00   04.2     13.8    15:37      S 
16    73.7   084.9   15:04    64.9   07:44     00.0     08.8   00.00   04.5     19.6    15:39     SSE
17    72.7   083.9   12:40    65.7   07:15     00.0     07.8   00.21   03.5     18.4    14:06      S 
18    66.2   075.9   14:16    59.7   00:00     00.0     01.3   00.31   02.0     09.2    23:57      E 
19    60.0   071.1   15:28    49.6   00:00     05.0     00.0   00.71   03.6     17.3    12:47     WNW
20    59.6   072.9   14:43    48.9   06:13     05.4     00.0   00.00   02.2     10.3    13:38      S 
21    61.1   076.1   14:52    47.7   04:58     03.9     00.0   00.00   02.7     13.8    17:36     SSE
22    65.2   080.2   16:08    51.4   01:20     00.0     00.3   00.00   02.0     10.3    14:46      S 
23    64.6   076.1   14:28    56.8   03:13     00.3     00.0   00.00   01.4     09.2    14:33      N 
24    64.4   075.8   12:22    54.0   06:35     00.6     00.0   00.00   01.2     08.1    12:23     ESE
25    65.6   077.2   14:56    57.2   05:37     00.0     00.6   00.00   01.2     09.2    13:32      N 
26    64.4   077.3   14:34    55.4   07:10     00.6     00.0   00.10   01.4     10.3    14:59     ESE
27    63.7   077.4   12:36    52.2   05:55     01.2     00.0   00.10   02.1     10.3    17:19     SSE
28    68.8   081.7   16:24    62.6   07:36     00.0     03.9   00.12   03.0     16.1    13:51     SSW
29    55.7   063.3   00:20    42.9   22:40     09.2     00.0   00.00   02.8     14.9    12:49      N 
30    49.7   062.8   12:29    40.3   03:05     15.3     00.0   00.18   02.5     12.7    15:46      N 
--------------------------------------------------------------------------------------------------------
66.3 (67.3)   91.0  day 02     40.3  day 30   067.5    108.4   04.92   02.4     19.6   day 06      S 
Max >=  86: 5
Min  .008in) 10 (> .08in) 2 (> 0.8in)