NOAA-Style Climate Reports

Select a Year or Month report
2020: Jan Feb Mar Apr May Jun Jul Aug Sep Oct Nov Dec
2019: Jan Feb Mar Apr May Jun Jul Aug Sep Oct Nov Dec
2018: Jan Feb Mar Apr May Jun Jul Aug Sep Oct Nov Dec
2017: Jan Feb Mar Apr May Jun Jul Aug Sep Oct Nov Dec
2016: Jan Feb Mar Apr May Jun Jul Aug Sep Oct Nov Dec
2015: Jan Feb Mar Apr May Jun Jul Aug Sep Oct Nov Dec
2014: Jan Feb Mar Apr May Jun Jul Aug Sep Oct Nov Dec
2013: Jan Feb Mar Apr May Jun Jul Aug Sep Oct Nov Dec
2012: Jan Feb Mar Apr May Jun Jul Aug Sep Oct Nov Dec
2011: Jan Feb Mar Apr May Jun Jul Aug Sep Oct Nov Dec
2010: Jan Feb Mar Apr May Jun Jul Aug Sep Oct Nov Dec
2009: Jan Feb Mar Apr May Jun Jul Aug Sep Oct Nov Dec
2008: Jan Feb Mar Apr May Jun Jul Aug Sep Oct Nov Dec
2007: Jan Feb Mar Apr May Jun Jul Aug Sep Oct Nov Dec
2006: Jan Feb Mar Apr May Jun Jul Aug Sep Oct Nov Dec
2005: Jan Feb Mar Apr May Jun Jul Aug Sep Oct Nov Dec
2004: Jan Feb Mar Apr May Jun Jul Aug Sep Oct Nov Dec

Report for 2015 November


Daily NOAA report







                            MONTHLY CLIMATOLOGICAL SUMMARY for NOV. 2015



NAME: De Pere Weather   CITY: De Pere STATE: Wisconsin

ELEV: 512 LAT: 044:26:02 LONG: 0088:03:01



                            TEMPERATURE ( °F), RAIN (in.), WIND SPEED (mph)



                                               HEAT     COOL           AVG

      MEAN                                     DEG      DEG            WIND                       DOM

DAY   TEMP    HIGH   TIME     LOW    TIME      DAYS     DAYS    RAIN   SPEED    HIGH    TIME      DIR

--------------------------------------------------------------------------------------------------------

01    48.9   056.1   15:08    44.2   19:04     16.1     00.0   00.01   04.7     16.1    13:39      SW

02    55.7   067.3   15:46    46.0   22:59     09.2     00.0   00.00   02.7     14.9    12:53     SSW

03    56.9   073.1   15:15    45.3   06:02     08.0     00.0   00.00   02.0     11.5    17:32     SSE

04    57.2   069.8   15:23    47.7   06:03     07.7     00.0   00.00   03.1     13.8    12:01      S 

05    63.8   071.1   12:51    56.1   06:22     01.1     00.0   00.28   06.1     20.7    13:19      S 

06    46.6   059.1   00:01    38.5   00:00     18.4     00.0   00.06   06.6     23.0    04:59     WSW

07    38.3   048.2   12:32    29.8   22:13     26.6     00.0   00.00   04.3     17.3    11:48     WSW

08    42.3   055.0   14:28    30.6   00:07     22.6     00.0   00.00   04.2     20.7    12:18      S 

09    42.9   055.1   13:24    31.6   00:00     22.1     00.0   00.00   02.9     13.8    13:35      S 

10    38.6   053.2   12:51    26.2   05:25     26.3     00.0   00.00   01.4     10.3    14:31      S 

11    47.9   059.4   13:10    36.3   00:11     17.0     00.0   00.14   04.4     26.4    21:52      SE

12    48.1   050.0   03:50    40.6   00:00     16.9     00.0   00.23   04.6     21.9    22:29     WSW

13    36.9   041.0   13:04    28.2   00:00     28.1     00.0   00.00   07.8     23.0    11:06      W 

14    38.3   051.1   13:38    22.9   06:08     26.6     00.0   00.00   03.3     16.1    14:21      S 

15    48.5   060.8   14:49    38.8   07:12     16.5     00.0   00.00   03.3     12.7    14:07     SSW

16    50.4   059.9   13:33    43.3   03:16     14.6     00.0   00.00   03.7     13.8    21:47      SE

17    50.9   054.1   12:15    47.7   00:34     14.0     00.0   00.59   08.6     32.2    17:29      SE

18    53.6   058.3   14:51    47.3   00:00     11.4     00.0   00.02   10.1     39.1    06:16     SSE

19    38.5   047.3   00:10    34.3   20:13     26.4     00.0   00.04   10.9     26.4    19:05      SW

20    33.1   037.8   12:44    28.4   07:12     31.8     00.0   00.00   06.0     20.7    09:24     WSW

21    27.9   031.1   00:11    19.9   00:00     37.0     00.0   00.00   04.2     14.9    20:57     WNW

22    22.5   029.2   12:14    14.4   07:02     42.4     00.0   00.00   03.7     16.1    11:53     SSE

23    31.9   039.6   15:04    22.1   00:37     33.0     00.0   00.00   02.9     10.3    21:52      SW

24    35.4   044.2   13:35    27.7   07:28     29.5     00.0   00.00   01.4     08.1    13:36     ESE

25    44.7   051.1   11:47    34.7   00:04     20.3     00.0   00.00   05.4     16.1    11:18     SSE

26    44.3   049.6   14:43    32.7   00:00     20.7     00.0   01.10   03.6     16.1    18:59     NNW

27    28.7   032.7   00:01    25.3   00:00     36.3     00.0   00.05   05.4     16.1    08:35     NNW

28    24.4   033.1   14:52    14.4   06:12     40.6     00.0   00.00   02.1     10.3    14:25     WSW

29    26.0   038.8   13:59    15.1   07:19     38.9     00.0   00.00   00.7     06.9    12:31      E 

30    33.9   039.7   12:09    26.8   02:15     31.1     00.0   00.05   01.9     10.3    19:42      E 

--------------------------------------------------------------------------------------------------------

41.9 (41.9)   73.1  day 03     14.4  day 28   691.2    000.0   02.65   04.4     39.1   day 18     SSW

Max  0.8in)